000
CXUS52 KMFL 011130
CF6HWO
PRELIMINARY LOCAL CLIMATOLOGICAL DATA (WS FORM: F-6)
STATION: NORTH PERRY ARPT
MONTH: JANUARY
YEAR: 2024
LATITUDE: 26 0 N
LONGITUDE: 80 14 W
TEMPERATURE IN F: :PCPN: SNOW: WIND :SUNSHINE: SKY :PK WND
================================================================================
1 2 3 4 5 6A 6B 7 8 9 10 11 12 13 14 15 16 17 18
12Z AVG MX 2MIN
DY MAX MIN AVG DEP HDD CDD WTR SNW DPTH SPD SPD DIR MIN PSBL S-S WX SPD DR
================================================================================
1 72 50 61 -8 4 0 0.00 0.0 0 3.5 10 260 M M 0 1 16 240
2 72 53 63 -6 2 0 0.00 0.0 0 5.9 17 350 M M 1 23 340
3 74 52 63 -6 2 0 0.00 0.0 0 5.0 16 150 M M 1 22 160
4 80 58 69 1 0 4 0.00 0.0 0 7.5 18 250 M M 4 23 240
5 77 59 68 0 0 3 T 0.0 0 12.3 21 110 M M 6 27 70
6 79 71 75 7 0 10 M 0.0 0 10.5 20 180 M M 5 29 190
7 72 60 66 -2 0 1 0.13 0.0 0 7.3 21 340 M M 6 28 330
8 74 59 67 -1 0 2 0.00 0.0 0 11.9 25 120 M M 5 33 120
9 80 71 76 8 0 11 0.01 0.0 0 16.5 28 180 M M 6 43 190
10 73 63 68 0 0 3 0.08 M M 5.0 16 310 M M 6 21 310
11 70 61 66 -2 0 1 0.42 M M 6.8 14 80 M M 9 1 18 80
12 88 70 79 11 0 14 0.03 M M 8.8 21 200 M M 6 29 190
13 85 65 75 7 0 10 T M M 11.2 24 240 M M 6 35 210
14 73 63 68 0 0 3 0.07 M M 9.6 18 90 M M 9 1 27 30
15 82 70 76 8 0 11 0.00 0.0 0 8.8 17 150 M M 6 24 160
16 86 70 78 10 0 13 0.06 0.0 0 7.6 22 250 M M 2 29 250
17 75 64 70 2 0 5 0.00 0.0 0 9.7 20 330 M M 8 25 330
18 81 66 74 6 0 9 0.00 0.0 0 7.1 17 120 M M 6 22 100
19 75 68 72 4 0 7 T 0.0 0 5.2 14 330 M M 7 17 340
20 75 56 66 -2 0 1 0.00 M M 10.0 16 20 M M 2 22 360
21 71 50 61 -7 4 0 0.00 M M 13.7 23 70 M M 3 31 70
22 74 65 70 2 0 5 T M M 16.7 24 100 M M 7 32 90
23 79 70 75 7 0 10 0.00 0.0 0 14.8 24 100 M M 3 33 100
24 81 73 77 9 0 12 0.00 0.0 0 13.8 22 120 M M 4 28 100
25 80 73 77 9 0 12 0.00 0.0 0 9.7 18 120 M M 5 25 150
26 82 71 77 9 0 12 0.00 0.0 0 8.1 15 120 M M 2 22 120
27 83 71 77 9 0 12 T 0.0 0 9.4 22 140 M M 3 30 140
28 84 60 72 4 0 7 0.00 0.0 0 10.7 24 310 M M 2 31 300
29 68 54 61 -7 4 0 0.00 M M 12.0 22 310 M M 1 30 310
30 74 52 63 -5 2 0 0.00 0.0 0 6.6 14 320 M M 1 17 340
31 74 52 63 -6 2 0 0.00 0.0 0 9.3 18 330 M M 0 24 330
================================================================================
SM 2393 1940 20 178 0.80 0.0 295.0 M 132
================================================================================
AV 77.2 62.6 9.5 FASTST M M 4 MAX(MPH)
MISC ----> 28 180 43 190
================================================================================
NOTES:
# LAST OF SEVERAL OCCURRENCES
COLUMN 17 PEAK WIND IN M.P.H.
PRELIMINARY LOCAL CLIMATOLOGICAL DATA (WS FORM: F-6) , PAGE 2
STATION: NORTH PERRY ARPT
MONTH: JANUARY
YEAR: 2024
LATITUDE: 26 0 N
LONGITUDE: 80 14 W
[TEMPERATURE DATA] [PRECIPITATION DATA] SYMBOLS USED IN COLUMN 16
AVERAGE MONTHLY: 69.9 TOTAL FOR MONTH: 0.80 1 = FOG OR MIST
DPTR FM NORMAL: 1.8 DPTR FM NORMAL: -1.91 2 = FOG REDUCING VISIBILITY
HIGHEST: 88 ON 12 GRTST 24HR 0.48 ON 9-10 TO 1/4 MILE OR LESS
LOWEST: 50 ON 21, 1 3 = THUNDER
SNOW, ICE PELLETS, HAIL 4 = ICE PELLETS
TOTAL MONTH: 0.0 INCH 5 = HAIL
GRTST 24HR 0.0 6 = FREEZING RAIN OR DRIZZLE
GRTST DEPTH: 0 7 = DUSTSTORM OR SANDSTORM:
VSBY 1/2 MILE OR LESS
8 = SMOKE OR HAZE
[NO. OF DAYS WITH] [WEATHER - DAYS WITH] 9 = BLOWING SNOW
X = TORNADO
MAX 32 OR BELOW: 0 0.01 INCH OR MORE: 7
MAX 90 OR ABOVE: 0 0.10 INCH OR MORE: 2
MIN 32 OR BELOW: 0 0.50 INCH OR MORE: 0
MIN 0 OR BELOW: 0 1.00 INCH OR MORE: 0
[HDD (BASE 65) ]
TOTAL THIS MO. 20 CLEAR (SCALE 0-3) 12
DPTR FM NORMAL -30 PTCLDY (SCALE 4-7) 17
TOTAL FM JUL 1 38 CLOUDY (SCALE 8-10) 2
DPTR FM NORMAL -52
[CDD (BASE 65) ]
TOTAL THIS MO. 178
DPTR FM NORMAL 30 [PRESSURE DATA]
TOTAL FM JAN 1 178 HIGHEST SLP 30.41 ON 22
DPTR FM NORMAL 30 LOWEST SLP 29.81 ON 9
[REMARKS]
#FINAL-01-24#