000
CXUS53 KIND 010700
CF6LAF
PRELIMINARY LOCAL CLIMATOLOGICAL DATA (WS FORM: F-6)
STATION: LAFAYETTE IN
MONTH: FEBRUARY
YEAR: 2021
LATITUDE: 40 25 N
LONGITUDE: 86 56 W
TEMPERATURE IN F: :PCPN: SNOW: WIND :SUNSHINE: SKY :PK WND
================================================================================
1 2 3 4 5 6A 6B 7 8 9 10 11 12 13 14 15 16 17 18
12Z AVG MX 2MIN
DY MAX MIN AVG DEP HDD CDD WTR SNW DPTH SPD SPD DIR MIN PSBL S-S WX SPD DR
================================================================================
1 36 27 32 5 33 0 T M M 10.8 22 340 M M 6 18 30 340
2 33 25 29 1 36 0 T M M 8.6 14 300 M M 10 8 20 290
3 37 18 28 0 37 0 0.00 M M 6.0 9 200 M M 3 1 14 310
4 39 28 34 6 31 0 0.13 M M 10.9 30 260 M M 6 18 42 280
5 30 16 23 -5 42 0 T M M 14.3 33 270 M M 7 44 280
6 23 10 17 -11 48 0 0.01 M M 7.3 17 290 M M 3 24 280
7 14 -3 6 -22 59 0 0.01 M M 6.1 14 310 M M 4 8 20 310
8 20 5 13 -16 52 0 T M M 5.1 10 100 M M 10 8 12 80
9 23 14 19 -10 46 0 T M M 6.4 13 330 M M 8 18 16 340
10 24 14 19 -10 46 0 0.01 M M 8.5 17 60 M M 8 8 21 50
11 23 20 22 -7 43 0 T M M 10.4 20 60 M M 7 8 26 60
12 26 19 23 -7 42 0 0.00 M M 8.8 17 80 M M 6 21 90
13 23 7 15 -15 50 0 T M M 9.4 17 320 M M 10 26 310
14 12 0 6 -24 59 0 0.01 M M 9.0 17 350 M M 10 22 350
15 17 7 12 -18 53 0 0.26 M M 11.4 22 20 M M 10 18 32 20
16 20 2 11 -20 54 0 T M M 8.0 16 280 M M 4 18 26 10
17 22 -4 9 -22 56 0 0.00 M M 7.0 15 80 M M 5 18 22 80
18 25 17 21 -10 44 0 0.02 M M 7.1 13 360 M M 10 18 16 330
19 24 2 13 -19 52 0 T M M 6.5 15 270 M M 4 18 20 300
20 33 16 25 -7 40 0 T M M 4.0 10 180 M M 4 8 15 170
21 44 19 32 0 33 0 0.09 M M 10.0 26 190 M M 3 1 40 180
22 42 31 37 5 28 0 0.02 M M 12.7 28 280 M M 7 18 36 260
23 51 39 45 12 20 0 0.00 M M 8.2 20 290 M M 2 26 280
24 51 32 42 9 23 0 0.00 M M 8.6 20 290 M M 2 29 280
25 46 26 36 2 29 0 0.00 M M 4.5 16 310 M M 2 18 23 300
26 50 24 37 3 28 0 T M M 6.9 17 110 M M 4 18 23 120
27 57 40 49 15 16 0 0.03 M M 5.9 12 90 M M 5 18 17 290
28 64 40 52 17 13 0 0.51 M M 10.3 23 300 M M 7 18 34 310
================================================================================
SM 909 491 1113 0 1.10 M 232.7 M 167
================================================================================
AV 32.5 17.5 8.3 FASTST M M 6 MAX(MPH)
MISC ----> 33 270 44 280
================================================================================
NOTES:
# LAST OF SEVERAL OCCURRENCES
COLUMN 17 PEAK WIND IN M.P.H.
PRELIMINARY LOCAL CLIMATOLOGICAL DATA (WS FORM: F-6) , PAGE 2
STATION: LAFAYETTE IN
MONTH: FEBRUARY
YEAR: 2021
LATITUDE: 40 25 N
LONGITUDE: 86 56 W
[TEMPERATURE DATA] [PRECIPITATION DATA] SYMBOLS USED IN COLUMN 16
AVERAGE MONTHLY: 25.0 TOTAL FOR MONTH: 1.10 1 = FOG OR MIST
DPTR FM NORMAL: -5.5 DPTR FM NORMAL: -0.66 2 = FOG REDUCING VISIBILITY
HIGHEST: 64 ON 28 GRTST 24HR 0.51 ON 28-28 TO 1/4 MILE OR LESS
LOWEST: -4 ON 17 3 = THUNDER
SNOW, ICE PELLETS, HAIL 4 = ICE PELLETS
TOTAL MONTH: M 5 = HAIL
GRTST 24HR M ON M 6 = FREEZING RAIN OR DRIZZLE
GRTST DEPTH: M ON M 7 = DUSTSTORM OR SANDSTORM:
VSBY 1/2 MILE OR LESS
8 = SMOKE OR HAZE
[NO. OF DAYS WITH] [WEATHER - DAYS WITH] 9 = BLOWING SNOW
X = TORNADO
MAX 32 OR BELOW: 15 0.01 INCH OR MORE: 11
MAX 90 OR ABOVE: 0 0.10 INCH OR MORE: 3
MIN 32 OR BELOW: 25 0.50 INCH OR MORE: 1
MIN 0 OR BELOW: 3 1.00 INCH OR MORE: 0
[HDD (BASE 65) ]
TOTAL THIS MO. 1113 CLEAR (SCALE 0-3) 5
DPTR FM NORMAL 147 PTCLDY (SCALE 4-7) 16
TOTAL FM JUL 1 3937 CLOUDY (SCALE 8-10) 7
DPTR FM NORMAL -395
[CDD (BASE 65) ]
TOTAL THIS MO. 0
DPTR FM NORMAL 0 [PRESSURE DATA]
TOTAL FM JAN 1 0 HIGHEST SLP M ON M
DPTR FM NORMAL 0 LOWEST SLP 29.41 ON 4
[REMARKS]
#FINAL-02-21#