000
CXUS55 KVEF 281012
CF6LAS
PRELIMINARY LOCAL CLIMATOLOGICAL DATA (WS FORM: F-6)
STATION: LAS VEGAS NV
MONTH: SEPTEMBER
YEAR: 2021
LATITUDE: 36 4 N
LONGITUDE: 115 10 W
TEMPERATURE IN F: :PCPN: SNOW: WIND :SUNSHINE: SKY :PK WND
================================================================================
1 2 3 4 5 6A 6B 7 8 9 10 11 12 13 14 15 16 17 18
12Z AVG MX 2MIN
DY MAX MIN AVG DEP HDD CDD WTR SNW DPTH SPD SPD DIR MIN PSBL S-S WX SPD DR
================================================================================
1 92 75 84 -5 0 19 T 0.0 0 6.8 20 90 M M 6 27 100
2 99 76 88 -1 0 23 0.00 0.0 0 8.2 22 260 M M 1 30 250
3 97 76 87 -1 0 22 0.00 0.0 0 6.2 16 240 M M 1 26 230
4 100 73 87 -1 0 22 0.00 0.0 0 3.9 9 40 M M 1 14 180
5 105 76 91 3 0 26 0.00 0.0 0 3.6 12 50 M M 1 17 70
6 107 79 93 6 0 28 0.00 0.0 0 4.4 12 30 M M 2 18 20
7 108 81 95 8 0 30 0.00 0.0 0 3.7 9 110 M M 1 13 120
8 107 81 94 7 0 29 0.00 0.0 0 4.0 12 190 M M 1 17 180
9 106 83 95 9 0 30 0.00 0.0 0 4.6 17 170 M M 4 27 170
10 102 83 93 7 0 28 0.12 0.0 0 5.2 31 290 M M 4 3 42 290
11 102 81 92 6 0 27 0.00 0.0 0 8.1 21 240 M M 2 32 270
12 104 80 92 7 0 27 0.00 0.0 0 7.3 18 260 M M 1 26 230
13 104 82 93 8 0 28 0.00 0.0 0 9.1 23 260 M M 1 37 210
14 103 77 90 6 0 25 0.00 0.0 0 4.4 12 280 M M 0 17 220
15 101 74 88 4 0 23 0.00 0.0 0 5.5 13 90 M M 0 20 60
16 99 77 88 4 0 23 0.00 0.0 0 9.4 18 250 M M 0 28 240
17 92 72 82 -1 0 17 0.00 0.0 0 5.6 18 230 M M 4 30 240
18 94 76 85 2 0 20 0.00 0.0 0 6.8 22 250 M M 6 35 250
19 93 73 83 1 0 18 0.00 0.0 0 11.9 24 230 M M 2 36 230
20 88 73 81 -1 0 16 0.00 0.0 0 9.7 21 40 M M 2 26 20
21 91 65 78 -4 0 13 0.00 0.0 0 5.1 13 30 M M 0 17 50
22 98 68 83 2 0 18 0.00 0.0 0 4.6 13 260 M M 1 26 220
23 96 73 85 4 0 20 0.00 0.0 0 3.6 12 200 M M 5 17 210
24 94 74 84 4 0 19 0.00 0.0 0 4.3 14 60 M M 1 22 50
25 94 72 83 3 0 18 0.00 0.0 0 5.4 16 220 M M 3 27 170
26 94 74 84 5 0 19 0.00 0.0 0 4.8 12 190 M M 3 19 160
27 93 72 83 4 0 18 0.00 0.0 0 5.8 14 170 M M 2 8 24 150
28 87 73 80 2 0 15 0.00 0.0 0 11.1 22 220 M M 3 33 220
29 82 68 75 -3 0 10 0.00 0.0 0 12.0 24 360 M M 4 32 10
30 82 62 72 -6 0 7 0.00 0.0 0 8.2 20 360 M M 0 27 360
================================================================================
SM 2914 2249 0 638 0.12 0.0 193.3 M 62
================================================================================
AV 97.1 75.0 6.4 FASTST M M 2 MAX(MPH)
MISC ----> 31 290 42 290
================================================================================
NOTES:
# LAST OF SEVERAL OCCURRENCES
COLUMN 17 PEAK WIND IN M.P.H.
PRELIMINARY LOCAL CLIMATOLOGICAL DATA (WS FORM: F-6) , PAGE 2
STATION: LAS VEGAS NV
MONTH: SEPTEMBER
YEAR: 2021
LATITUDE: 36 4 N
LONGITUDE: 115 10 W
[TEMPERATURE DATA] [PRECIPITATION DATA] SYMBOLS USED IN COLUMN 16
AVERAGE MONTHLY: 86.1 TOTAL FOR MONTH: 0.12 1 = FOG OR MIST
DPTR FM NORMAL: 2.5 DPTR FM NORMAL: -0.20 2 = FOG REDUCING VISIBILITY
HIGHEST: 108 ON 7 GRTST 24HR 0.12 ON 10-10 TO 1/4 MILE OR LESS
LOWEST: 62 ON 30 3 = THUNDER
SNOW, ICE PELLETS, HAIL 4 = ICE PELLETS
TOTAL MONTH: 0.0 INCH 5 = HAIL
GRTST 24HR 0.0 6 = FREEZING RAIN OR DRIZZLE
GRTST DEPTH: 0 7 = DUSTSTORM OR SANDSTORM:
VSBY 1/2 MILE OR LESS
8 = SMOKE OR HAZE
[NO. OF DAYS WITH] [WEATHER - DAYS WITH] 9 = BLOWING SNOW
X = TORNADO
MAX 32 OR BELOW: 0 0.01 INCH OR MORE: 1
MAX 90 OR ABOVE: 26 0.10 INCH OR MORE: 1
MIN 32 OR BELOW: 0 0.50 INCH OR MORE: 0
MIN 0 OR BELOW: 0 1.00 INCH OR MORE: 0
[HDD (BASE 65) ]
TOTAL THIS MO. 0 CLEAR (SCALE 0-3) 21
DPTR FM NORMAL 0 PTCLDY (SCALE 4-7) 9
TOTAL FM JUL 1 0 CLOUDY (SCALE 8-10) 0
DPTR FM NORMAL 0
[CDD (BASE 65) ]
TOTAL THIS MO. 638
DPTR FM NORMAL 78 [PRESSURE DATA]
TOTAL FM JAN 1 3930 HIGHEST SLP 30.26 ON 21
DPTR FM NORMAL 424 LOWEST SLP 29.62 ON 28
[REMARKS]
#FINAL-09-21#