000
CXUS55 KVEF 010910
CF6LAS
PRELIMINARY LOCAL CLIMATOLOGICAL DATA (WS FORM: F-6)
STATION: LAS VEGAS NV
MONTH: AUGUST
YEAR: 2023
LATITUDE: 36 4 N
LONGITUDE: 115 10 W
TEMPERATURE IN F: :PCPN: SNOW: WIND :SUNSHINE: SKY :PK WND
================================================================================
1 2 3 4 5 6A 6B 7 8 9 10 11 12 13 14 15 16 17 18
12Z AVG MX 2MIN
DY MAX MIN AVG DEP HDD CDD WTR SNW DPTH SPD SPD DIR MIN PSBL S-S WX SPD DR
================================================================================
1 94 75 85 -8 0 20 0.12 0.0 0 7.1 29 290 M M 8 3 36 300
2 94 80 87 -6 0 22 0.00 0.0 0 7.7 18 80 M M 6 3 31 40
3 103 79 91 -2 0 26 0.00 0.0 0 4.5 16 230 M M 1 22 240
4 104 77 91 -2 0 26 0.00 0.0 0 6.0 17 70 M M 0 24 50
5 107 77 92 -1 0 27 0.00 0.0 0 5.7 15 260 M M 0 23 200
6 107 85 96 3 0 31 0.00 0.0 0 9.0 20 230 M M 0 29 230
7 106 83 95 2 0 30 0.00 0.0 0 13.2 21 230 M M 1 33 220
8 103 82 93 0 0 28 0.00 0.0 0 10.2 22 260 M M 2 33 200
9 102 84 93 0 0 28 0.00 0.0 0 11.4 18 230 M M 7 29 190
10 94 81 88 -5 0 23 T 0.0 0 11.9 23 30 M M 7 3 30 20
11 100 81 91 -1 0 26 0.00 0.0 0 5.3 14 160 M M 4 21 130
12 102 80 91 -1 0 26 0.00 0.0 0 5.0 18 70 M M 4 25 100
13 101 80 91 -1 0 26 0.00 0.0 0 6.7 29 270 M M 4 3 41 170
14 104 77 91 -1 0 26 0.00 0.0 0 4.1 12 50 M M 3 18 70
15 105 86 96 4 0 31 0.00 0.0 0 7.0 21 70 M M 7 26 70
16 102 87 95 3 0 30 0.00 0.0 0 4.9 26 260 M M 6 33 270
17 105 84 95 3 0 30 0.00 0.0 0 6.4 25 70 M M 3 33 70
18 95 72 84 -8 0 19 0.30 0.0 0 8.5 31 80 M M 8 3 46 170
19 79 68 74 -18 0 9 0.21 0.0 0 4.8 15 170 M M 8 13 22 170
20 76 67 72 -19 0 7 0.34 0.0 0 5.9 23 150 M M 10 1 35 140
21 88 71 80 -11 0 15 T 0.0 0 8.4 24 150 M M 6 38 140
22 92 74 83 -8 0 18 0.00 0.0 0 5.3 12 10 M M 3 17 10
23 98 77 88 -3 0 23 0.17 0.0 0 5.5 25 10 M M 4 3 36 140
24 98 78 88 -3 0 23 0.02 0.0 0 4.2 21 190 M M 4 3 32 180
25 102 79 91 1 0 26 0.00 0.0 0 4.2 15 270 M M 2 19 270
26 104 79 92 2 0 27 0.00 0.0 0 6.0 18 260 M M 1 28 170
27 105 79 92 2 0 27 0.00 0.0 0 6.0 18 270 M M 1 25 300
28 106 79 93 3 0 28 0.00 0.0 0 4.9 13 270 M M 0 17 270
29 109 81 95 5 0 30 0.00 0.0 0 5.3 17 220 M M 0 27 240
30 109 84 97 8 0 32 0.00 0.0 0 7.0 21 230 M M 2 31 210
31 107 87 97 8 0 32 0.01 0.0 0 11.1 29 240 M M 4 3 47 230
================================================================================
SM 3101 2453 0 772 1.17 0.0 213.2 M 116
================================================================================
AV100.0 79.1 6.9 FASTST M M 4 MAX(MPH)
MISC ----> 31 80 47 230
================================================================================
NOTES:
# LAST OF SEVERAL OCCURRENCES
COLUMN 17 PEAK WIND IN M.P.H.
PRELIMINARY LOCAL CLIMATOLOGICAL DATA (WS FORM: F-6) , PAGE 2
STATION: LAS VEGAS NV
MONTH: AUGUST
YEAR: 2023
LATITUDE: 36 4 N
LONGITUDE: 115 10 W
[TEMPERATURE DATA] [PRECIPITATION DATA] SYMBOLS USED IN COLUMN 16
AVERAGE MONTHLY: 89.6 TOTAL FOR MONTH: 1.17 1 = FOG OR MIST
DPTR FM NORMAL: -2.1 DPTR FM NORMAL: 0.85 2 = FOG REDUCING VISIBILITY
HIGHEST: 109 ON 30,29 GRTST 24HR 0.41 ON 19-20 TO 1/4 MILE OR LESS
LOWEST: 67 ON 20 3 = THUNDER
SNOW, ICE PELLETS, HAIL 4 = ICE PELLETS
TOTAL MONTH: 0.0 INCH 5 = HAIL
GRTST 24HR 0.0 6 = FREEZING RAIN OR DRIZZLE
GRTST DEPTH: 0 7 = DUSTSTORM OR SANDSTORM:
VSBY 1/2 MILE OR LESS
8 = SMOKE OR HAZE
[NO. OF DAYS WITH] [WEATHER - DAYS WITH] 9 = BLOWING SNOW
X = TORNADO
MAX 32 OR BELOW: 0 0.01 INCH OR MORE: 7
MAX 90 OR ABOVE: 28 0.10 INCH OR MORE: 5
MIN 32 OR BELOW: 0 0.50 INCH OR MORE: 0
MIN 0 OR BELOW: 0 1.00 INCH OR MORE: 0
[HDD (BASE 65) ]
TOTAL THIS MO. 0 CLEAR (SCALE 0-3) 14
DPTR FM NORMAL 0 PTCLDY (SCALE 4-7) 16
TOTAL FM JUL 1 0 CLOUDY (SCALE 8-10) 1
DPTR FM NORMAL 0
[CDD (BASE 65) ]
TOTAL THIS MO. 772
DPTR FM NORMAL -56 [PRESSURE DATA]
TOTAL FM JAN 1 2907 HIGHEST SLP M ON M
DPTR FM NORMAL -39 LOWEST SLP 27.49 ON 31
[REMARKS]
#FINAL-08-23#