000
CXUS56 KMTR 011000
CF6LVK
PRELIMINARY LOCAL CLIMATOLOGICAL DATA (WS FORM: F-6)
STATION: LIVERMORE AIRPORT
MONTH: DECEMBER
YEAR: 2022
LATITUDE: 37 42 N
LONGITUDE: 121 49 W
TEMPERATURE IN F: :PCPN: SNOW: WIND :SUNSHINE: SKY :PK WND
================================================================================
1 2 3 4 5 6A 6B 7 8 9 10 11 12 13 14 15 16 17 18
12Z AVG MX 2MIN
DY MAX MIN AVG DEP HDD CDD WTR SNW DPTH SPD SPD DIR MIN PSBL S-S WX SPD DR
================================================================================
1 53 35 44 -5 21 0 0.36 M M 6.5 20 200 M M 7 1 26 210
2 50 29 40 -9 25 0 0.00 M M 4.8 16 60 M M 2 12 20 90
3 48 39 44 -5 21 0 0.79 M M 3.0 8 270 M M 10 1 9 270
4 59 45 52 3 13 0 0.01 M M 3.0 13 200 M M 5 1 16 210
5 59 42 51 2 14 0 0.01 M M 4.8 15 260 M M 3 17 270
6 54 39 47 -1 18 0 T M M 4.2 14 80 M M 7 1 16 90
7 60 35 48 0 17 0 0.00 M M 2.1 8 280 M M 3 12 10 300
8 55 34 45 -3 20 0 T M M 3.4 18 190 M M 4 12 27 200
9 55 39 47 -1 18 0 0.00 M M 1.7 10 250 M M 6 2 12 250
10 59 48 54 6 11 0 1.12 M M 12.2 24 200 M M 9 13 35 200
11 52 44 48 0 17 0 0.26 M M 9.4 22 260 M M 8 1 27 250
12 53 35 44 -4 21 0 0.07 M M 4.8 14 270 M M 6 1 16 20
13 54 31 43 -5 22 0 0.00 M M 1.1 7 260 M M 2 12 9 250
14 54 31 43 -5 22 0 0.00 M M 2.2 10 70 M M 0 13 80
15 58 32 45 -2 20 0 0.00 M M 3.7 14 70 M M 0 1 16 70
16 53 30 42 -5 23 0 0.00 M M 4.7 16 50 M M 0 18 20 60
17 55 30 43 -4 22 0 0.00 M M 3.1 14 80 M M 2 12 17 80
18 52 29 41 -6 24 0 0.00 M M 4.2 15 70 M M 3 128 19 70
19 42 35 39 -8 26 0 0.00 M M 9.0 16 60 M M 6 18 20 50
20 53 37 45 -2 20 0 0.00 M M 3.4 14 80 M M 2 18 18 70
21 59 34 47 0 18 0 0.00 M M 2.9 15 80 M M 0 18 17 60
22 51 36 44 -3 21 0 0.00 M M 5.7 17 70 M M 2 128 20 70
23 57 40 49 2 16 0 0.00 M M 4.3 13 90 M M 3 18 14 90
24 61 36 49 2 16 0 0.00 M M 4.6 16 80 M M 0 128 20 70
25 62 41 52 5 13 0 0.00 M M 4.0 14 70 M M 0 128 18 50
26 54 41 48 1 17 0 0.08 M M 2.7 15 80 M M 6 128 18 80
27 59 42 51 4 14 0 1.35 M M 7.5 20 200 M M 8 1 27 200
28 56 37 47 0 18 0 T M M 2.7 12 280 M M 2 1 13 280
29 55 47 51 4 14 0 0.34 M M 5.2 10 70 M M 10 1 12 70
30 61 55 58 11 7 0 0.24 M M 9.6 22 210 M M 10 1 30 210
31 59 49 54 7 11 0 3.46 M M 6.5 23 330 M M 10 1 32 320
================================================================================
SM 1712 1177 560 0 8.09 M 147.0 M 136
================================================================================
AV 55.2 38.0 4.7 FASTST M M 4 MAX(MPH)
MISC ----> 24 200 35 200
================================================================================
NOTES:
# LAST OF SEVERAL OCCURRENCES
COLUMN 17 PEAK WIND IN M.P.H.
PRELIMINARY LOCAL CLIMATOLOGICAL DATA (WS FORM: F-6) , PAGE 2
STATION: LIVERMORE AIRPORT
MONTH: DECEMBER
YEAR: 2022
LATITUDE: 37 42 N
LONGITUDE: 121 49 W
[TEMPERATURE DATA] [PRECIPITATION DATA] SYMBOLS USED IN COLUMN 16
AVERAGE MONTHLY: 46.6 TOTAL FOR MONTH: 8.09 1 = FOG OR MIST
DPTR FM NORMAL: -1.1 DPTR FM NORMAL: 5.29 2 = FOG REDUCING VISIBILITY
HIGHEST: 62 ON 25 GRTST 24HR 3.50 ON 30-31 TO 1/4 MILE OR LESS
LOWEST: 29 ON 18, 2 3 = THUNDER
SNOW, ICE PELLETS, HAIL 4 = ICE PELLETS
TOTAL MONTH: M 5 = HAIL
GRTST 24HR M ON M 6 = FREEZING RAIN OR DRIZZLE
GRTST DEPTH: M ON M 7 = DUSTSTORM OR SANDSTORM:
VSBY 1/2 MILE OR LESS
8 = SMOKE OR HAZE
[NO. OF DAYS WITH] [WEATHER - DAYS WITH] 9 = BLOWING SNOW
X = TORNADO
MAX 32 OR BELOW: 0 0.01 INCH OR MORE: 12
MAX 90 OR ABOVE: 0 0.10 INCH OR MORE: 8
MIN 32 OR BELOW: 7 0.50 INCH OR MORE: 4
MIN 0 OR BELOW: 0 1.00 INCH OR MORE: 3
[HDD (BASE 65) ]
TOTAL THIS MO. 560 CLEAR (SCALE 0-3) 15
DPTR FM NORMAL 22 PTCLDY (SCALE 4-7) 11
TOTAL FM JUL 1 1057 CLOUDY (SCALE 8-10) 5
DPTR FM NORMAL 60
[CDD (BASE 65) ]
TOTAL THIS MO. 0
DPTR FM NORMAL 0 [PRESSURE DATA]
TOTAL FM JAN 1 1195 HIGHEST SLP M ON M
DPTR FM NORMAL 346 LOWEST SLP 29.59 ON 31
[REMARKS]
#FINAL-12-22#