000
CXUS54 KHGX 011410
CF6SGR
PRELIMINARY LOCAL CLIMATOLOGICAL DATA (WS FORM: F-6)
STATION: SUGAR LAND/HULL FLD
MONTH: JULY
YEAR: 2022
LATITUDE: 29 37 N
LONGITUDE: 95 39 W
TEMPERATURE IN F: :PCPN: SNOW: WIND :SUNSHINE: SKY :PK WND
================================================================================
1 2 3 4 5 6A 6B 7 8 9 10 11 12 13 14 15 16 17 18
12Z AVG MX 2MIN
DY MAX MIN AVG DEP HDD CDD WTR SNW DPTH SPD SPD DIR MIN PSBL S-S WX SPD DR
================================================================================
1 90 78 84 0 0 19 T 0.0 0 7.5 14 160 M M 5 3 18 180
2 97 78 88 4 0 23 0.05 0.0 0 9.7 21 170 M M 2 3 28 200
3 99 76 88 3 0 23 0.00 0.0 0 7.7 18 150 M M 1 25 150
4 100 76 88 3 0 23 0.00 0.0 0 9.1 18 170 M M 1 24 210
5 100 77 89 4 0 24 0.00 0.0 0 9.1 20 150 M M 2 24 160
6 99 76 88 3 0 23 0.00 0.0 0 8.2 18 170 M M 1 25 180
7 99 77 88 3 0 23 T 0.0 0 7.2 20 170 M M 3 25 170
8 102 76 89 4 0 24 0.00 0.0 0 6.8 21 170 M M 1 26 160
9 103 78 91 6 0 26 0.00 0.0 0 6.7 18 180 M M 1 24 180
10 105 79 92 7 0 27 0.00 0.0 0 8.0 20 180 M M 1 27 180
11 103 82 93 8 0 28 T 0.0 0 8.8 18 200 M M 2 3 25 190
12 103 80 92 7 0 27 0.22 0.0 0 5.7 21 200 M M 2 3 28 190
13 101 77 89 4 0 24 T 0.0 0 6.2 25 140 M M 1 32 140
14 100 77 89 4 0 24 0.05 0.0 0 5.5 25 350 M M 2 3 35 360
15 91 75 83 -2 0 18 T 0.0 0 7.1 20 140 M M 4 3 26 160
16 100 74 87 2 0 22 0.00 0.0 0 6.5 17 180 M M 2 23 190
17 100 74 87 1 0 22 0.00 0.0 0 6.8 21 170 M M 2 1 26 160
18 102 77 90 4 0 25 0.00 0.0 M 9.1 17 200 M M 1 8 26 210
19 101 79 90 4 0 25 0.00 0.0 0 10.2 22 170 M M 2 29 170
20 103 78 91 5 0 26 0.00 0.0 0 10.4 22 170 M M 2 29 170
21 102 76 89 3 0 24 0.00 0.0 0 8.1 21 180 M M 2 26 180
22 99 76 88 2 0 23 0.01 0.0 0 6.4 23 130 M M 3 138 31 130
23 98 76 87 1 0 22 0.02 0.0 0 6.8 21 180 M M 1 3 29 150
24 99 76 88 2 0 23 0.00 0.0 0 8.1 21 150 M M 1 1 24 140
25 99 76 88 2 0 23 0.00 0.0 0 8.2 20 160 M M 0 26 170
26 99 75 87 1 0 22 0.00 0.0 0 7.8 22 160 M M 1 3 28 160
27 97 77 87 1 0 22 0.54 0.0 0 5.3 18 200 M M 2 3 24 190
28 96 76 86 0 0 21 0.66 0.0 0 6.9 30 170 M M 2 13 39 180
29 95 76 86 0 0 21 0.25 0.0 0 6.3 29 240 M M 2 3 48 250
30 96 76 86 0 0 21 0.00 0.0 0 7.6 20 160 M M 1 25 160
31 99 75 87 1 0 22 0.00 0.0 0 7.5 21 160 M M 1 28 170
================================================================================
SM 3077 2379 0 720 1.80 0.0 235.3 M 54
================================================================================
AV 99.3 76.7 7.6 FASTST M M 2 MAX(MPH)
MISC ----> 30 170 48 250
================================================================================
NOTES:
# LAST OF SEVERAL OCCURRENCES
COLUMN 17 PEAK WIND IN M.P.H.
PRELIMINARY LOCAL CLIMATOLOGICAL DATA (WS FORM: F-6) , PAGE 2
STATION: SUGAR LAND/HULL FLD
MONTH: JULY
YEAR: 2022
LATITUDE: 29 37 N
LONGITUDE: 95 39 W
[TEMPERATURE DATA] [PRECIPITATION DATA] SYMBOLS USED IN COLUMN 16
AVERAGE MONTHLY: 88.0 TOTAL FOR MONTH: 1.80 1 = FOG OR MIST
DPTR FM NORMAL: 2.6 DPTR FM NORMAL: -2.36 2 = FOG REDUCING VISIBILITY
HIGHEST: 105 ON 10 GRTST 24HR 0.88 ON 27-28 TO 1/4 MILE OR LESS
LOWEST: 74 ON 17,16 3 = THUNDER
SNOW, ICE PELLETS, HAIL 4 = ICE PELLETS
TOTAL MONTH: 0.0 INCH 5 = HAIL
GRTST 24HR 0.0 6 = FREEZING RAIN OR DRIZZLE
GRTST DEPTH: 0 7 = DUSTSTORM OR SANDSTORM:
VSBY 1/2 MILE OR LESS
8 = SMOKE OR HAZE
[NO. OF DAYS WITH] [WEATHER - DAYS WITH] 9 = BLOWING SNOW
X = TORNADO
MAX 32 OR BELOW: 0 0.01 INCH OR MORE: 8
MAX 90 OR ABOVE: 31 0.10 INCH OR MORE: 4
MIN 32 OR BELOW: 0 0.50 INCH OR MORE: 2
MIN 0 OR BELOW: 0 1.00 INCH OR MORE: 0
[HDD (BASE 65) ]
TOTAL THIS MO. 0 CLEAR (SCALE 0-3) 29
DPTR FM NORMAL 0 PTCLDY (SCALE 4-7) 2
TOTAL FM JUL 1 0 CLOUDY (SCALE 8-10) 0
DPTR FM NORMAL 0
[CDD (BASE 65) ]
TOTAL THIS MO. 720
DPTR FM NORMAL 89 [PRESSURE DATA]
TOTAL FM JAN 1 2323 HIGHEST SLP 30.12 ON 31
DPTR FM NORMAL 401 LOWEST SLP 29.74 ON 11
[REMARKS]
#FINAL-07-22#