000
CXUS54 KHGX 041455
CF6SGR
PRELIMINARY LOCAL CLIMATOLOGICAL DATA (WS FORM: F-6)
STATION: SUGAR LAND/HULL FLD
MONTH: MARCH
YEAR: 2021
LATITUDE: 29 37 N
LONGITUDE: 95 39 W
TEMPERATURE IN F: :PCPN: SNOW: WIND :SUNSHINE: SKY :PK WND
================================================================================
1 2 3 4 5 6A 6B 7 8 9 10 11 12 13 14 15 16 17 18
12Z AVG MX 2MIN
DY MAX MIN AVG DEP HDD CDD WTR SNW DPTH SPD SPD DIR MIN PSBL S-S WX SPD DR
================================================================================
1 73 53 63 4 2 0 0.64 0.0 0 12.7 26 30 M M 10 1 36 30
2 67 50 59 0 6 0 0.01 0.0 0 10.8 21 20 M M 5 27 360
3 70 42 56 -3 9 0 0.00 0.0 0 4.5 13 150 M M 0 14 160
4 73 44 59 0 6 0 0.00 0.0 0 6.5 16 150 M M 0 20 160
5 79 55 67 7 0 2 0.00 0.0 0 7.7 21 20 M M 6 1 25 20
6 72 54 63 3 2 0 0.00 0.0 0 11.3 21 30 M M 4 25 30
7 70 43 57 -3 8 0 0.00 0.0 0 7.0 16 140 M M 0 21 120
8 75 43 59 -1 6 0 0.00 0.0 0 6.9 17 150 M M 2 21 150
9 77 60 69 9 0 4 0.00 0.0 0 12.7 23 160 M M 5 29 150
10 80 62 71 10 0 6 0.01 0.0 0 13.6 24 170 M M 8 8 35 160
11 82 70 76 15 0 11 0.00 0.0 0 13.7 22 160 M M 8 29 170
12 85 69 77 16 0 12 T 0.0 0 14.4 23 140 M M 5 32 150
13 83 67 75 14 0 10 0.00 0.0 0 14.3 24 160 M M 6 32 160
14 76 58 67 6 0 2 0.28 0.0 0 9.4 25 150 M M 10 1 31 160
15 82 59 71 9 0 6 0.02 0.0 0 3.8 13 170 M M 8 1 15 170
16 82 68 75 13 0 10 T 0.0 0 8.4 18 170 M M 9 12 22 170
17 81 58 70 8 0 5 0.58 0.0 0 13.2 25 310 M M 7 13 35 300
18 69 50 60 -2 5 0 0.00 0.0 0 12.7 24 350 M M 0 34 320
19 69 45 57 -5 8 0 0.00 0.0 0 9.7 18 340 M M 0 23 340
20 70 43 57 -6 8 0 0.00 0.0 0 6.2 15 20 M M 0 22 30
21 73 44 59 -4 6 0 0.00 0.0 0 7.0 17 140 M M 1 37 210
22 77 60 69 6 0 4 T 0.0 0 12.7 26 140 M M 8 32 150
23 84 58 71 8 0 6 0.16 0.0 0 4.8 16 350 M M 5 138 23 350
24 71 60 66 3 0 1 0.02 0.0 0 10.2 20 100 M M 10 1 25 100
25 80 56 68 4 0 3 0.00 0.0 0 8.9 21 340 M M 4 1 27 340
26 86 51 69 5 0 4 0.00 0.0 0 9.0 18 140 M M 2 18 22 140
27 85 72 79 15 0 14 0.00 0.0 0 9.9 22 170 M M 10 18 28 160
28 76 50 63 -1 2 0 0.11 0.0 0 7.6 25 20 M M 6 18 33 10
29 75 46 61 -3 4 0 0.00 0.0 0 6.6 15 140 M M 3 1 16 80
30 84 65 75 10 0 10 T 0.0 0 11.9 24 180 M M 8 1 30 190
31 79 61 70 5 0 5 T 0.0 0 10.5 28 40 M M 10 1 34 40
================================================================================
SM 2385 1716 72 115 1.83 0.0 298.6 M 160
================================================================================
AV 76.9 55.4 9.6 FASTST M M 5 MAX(MPH)
MISC ----> 28 40 37 210
================================================================================
NOTES:
# LAST OF SEVERAL OCCURRENCES
COLUMN 17 PEAK WIND IN M.P.H.
PRELIMINARY LOCAL CLIMATOLOGICAL DATA (WS FORM: F-6) , PAGE 2
STATION: SUGAR LAND/HULL FLD
MONTH: MARCH
YEAR: 2021
LATITUDE: 29 37 N
LONGITUDE: 95 39 W
[TEMPERATURE DATA] [PRECIPITATION DATA] SYMBOLS USED IN COLUMN 16
AVERAGE MONTHLY: 66.1 TOTAL FOR MONTH: 1.83 1 = FOG OR MIST
DPTR FM NORMAL: 4.3 DPTR FM NORMAL: -1.42 2 = FOG REDUCING VISIBILITY
HIGHEST: 86 ON 26 GRTST 24HR 0.65 ON 1- 2 TO 1/4 MILE OR LESS
LOWEST: 42 ON 3 3 = THUNDER
SNOW, ICE PELLETS, HAIL 4 = ICE PELLETS
TOTAL MONTH: 0.0 INCH 5 = HAIL
GRTST 24HR 0.0 6 = FREEZING RAIN OR DRIZZLE
GRTST DEPTH: 0 7 = DUSTSTORM OR SANDSTORM:
VSBY 1/2 MILE OR LESS
8 = SMOKE OR HAZE
[NO. OF DAYS WITH] [WEATHER - DAYS WITH] 9 = BLOWING SNOW
X = TORNADO
MAX 32 OR BELOW: 0 0.01 INCH OR MORE: 9
MAX 90 OR ABOVE: 0 0.10 INCH OR MORE: 5
MIN 32 OR BELOW: 0 0.50 INCH OR MORE: 2
MIN 0 OR BELOW: 0 1.00 INCH OR MORE: 0
[HDD (BASE 65) ]
TOTAL THIS MO. 72 CLEAR (SCALE 0-3) 10
DPTR FM NORMAL -85 PTCLDY (SCALE 4-7) 13
TOTAL FM JUL 1 1110 CLOUDY (SCALE 8-10) 8
DPTR FM NORMAL -267
[CDD (BASE 65) ]
TOTAL THIS MO. 115
DPTR FM NORMAL 57 [PRESSURE DATA]
TOTAL FM JAN 1 188 HIGHEST SLP 30.47 ON 8
DPTR FM NORMAL 99 LOWEST SLP 29.56 ON 25
[REMARKS]
#FINAL-03-21#