751
CXUS55 KPUB 011210
CF6TAD
PRELIMINARY LOCAL CLIMATOLOGICAL DATA (WS FORM: F-6)
STATION: TRINIDAD CO
MONTH: MARCH
YEAR: 2021
LATITUDE: 37 16 N
LONGITUDE: 104 20 W
TEMPERATURE IN F: :PCPN: SNOW: WIND :SUNSHINE: SKY :PK WND
================================================================================
1 2 3 4 5 6A 6B 7 8 9 10 11 12 13 14 15 16 17 18
12Z AVG MX 2MIN
DY MAX MIN AVG DEP HDD CDD WTR SNW DPTH SPD SPD DIR MIN PSBL S-S WX SPD DR
================================================================================
1 47 16 32 -6 33 0 0.00 M M 8.9 18 260 M M 0 24 250
2 69 25 47 8 18 0 0.00 M M 10.2 20 240 M M 0 25 250
3 65 24 45 6 20 0 0.00 M M 9.6 17 270 M M 0 20 270
4 60 28 44 5 21 0 0.11 M M 14.3 30 240 M M 4 1 51 240
5 56 33 45 5 20 0 0.05 M M 12.4 26 320 M M 3 1 36 330
6 66 32 49 9 16 0 0.00 M M 15.6 31 190 M M 0 42 180
7 68 29 49 9 16 0 0.00 M M 9.8 20 250 M M 0 24 250
8 69 39 54 14 11 0 0.00 M M 13.6 33 240 M M 0 42 230
9 70 33 52 11 13 0 0.00 M M 17.4 40 240 M M 0 54 240
10 54 27 41 0 24 0 0.00 M M 24.4 45 260 M M 0 60 270
11 59 16 38 -3 27 0 0.00 M M 9.5 31 180 M M 0 38 180
12 51 26 39 -2 26 0 T M M 9.7 20 30 M M 3 1 27 30
13 35 31 33 -9 32 0 0.31 M M 5.3 14 310 M M 10 12 18 300
14 36 26 31 -11 34 0 0.03 M M 11.2 28 340 M M 9 128 42 340
15 58 21 40 -2 25 0 0.00 M M 7.2 16 40 M M 1 20 50
16 51 28 40 -2 25 0 0.37 M M 11.8 22 50 M M 5 1 30 60
17 42 24 33 -10 32 0 0.05 M M 8.2 20 20 M M 8 1 26 10
18 51 22 37 -6 28 0 0.00 M M 8.8 18 250 M M 0 24 110
19 63 31 47 4 18 0 0.00 M M 7.9 25 250 M M 0 31 250
20 75 42 59 16 6 0 0.00 M M 17.3 31 260 M M 0 41 240
21 64 35 50 7 15 0 0.01 M M 14.8 26 240 M M 2 35 240
22 36 31 34 -10 31 0 0.28 M M 9.4 17 350 M M 10 126 23 340
23 46 28 37 -7 28 0 T M M 9.0 23 20 M M 8 30 20
24 37 28 33 -11 32 0 0.03 M M 9.2 18 30 M M 8 128 23 40
25 52 24 38 -6 27 0 0.00 M M 10.0 22 260 M M 1 29 260
26 56 29 43 -1 22 0 T M M 10.4 22 260 M M 3 31 270
27 53 27 40 -5 25 0 0.00 M M 9.4 21 40 M M 1 28 20
28 71 25 48 3 17 0 0.00 M M 9.2 21 320 M M 0 28 330
29 79 36 58 13 7 0 0.00 M M 20.1 43 250 M M 0 64 270
30 46 20 33 -12 32 0 0.00 M M 9.5 29 50 M M 4 40 50
31 57 16 37 -9 28 0 0.00 M M 7.7 16 230 M M 0 20 220
================================================================================
SM 1742 852 709 0 1.24 M 351.8 M 80
================================================================================
AV 56.2 27.5 11.3 FASTST M M 3 MAX(MPH)
MISC ----> 45 260 64 270
================================================================================
NOTES:
# LAST OF SEVERAL OCCURRENCES
COLUMN 17 PEAK WIND IN M.P.H.
PRELIMINARY LOCAL CLIMATOLOGICAL DATA (WS FORM: F-6) , PAGE 2
STATION: TRINIDAD CO
MONTH: MARCH
YEAR: 2021
LATITUDE: 37 16 N
LONGITUDE: 104 20 W
[TEMPERATURE DATA] [PRECIPITATION DATA] SYMBOLS USED IN COLUMN 16
AVERAGE MONTHLY: 41.8 TOTAL FOR MONTH: 1.24 1 = FOG OR MIST
DPTR FM NORMAL: -0.4 DPTR FM NORMAL: 0.35 2 = FOG REDUCING VISIBILITY
HIGHEST: 79 ON 29 GRTST 24HR 0.42 ON 16-17 TO 1/4 MILE OR LESS
LOWEST: 16 ON 31,11 3 = THUNDER
SNOW, ICE PELLETS, HAIL 4 = ICE PELLETS
TOTAL MONTH: M 5 = HAIL
GRTST 24HR M ON M 6 = FREEZING RAIN OR DRIZZLE
GRTST DEPTH: M ON M 7 = DUSTSTORM OR SANDSTORM:
VSBY 1/2 MILE OR LESS
8 = SMOKE OR HAZE
[NO. OF DAYS WITH] [WEATHER - DAYS WITH] 9 = BLOWING SNOW
X = TORNADO
MAX 32 OR BELOW: 0 0.01 INCH OR MORE: 9
MAX 90 OR ABOVE: 0 0.10 INCH OR MORE: 4
MIN 32 OR BELOW: 25 0.50 INCH OR MORE: 0
MIN 0 OR BELOW: 0 1.00 INCH OR MORE: 0
[HDD (BASE 65) ]
TOTAL THIS MO. 709 CLEAR (SCALE 0-3) 20
DPTR FM NORMAL 2 PTCLDY (SCALE 4-7) 8
TOTAL FM JUL 1 4679 CLOUDY (SCALE 8-10) 3
DPTR FM NORMAL -150
[CDD (BASE 65) ]
TOTAL THIS MO. 0
DPTR FM NORMAL 0 [PRESSURE DATA]
TOTAL FM JAN 1 0 HIGHEST SLP 30.44 ON 31
DPTR FM NORMAL 0 LOWEST SLP 29.42 ON 29
[REMARKS]
#FINAL-03-21#