000
CXUS53 KSGF 010810
CF6UNO
PRELIMINARY LOCAL CLIMATOLOGICAL DATA (WS FORM: F-6)
STATION: WEST PLAINS MO
MONTH: NOVEMBER
YEAR: 2021
LATITUDE: 36 52 N
LONGITUDE: 91 55 W
TEMPERATURE IN F: :PCPN: SNOW: WIND :SUNSHINE: SKY :PK WND
================================================================================
1 2 3 4 5 6A 6B 7 8 9 10 11 12 13 14 15 16 17 18
12Z AVG MX 2MIN
DY MAX MIN AVG DEP HDD CDD WTR SNW DPTH SPD SPD DIR MIN PSBL S-S WX SPD DR
================================================================================
1 50 38 44 -8 21 0 0.10 M M 5.8 12 30 M M 7 1 17 80
2 52 40 46 -6 19 0 0.00 M M 5.2 13 40 M M 5 17 350
3 53 31 42 -9 23 0 0.00 M M 3.3 12 100 M M 0 19 110
4 56 28 42 -9 23 0 0.00 M M 1.0 8 60 M M 0 8 12 360
5 55 27 41 -9 24 0 0.00 M M 1.3 7 80 M M 0 11 100
6 62 31 47 -3 18 0 0.00 M M 2.2 9 260 M M 0 14 260
7 69 34 52 2 13 0 0.00 M M 4.5 12 160 M M 0 16 150
8 74 35 55 6 10 0 0.00 M M 5.3 14 170 M M 0 20 180
9 67 46 57 8 8 0 0.00 M M 3.0 9 180 M M 3 13 220
10 69 52 61 13 4 0 0.02 M M 7.0 18 180 M M 6 12 27 180
11 61 39 50 2 15 0 0.20 M M 8.7 21 310 M M 5 13 32 270
12 54 34 44 -4 21 0 0.10 M M 11.2 24 260 M M 7 1 44 280
13 47 29 38 -9 27 0 0.00 M M 5.8 16 320 M M 2 24 320
14 59 36 48 1 17 0 0.00 M M 6.9 21 320 M M 2 30 310
15 66 34 50 3 15 0 0.00 M M 6.7 17 210 M M 1 26 220
16 75 43 59 13 6 0 0.00 M M 8.8 21 180 M M 2 30 190
17 73 43 58 12 7 0 0.17 M M 10.6 21 320 M M 7 1 30 360
18 53 28 41 -5 24 0 0.00 M M 7.7 21 320 M M 1 29 310
19 49 24 37 -8 28 0 0.00 M M 5.6 13 150 M M 0 20 130
20 56 40 48 3 17 0 0.00 M M 6.5 10 140 M M 9 16 170
21 60 46 53 8 12 0 T M M 5.3 13 350 M M 6 20 340
22 54 32 43 -1 22 0 0.00 M M 3.9 14 10 M M 0 21 10
23 54 31 43 -1 22 0 0.00 M M 7.7 15 180 M M 0 21 160
24 63 40 52 8 13 0 0.00 M M 11.8 23 200 M M 4 38 200
25 57 28 43 0 22 0 0.29 M M 10.2 21 320 M M 5 1 30 340
26 49 22 36 -7 29 0 0.00 M M 6.3 13 220 M M 0 19 210
27 67 37 52 9 13 0 0.00 M M 7.5 15 230 M M 0 23 220
28 58 32 45 3 20 0 0.00 M M 5.4 13 320 M M 0 20 340
29 62 30 46 4 19 0 0.00 M M 6.9 16 200 M M 0 22 200
30 70 43 57 15 8 0 0.00 M M 4.7 9 270 M M 0 13 260
================================================================================
SM 1794 1053 520 0 0.88 M 186.8 M 72
================================================================================
AV 59.8 35.1 6.2 FASTST M M 2 MAX(MPH)
MISC ----> 24 260 44 280
================================================================================
NOTES:
# LAST OF SEVERAL OCCURRENCES
COLUMN 17 PEAK WIND IN M.P.H.
PRELIMINARY LOCAL CLIMATOLOGICAL DATA (WS FORM: F-6) , PAGE 2
STATION: WEST PLAINS MO
MONTH: NOVEMBER
YEAR: 2021
LATITUDE: 36 52 N
LONGITUDE: 91 55 W
[TEMPERATURE DATA] [PRECIPITATION DATA] SYMBOLS USED IN COLUMN 16
AVERAGE MONTHLY: 47.4 TOTAL FOR MONTH: 0.88 1 = FOG OR MIST
DPTR FM NORMAL: 0.8 DPTR FM NORMAL: -3.46 2 = FOG REDUCING VISIBILITY
HIGHEST: 75 ON 16 GRTST 24HR 0.29 ON 24-25 TO 1/4 MILE OR LESS
LOWEST: 22 ON 26 3 = THUNDER
SNOW, ICE PELLETS, HAIL 4 = ICE PELLETS
TOTAL MONTH: M 5 = HAIL
GRTST 24HR M ON M 6 = FREEZING RAIN OR DRIZZLE
GRTST DEPTH: M ON M 7 = DUSTSTORM OR SANDSTORM:
VSBY 1/2 MILE OR LESS
8 = SMOKE OR HAZE
[NO. OF DAYS WITH] [WEATHER - DAYS WITH] 9 = BLOWING SNOW
X = TORNADO
MAX 32 OR BELOW: 0 0.01 INCH OR MORE: 6
MAX 90 OR ABOVE: 0 0.10 INCH OR MORE: 5
MIN 32 OR BELOW: 13 0.50 INCH OR MORE: 0
MIN 0 OR BELOW: 0 1.00 INCH OR MORE: 0
[HDD (BASE 65) ]
TOTAL THIS MO. 520 CLEAR (SCALE 0-3) 20
DPTR FM NORMAL -34 PTCLDY (SCALE 4-7) 9
TOTAL FM JUL 1 671 CLOUDY (SCALE 8-10) 1
DPTR FM NORMAL -176
[CDD (BASE 65) ]
TOTAL THIS MO. 0
DPTR FM NORMAL -2 [PRESSURE DATA]
TOTAL FM JAN 1 1598 HIGHEST SLP M ON M
DPTR FM NORMAL 229 LOWEST SLP 29.73 ON 11
[REMARKS]
#FINAL-11-21#