000
CXUS56 KPQR 011155
CF6VUO
PRELIMINARY LOCAL CLIMATOLOGICAL DATA (WS FORM: F-6)
STATION: VANCOUVER WA
MONTH: OCTOBER
YEAR: 2021
LATITUDE: 45 37 N
LONGITUDE: 122 39 W
TEMPERATURE IN F: :PCPN: SNOW: WIND :SUNSHINE: SKY :PK WND
================================================================================
1 2 3 4 5 6A 6B 7 8 9 10 11 12 13 14 15 16 17 18
12Z AVG MX 2MIN
DY MAX MIN AVG DEP HDD CDD WTR SNW DPTH SPD SPD DIR MIN PSBL S-S WX SPD DR
================================================================================
1 67 50 59 0 6 0 0.00 M M 4.8 13 320 M M 5 1 20 300
2 71 43 57 -2 8 0 0.00 M M 2.1 8 350 M M 1 12 12 320
3 68 44 56 -2 9 0 0.00 M M 4.3 14 290 M M 2 18 290
4 68 50 59 1 6 0 0.00 M M 4.0 9 120 M M 4 12 120
5 59 51 55 -3 10 0 0.25 M M 4.8 12 80 M M 6 1 17 210
6 60 40 50 -7 15 0 0.12 M M 3.5 10 210 M M 7 12 14 200
7 61 40 51 -6 14 0 0.00 M M 3.0 10 310 M M 5 12 14 340
8 60 38 49 -8 16 0 0.00 M M 1.1 7 110 M M 4 1 9 110
9 63 41 52 -4 13 0 0.05 M M 2.7 10 90 M M 8 14 180
10 60 40 50 -6 15 0 0.04 M M 4.5 17 290 M M 7 1 22 300
11 58 36 47 -9 18 0 0.01 M M 2.3 13 300 M M 2 1 17 300
12 53 36 45 -10 20 0 0.10 M M 3.1 10 160 M M 8 20 150
13 53 40 47 -8 18 0 0.12 M M 2.9 10 190 M M 9 1 17 200
14 56 50 53 -2 12 0 0.14 M M 4.4 9 120 M M 10 1 13 120
15 65 47 56 2 9 0 0.00 M M 2.0 8 120 M M 2 1 10 110
16 68 44 56 2 9 0 0.00 M M 1.2 7 110 M M 2 12 9 110
17 62 50 56 2 9 0 T M M 4.3 17 260 M M 5 22 270
18 58 41 50 -4 15 0 0.00 M M 1.7 8 300 M M 7 12 320
19 60 38 49 -4 16 0 0.04 M M 1.6 8 80 M M 2 1 10 110
20 62 51 57 4 8 0 0.21 M M 5.5 13 180 M M 7 1 20 140
21 67 46 57 4 8 0 0.80 M M 6.2 17 110 M M 6 1 23 110
22 59 52 56 4 9 0 0.13 M M 4.0 10 120 M M 9 1 15 150
23 54 51 53 1 12 0 0.61 M M 7.3 15 110 M M 10 1 19 110
24 60 52 56 4 9 0 0.28 M M 10.4 21 240 M M 8 1 34 220
25 58 52 55 4 10 0 0.13 M M 8.8 21 160 M M 10 1 31 210
26 57 50 54 3 11 0 0.15 M M 6.1 16 170 M M 10 18 26 190
27 57 50 54 3 11 0 0.04 M M 3.7 12 110 M M 8 15 110
28 68 53 61 10 4 0 0.07 M M 5.9 13 190 M M 10 1 21 210
29 60 43 52 2 13 0 0.44 M M 5.4 14 310 M M 6 1 21 320
30 59 37 48 -2 17 0 0.00 M M 12.3 28 100 M M 0 37 110
31 61 51 56 6 9 0 0.00 M M 11.6 21 80 M M 1 29 110
================================================================================
SM 1892 1407 359 0 3.73 M 145.5 M 181
================================================================================
AV 61.0 45.4 4.7 FASTST M M 6 MAX(MPH)
MISC ----> 28 100 37 110
================================================================================
NOTES:
# LAST OF SEVERAL OCCURRENCES
COLUMN 17 PEAK WIND IN M.P.H.
PRELIMINARY LOCAL CLIMATOLOGICAL DATA (WS FORM: F-6) , PAGE 2
STATION: VANCOUVER WA
MONTH: OCTOBER
YEAR: 2021
LATITUDE: 45 37 N
LONGITUDE: 122 39 W
[TEMPERATURE DATA] [PRECIPITATION DATA] SYMBOLS USED IN COLUMN 16
AVERAGE MONTHLY: 53.2 TOTAL FOR MONTH: 3.73 1 = FOG OR MIST
DPTR FM NORMAL: -1.0 DPTR FM NORMAL: 0.32 2 = FOG REDUCING VISIBILITY
HIGHEST: 71 ON 2 GRTST 24HR 0.92 ON 21-22 TO 1/4 MILE OR LESS
LOWEST: 36 ON 12,11 3 = THUNDER
SNOW, ICE PELLETS, HAIL 4 = ICE PELLETS
TOTAL MONTH: M 5 = HAIL
GRTST 24HR M ON M 6 = FREEZING RAIN OR DRIZZLE
GRTST DEPTH: M ON M 7 = DUSTSTORM OR SANDSTORM:
VSBY 1/2 MILE OR LESS
8 = SMOKE OR HAZE
[NO. OF DAYS WITH] [WEATHER - DAYS WITH] 9 = BLOWING SNOW
X = TORNADO
MAX 32 OR BELOW: 0 0.01 INCH OR MORE: 19
MAX 90 OR ABOVE: 0 0.10 INCH OR MORE: 13
MIN 32 OR BELOW: 0 0.50 INCH OR MORE: 2
MIN 0 OR BELOW: 0 1.00 INCH OR MORE: 0
[HDD (BASE 65) ]
TOTAL THIS MO. 359 CLEAR (SCALE 0-3) 8
DPTR FM NORMAL 24 PTCLDY (SCALE 4-7) 13
TOTAL FM JUL 1 430 CLOUDY (SCALE 8-10) 10
DPTR FM NORMAL -18
[CDD (BASE 65) ]
TOTAL THIS MO. 0
DPTR FM NORMAL -2 [PRESSURE DATA]
TOTAL FM JAN 1 698 HIGHEST SLP 30.32 ON 27
DPTR FM NORMAL 299 LOWEST SLP 29.04 ON 24
[REMARKS]
#FINAL-10-21#