000
CXUS55 KLIX 281000
CF6BTR
PRELIMINARY LOCAL CLIMATOLOGICAL DATA (WS FORM: F-6)

                                          STATION:   BATON ROUGE  ASOS
                                          MONTH:     MAY
                                          YEAR:      2018
                                          LATITUDE:   30 31 N
                                          LONGITUDE:  91  9 W

  TEMPERATURE IN F:       :PCPN:    SNOW:  WIND      :SUNSHINE: SKY     :PK WND
================================================================================
1   2   3   4   5  6A  6B    7    8   9   10  11  12  13   14  15   16   17  18
                                     12Z  AVG MX 2MIN
DY MAX MIN AVG DEP HDD CDD  WTR  SNW DPTH SPD SPD DIR MIN PSBL S-S WX    SPD DR
================================================================================

 1  87  56  72   0   0   7    T  0.0    0  9.5 20 170   M    M   3 1      26 160
 2  90  69  80   8   0  15 0.00  0.0    0  9.3 18 130   M    M   4 18     25 110
 3  87  66  77   5   0  12 0.00  0.0    0  7.8 17 140   M    M   3 12     27 140
 4  85  66  76   3   0  11 0.00  0.0    0  4.6 12 240   M    M   6 18     16 270
 5  76  62  69  -4   0   4 0.26  0.0    0  4.4 13 300   M    M   6 1      17 300
 6  87  59  73   0   0   8 0.00  0.0    0  2.7 12  10   M    M   1 18     16  10
 7  90  60  75   1   0  10 0.00  0.0    0  3.4 15  30   M    M   1 8      18  20
 8  91  64  78   4   0  13 0.00  0.0    0  2.8 12 280   M    M   1         M  M
 9  90  66  78   4   0  13 0.00  0.0    0  4.9 16 190   M    M   1 18     19 190
10  88  63  76   2   0  11 0.00  0.0    0  5.6 15 200   M    M   0 18     23 220
11  90  63  77   2   0  12 0.00  0.0    0  8.0 17 200   M    M   2 18     23 170
12  90  64  77   2   0  12 0.01  0.0    0  5.8 21 120   M    M   3 138    24 120
13  92  68  80   5   0  15 0.00  0.0    0  4.3 12 130   M    M   2 18     16 120
14  94  69  82   7   0  17    T  0.0    0  4.2 23 230   M    M   2 138    27 230
15  96  71  84   8   0  19 0.00  0.0    0  5.1 14 330   M    M   0 18     19 310
16  93  72  83   7   0  18 0.00  0.0    0  5.4 15 310   M    M   0 18     23 290
17  93  72  83   7   0  18 0.00  0.0    0  7.5 20 250   M    M   0 18     25 270
18  91  69  80   4   0  15 0.92  0.0    0  4.2 29 220   M    M   3 138    45 290
19  91  68  80   4   0  15    T  0.0    0  4.9 21 250   M    M   4 138    25 260
20  92  70  81   4   0  16 0.00  0.0    0  4.9 14 180   M    M   2 1      17 190
21  93  68  81   4   0  16 0.85  0.0    0  3.5 22 120   M    M   3 138    25 160
22  93  71  82   5   0  17 0.02  0.0    0  3.7 16  90   M    M   3 13     20  90
23  93  70  82   5   0  17    T  0.0    0  3.1 16 300   M    M   2 13     23 290
24  90  71  81   3   0  16 0.75  0.0    0  5.6 28 150   M    M   4 13     33 150
25  91  70  81   3   0  16 0.33  0.0    0  3.4 24 130   M    M   3 13     33 140
26  90  70  80   2   0  15    T  0.0    0  4.3 23 220   M    M   3 38     27 220
27  90  69  80   2   0  15 0.00  0.0    0  4.5 17  80   M    M   2 1      22  90
================================================================================
SM 2433 1806         0 373  3.14     0.0 137.4          M       64
================================================================================
AV 90.1 66.9                               5.1 FASTST   M    M   2    MAX(MPH)
                                 MISC ---->  # 29 220               # 45  290
================================================================================
NOTES:
# LAST OF SEVERAL OCCURRENCES

COLUMN 17 PEAK WIND IN M.P.H.

PRELIMINARY LOCAL CLIMATOLOGICAL DATA (WS FORM: F-6) , PAGE 2

                                          STATION:  BATON ROUGE  ASOS
                                          MONTH:    MAY
                                          YEAR:     2018
                                          LATITUDE:   30 31 N
                                          LONGITUDE:  91  9 W

[TEMPERATURE DATA]      [PRECIPITATION DATA]       SYMBOLS USED IN COLUMN 16

AVERAGE MONTHLY: 78.5   TOTAL FOR MONTH:   3.14    1 = FOG OR MIST
DPTR FM NORMAL:   3.3   DPTR FM NORMAL:   -1.08    2 = FOG REDUCING VISIBILITY
HIGHEST:    96 ON 15    GRTST 24HR  0.92 ON 18-18      TO 1/4 MILE OR LESS
LOWEST:     56 ON  1                               3 = THUNDER
                        SNOW, ICE PELLETS, HAIL    4 = ICE PELLETS
                        TOTAL MONTH:   0.0 INCH    5 = HAIL
                        GRTST 24HR     0.0         6 = FREEZING RAIN OR DRIZZLE
                        GRTST DEPTH:   0           7 = DUSTSTORM OR SANDSTORM:
                                                       VSBY 1/2 MILE OR LESS
                                                   8 = SMOKE OR HAZE
[NO. OF DAYS WITH]      [WEATHER - DAYS WITH]      9 = BLOWING SNOW
                                                   X = TORNADO
MAX 32 OR BELOW:   0    0.01 INCH OR MORE:   7
MAX 90 OR ABOVE:  21    0.10 INCH OR MORE:   5
MIN 32 OR BELOW:   0    0.50 INCH OR MORE:   3
MIN  0 OR BELOW:   0    1.00 INCH OR MORE:   0

[HDD (BASE 65) ]
TOTAL THIS MO.     0    CLEAR  (SCALE 0-3)  17
DPTR FM NORMAL     0    PTCLDY (SCALE 4-7)  10
TOTAL FM JUL 1  1491    CLOUDY (SCALE 8-10)  0
DPTR FM NORMAL   -62

[CDD (BASE 65) ]
TOTAL THIS MO.   373
DPTR FM NORMAL    94    [PRESSURE DATA]
TOTAL FM JAN 1   625    HIGHEST SLP M ON M
DPTR FM NORMAL   115    LOWEST  SLP 29.77 ON M

[REMARKS]
