000
CXUS54 KFWD 220730
CF6DAL
PRELIMINARY LOCAL CLIMATOLOGICAL DATA (WS FORM: F-6)

                                          STATION:   DALLAS LOVE FIELD
                                          MONTH:     JUNE
                                          YEAR:      2018
                                          LATITUDE:   32 50 N
                                          LONGITUDE:  96 51 W

  TEMPERATURE IN F:       :PCPN:    SNOW:  WIND      :SUNSHINE: SKY     :PK WND
================================================================================
1   2   3   4   5  6A  6B    7    8   9   10  11  12  13   14  15   16   17  18
                                     12Z  AVG MX 2MIN
DY MAX MIN AVG DEP HDD CDD  WTR  SNW DPTH SPD SPD DIR MIN PSBL S-S WX    SPD DR
================================================================================

 1  99  78  89  10   0  24 0.00  0.0    0 13.6 21 160   M    M   2        25 160
 2 101  80  91  12   0  26 0.00  0.0    0 10.4 22 160   M    M   5        28 170
 3  94  79  87   7   0  22 0.00  0.0    0 11.0 21  30   M    M   7        26  50
 4  84  69  77  -3   0  12 0.53  0.0    0  7.1 16 100   M    M   7 13     22 110
 5  94  73  84   4   0  19    T  0.0    0 12.4 20 120   M    M   5 3      23 100
 6  96  78  87   7   0  22 0.07  0.0    0 14.0 22 140   M    M   4 13     28 120
 7  95  77  86   6   0  21 0.01  0.0    0 13.8 28  30   M    M   8 3      36  30
 8  96  74  85   4   0  20 0.00  0.0    0 11.8 20 140   M    M   5        24 150
 9  97  79  88   7   0  23 0.00  0.0    0 10.8 21 160   M    M   2        27 150
10  98  76  87   6   0  22 0.00  0.0    0 12.8 21 180   M    M   6        25 180
11  97  79  88   7   0  23 0.00  0.0    0 15.6 23 170   M    M   6        30 190
12  98  80  89   7   0  24 0.00  0.0    0 11.7 20 170   M    M   6        26 170
13  99  80  90   8   0  25 0.00  0.0    0 10.8 16 170   M    M   5        25 190
14  98  81  90   8   0  25 0.00  0.0    0 11.5 21 170   M    M   2        27 150
15  98  79  89   7   0  24 0.00  0.0    0 13.2 23 160   M    M   2        28 150
16  97  79  88   6   0  23 0.00  0.0    0 16.1 25 150   M    M   4        34 170
17  97  79  88   5   0  23 0.00  0.0    0 13.3 22 150   M    M   4        29 150
18  93  78  86   3   0  21 0.01  0.0    0 14.2 29 140   M    M   7        35 130
19  88  74  81  -2   0  16 0.05  0.0    0 13.9 22 140   M    M   9 1      29 140
20  90  76  83   0   0  18 0.03  0.0    0  8.7 20 160   M    M   7 13     24 140
21 100  78  89   6   0  24 0.00  0.0    0  6.5 17 150   M    M   3        20 140
================================================================================
SM 2009 1626         0 457  0.70     0.0 253.2          M      106
================================================================================
AV 95.7 77.4                              12.1 FASTST   M    M   5    MAX(MPH)
                                 MISC ---->  # 29 140               # 36   30
================================================================================
NOTES:
# LAST OF SEVERAL OCCURRENCES

COLUMN 17 PEAK WIND IN M.P.H.

PRELIMINARY LOCAL CLIMATOLOGICAL DATA (WS FORM: F-6) , PAGE 2

                                          STATION:  DALLAS LOVE FIELD
                                          MONTH:    JUNE
                                          YEAR:     2018
                                          LATITUDE:   32 50 N
                                          LONGITUDE:  96 51 W

[TEMPERATURE DATA]      [PRECIPITATION DATA]       SYMBOLS USED IN COLUMN 16

AVERAGE MONTHLY: 86.6   TOTAL FOR MONTH:   0.70    1 = FOG OR MIST
DPTR FM NORMAL:   5.3   DPTR FM NORMAL:   -2.36    2 = FOG REDUCING VISIBILITY
HIGHEST:   101 ON  2    GRTST 24HR  0.53 ON  4- 4      TO 1/4 MILE OR LESS
LOWEST:     69 ON  4                               3 = THUNDER
                        SNOW, ICE PELLETS, HAIL    4 = ICE PELLETS
                        TOTAL MONTH:   0.0 INCH    5 = HAIL
                        GRTST 24HR     0.0         6 = FREEZING RAIN OR DRIZZLE
                        GRTST DEPTH:   0           7 = DUSTSTORM OR SANDSTORM:
                                                       VSBY 1/2 MILE OR LESS
                                                   8 = SMOKE OR HAZE
[NO. OF DAYS WITH]      [WEATHER - DAYS WITH]      9 = BLOWING SNOW
                                                   X = TORNADO
MAX 32 OR BELOW:   0    0.01 INCH OR MORE:   6
MAX 90 OR ABOVE:  19    0.10 INCH OR MORE:   1
MIN 32 OR BELOW:   0    0.50 INCH OR MORE:   1
MIN  0 OR BELOW:   0    1.00 INCH OR MORE:   0

[HDD (BASE 65) ]
TOTAL THIS MO.     0    CLEAR  (SCALE 0-3)   5
DPTR FM NORMAL     0    PTCLDY (SCALE 4-7)  15
TOTAL FM JUL 1  1953    CLOUDY (SCALE 8-10)  1
DPTR FM NORMAL  -183

[CDD (BASE 65) ]
TOTAL THIS MO.   457
DPTR FM NORMAL   114    [PRESSURE DATA]
TOTAL FM JAN 1  1098    HIGHEST SLP M ON M
DPTR FM NORMAL   278    LOWEST  SLP 29.68 ON 11

[REMARKS]
