000
CXUS52 KMLB 240628
CF6ORL
PRELIMINARY LOCAL CLIMATOLOGICAL DATA (WS FORM: F-6)

                                          STATION:   ORLANDO EXEC
                                          MONTH:     MAY
                                          YEAR:      2018
                                          LATITUDE:   28 32 N
                                          LONGITUDE:  81 20 W

  TEMPERATURE IN F:       :PCPN:    SNOW:  WIND      :SUNSHINE: SKY     :PK WND
================================================================================
1   2   3   4   5  6A  6B    7    8   9   10  11  12  13   14  15   16   17  18
                                     12Z  AVG MX 2MIN
DY MAX MIN AVG DEP HDD CDD  WTR  SNW DPTH SPD SPD DIR MIN PSBL S-S WX    SPD DR
================================================================================

 1  85  66  76   1   0  11 0.00  0.0    0 10.5 21  70   M    M   3        27  70
 2  83  64  74  -1   0   9 0.00  0.0    0 10.3 22  70   M    M   3        26  50
 3  84  67  76   1   0  11 0.00  0.0    0  9.8 21  80   M    M   6        24  80
 4  87  64  76   1   0  11 0.00  0.0    0  8.8 18  80   M    M   1        24  80
 5  86  68  77   1   0  12 0.01  0.0    0  8.8 18  60   M    M   5 8      23  50
 6  79  72  76   0   0  11 0.24  0.0    0  3.8 13 360   M    M   9 1      18 350
 7  91  70  81   5   0  16 0.00  0.0    0  7.4 17  20   M    M   1        21  30
 8  87  67  77   1   0  12 0.00  0.0    0  6.5 15  50   M    M   0        22  50
 9  88  66  77   1   0  12 0.00  0.0    0  8.7 20  10   M    M   0 1      23 360
10  88  68  78   1   0  13 0.00  0.0    0  4.9 14 120   M    M   0        17 100
11  94  71  83   6   0  18 0.00  0.0    0  7.0 16  70   M    M   0        22  40
12  78  72  75  -2   0  10 0.09  0.0    0  5.3 12  90   M    M   3 1      14  70
13  85  70  78   1   0  13 0.14  0.0    0  6.8 17  80   M    M   4 1      20  50
14  77  71  74  -4   0   9 1.19  0.0    0  9.1 20  80   M    M   9 1      24  80
15  88  70  79   1   0  14 0.75  0.0    0  8.3 30 200   M    M   6 138    39 200
16  87  69  78   0   0  13 1.17  0.0    0  8.9 29 160   M    M   3 13     43 170
17  85  70  78   0   0  13 0.57  0.0    0  8.9 23 190   M    M   7 138    27 180
18  86  69  78   0   0  13 0.48  0.0    0  7.9 18 100   M    M   4 138    22 110
19  83  70  77  -2   0  12 0.49  0.0    0  7.6 20 130   M    M   4 13     24 140
20  79  69  74  -5   0   9 0.36  0.0    0  7.0 15 100   M    M   8 1      20 110
21  79  72  76  -3   0  11 0.36  0.0    0  7.6 23  90   M    M   9 13     28 100
22  83  71  77  -2   0  12    T  0.0    0  7.7 24 140   M    M   4 1      31 130
23  89  68  79   0   0  14 0.00  0.0    0  6.0 17 100   M    M   5 1      20 110
================================================================================
SM 1951 1584         0 279  5.85     0.0 177.6          M       94
================================================================================
AV 84.8 68.9                               7.7 FASTST   M    M   4    MAX(MPH)
                                 MISC ---->  # 30 200               # 43  170
================================================================================
NOTES:
# LAST OF SEVERAL OCCURRENCES

COLUMN 17 PEAK WIND IN M.P.H.

PRELIMINARY LOCAL CLIMATOLOGICAL DATA (WS FORM: F-6) , PAGE 2

                                          STATION:  ORLANDO EXEC
                                          MONTH:    MAY
                                          YEAR:     2018
                                          LATITUDE:   28 32 N
                                          LONGITUDE:  81 20 W

[TEMPERATURE DATA]      [PRECIPITATION DATA]       SYMBOLS USED IN COLUMN 16

AVERAGE MONTHLY: 76.9   TOTAL FOR MONTH:   5.85    1 = FOG OR MIST
DPTR FM NORMAL:  -0.2   DPTR FM NORMAL:    3.94    2 = FOG REDUCING VISIBILITY
HIGHEST:    94 ON 11    GRTST 24HR  1.19 ON 14-14      TO 1/4 MILE OR LESS
LOWEST:     64 ON  4, 2                            3 = THUNDER
                        SNOW, ICE PELLETS, HAIL    4 = ICE PELLETS
                        TOTAL MONTH:   0.0 INCH    5 = HAIL
                        GRTST 24HR     0.0         6 = FREEZING RAIN OR DRIZZLE
                        GRTST DEPTH:   0           7 = DUSTSTORM OR SANDSTORM:
                                                       VSBY 1/2 MILE OR LESS
                                                   8 = SMOKE OR HAZE
[NO. OF DAYS WITH]      [WEATHER - DAYS WITH]      9 = BLOWING SNOW
                                                   X = TORNADO
MAX 32 OR BELOW:   0    0.01 INCH OR MORE:  12
MAX 90 OR ABOVE:   2    0.10 INCH OR MORE:  10
MIN 32 OR BELOW:   0    0.50 INCH OR MORE:   4
MIN  0 OR BELOW:   0    1.00 INCH OR MORE:   2

[HDD (BASE 65) ]
TOTAL THIS MO.     0    CLEAR  (SCALE 0-3)  10
DPTR FM NORMAL     0    PTCLDY (SCALE 4-7)  10
TOTAL FM JUL 1   388    CLOUDY (SCALE 8-10)  3
DPTR FM NORMAL  -142

[CDD (BASE 65) ]
TOTAL THIS MO.   279
DPTR FM NORMAL     1    [PRESSURE DATA]
TOTAL FM JAN 1   947    HIGHEST SLP M ON M
DPTR FM NORMAL   230    LOWEST  SLP 29.88 ON 16

[REMARKS]
