000
CXUS53 KIWX 012134
CLMFWA

CLIMATE REPORT
NATIONAL WEATHER SERVICE NORTHERN INDIANA
225 AM EST SUN DEC 1 2019

...................................

...THE FORT WAYNE CLIMATE SUMMARY FOR THE MONTH OF NOVEMBER 2019...

CLIMATE NORMAL PERIOD 1981 TO 2010
CLIMATE RECORD PERIOD 1897 TO 2019

WEATHER         OBSERVED          NORMAL  DEPART  LAST YEAR`S
                 VALUE   DATE(S)  VALUE   FROM    VALUE  DATE(S)
                                          NORMAL
................................................................
TEMPERATURE (F)
RECORD
 HIGH              79   11/01/2016
                        11/01/1950
 LOW                    11/30/1958
                        11/25/1950
                        11/24/1950
HIGHEST            56   11/27        MM      MM       57  11/06
                        11/04
LOWEST              6   11/13        MM      MM       20  11/14
AVG. MAXIMUM     44.4              49.9    -5.5     42.3
AVG. MINIMUM     27.6              32.9    -5.3     31.6
MEAN             36.0              41.4    -5.4
DAYS MAX >= 90      0               0.0     0.0        0
DAYS MAX <= 32      2               1.4     0.6        3
DAYS MIN <= 32     19              14.4     4.6       16
DAYS MIN <= 0       0               0.0     0.0        0

PRECIPITATION (INCHES)
RECORD
 MAXIMUM         8.01   1992
 MINIMUM         0.23   1917
TOTALS           1.65              3.09   -1.44     3.86
DAILY AVG.       0.06              0.10   -0.04     0.13
DAYS >= .01         8              11.2    -3.2       17
DAYS >= .10         4               6.8    -2.8        8
DAYS >= .50         1               1.7    -0.7        2
DAYS >= 1.00        0               0.5    -0.5        1
GREATEST
 24 HR. TOTAL    0.81   11/26 TO 11/27

SNOWFALL (INCHES)
RECORDS
 TOTAL           14.1   1950
TOTALS            6.4               1.8     4.6      2.1
SINCE 7/1         6.9               2.1     4.8      2.1
SNOWDEPTH AVG.      0                MM      MM        0
DAYS >= 1.0         2               0.5     1.5        1
GREATEST
 SNOW DEPTH         3   11/24                          1
                        11/13
                        11/12
 24 HR TOTAL      2.9   11/11 TO 11/11

DEGREE_DAYS
HEATING TOTAL     862               708     154      834
 SINCE 7/1       1245              1217      28     1287
COOLING TOTAL       0                 0       0        0
 SINCE 1/1        994               809     185     1218
.................................................................

WIND (MPH)
AVERAGE WIND SPEED              8.4
HIGHEST WIND SPEED/DIRECTION    40/240    DATE  11/27
HIGHEST GUST SPEED/DIRECTION    61/240    DATE  11/27

SKY COVER
POSSIBLE SUNSHINE (PERCENT)   MM
AVERAGE SKY COVER           0.70
NUMBER OF DAYS FAIR            0
NUMBER OF DAYS PC             16
NUMBER OF DAYS CLOUDY         14

AVERAGE RH (PERCENT)     75

WEATHER CONDITIONS. NUMBER OF DAYS WITH
  0
  1
  0
  0
  3
  2
  0
HAZE                      4

-  INDICATES NEGATIVE NUMBERS.
R  INDICATES RECORD WAS SET OR TIED.
MM INDICATES DATA IS MISSING.
T  INDICATES TRACE AMOUNT.

&&

...NOVEMBRRR 2019 BREAKS 98+ YEAR-OLD RECORDS...

NOVEMBER 12TH AND 13TH WERE THE DAYS FORT WAYNE REACHED ROCK-BOTTOM
DURING A COLD NOVEMBER 2019. HIGHS WERE IN THE 20S AND OVERNIGHT
LOWS WERE IN THE SINGLE DIGITS. SIXTEEN OF THE FIRST EIGHTEEN DAYS
OF THE MONTH HAD A DAILY AVERAGE TEMPERATURE BELOW NORMAL. THIS
STRETCH, NOVEMBER 1-18, RANKED AS THE FIRST COLDEST ON RECORD WITH
AN AVERAGE TEMPERATURE OF 33.9 DEGREES (FIRST COLDEST: 1951, 33.9
DEGREES).

FOUR RECORDS WERE SET AT FORT WAYNE THIS MONTH. NOVEMBER 12TH HAD
TWO RECORDS: THE LOW TEMPERATURE OF 9 DEGREES BROKE THE PREVIOUS
RECORD OF 11 DEGREES IN 1911. THE HIGH TEMPERATURE OF 25 DEGREES SET
A NEW RECORD COLD HIGH TEMPERATURE. THE PREVIOUS RECORD WAS 27 SET
IN 1920. THE LOW TEMPERATURE ON NOVEMBER 13TH OF 6 DEGREES WAS A NEW
RECORD, BREAKING THE PREVIOUS RECORD OF 10 DEGREES IN 1911. LASTLY,
NOVEMBER 11TH SAW A RECORD SNOWFALL OF 2.9 INCHES. THIS BREAKS THE
PREVIOUS RECORD OF 2 INCHES SET IN 1921.

THE MEAN TEMPERATURE FOR THE MONTH WAS 36.0 DEGREES. THIS IS 5.4
DEGREES BELOW NORMAL. THIS RANKS AS THE 12TH COLDEST NOVEMBER ON
RECORD.

FOR THE MONTH, 6.4 INCHES OF SNOW WAS OBSERVED. THIS IS 4.6 INCHES
ABOVE NORMAL. THIS RANKS AS THE 9TH SNOWIEST ON RECORD. 1.65 INCHES
OF PRECIPITATION WAS OBSERVED. THIS IS 1.44 INCHES BELOW NORMAL.
THIS RANKS AS THE 29TH DRIEST ON RECORD.

ONE ADDITIONAL NOTE FOR THE MONTH WAS A WIND STORM ON THE 27TH IN
WHICH A WIND GUST OF 60 MPH WAS RECORDED. THIS STORM RESULTED IN
SOME PROPERTY DAMAGE INCLUDING DOWNED TREES AND POWER LINES.

BROWN

$$
