000
CXUS53 KIWX 011237
CLMSBN

CLIMATE REPORT
NATIONAL WEATHER SERVICE NORTHERN INDIANA
831 AM EDT MON OCT 1 2018

...................................

...THE SOUTH BEND CLIMATE SUMMARY FOR THE MONTH OF SEPTEMBER 2018...

CLIMATE NORMAL PERIOD 1981 TO 2010
CLIMATE RECORD PERIOD 1893 TO 2018

WEATHER         OBSERVED          NORMAL  DEPART  LAST YEAR`S
                 VALUE   DATE(S)  VALUE   FROM    VALUE  DATE(S)
                                          NORMAL
................................................................
TEMPERATURE (F)
RECORD
 HIGH              99   09/01/1953
                        09/08/1933
                        09/07/1933
 LOW               29   09/28/1942
HIGHEST            90   09/20        MM      MM       91  09/23
                        09/05
                        09/04
LOWEST             38   09/29        MM      MM       40  09/30
AVG. MAXIMUM     76.7              74.0     2.7     76.9
AVG. MINIMUM     57.5              53.7     3.8     54.5
MEAN             67.1              63.9     3.2
DAYS MAX >= 90      3               0.7     2.3        4
DAYS MAX <= 32      0               0.0     0.0        0
DAYS MIN <= 32      0               0.0     0.0        0
DAYS MIN <= 0       0               0.0     0.0        0

PRECIPITATION (INCHES)
RECORD
 MAXIMUM        13.92   2008
 MINIMUM         0.01   1979
TOTALS           2.95              3.53   -0.58     2.04
DAILY AVG.       0.10              0.12   -0.02     0.07
DAYS >= .01         9               9.9    -0.9        9
DAYS >= .10         5               6.1    -1.1        5
DAYS >= .50         4               2.3     1.7        2
DAYS >= 1.00        0               0.6    -0.6        0
GREATEST
 24 HR. TOTAL    0.92   09/20 TO 09/20

SNOWFALL (INCHES)
RECORDS
 TOTAL            1.2   1942
TOTALS            0.0                 T     0.0      0.0
SINCE 7/1         0.0                 T     0.0      0.0
SNOWDEPTH AVG.      0                MM      MM        0
DAYS >= 1.0         0               0.0     0.0        0
GREATEST
 SNOW DEPTH         0   MM
 24 HR TOTAL      0.0   09/30 TO 09/30

DEGREE_DAYS
HEATING TOTAL      77               116     -39       91
 SINCE 7/1         79               134     -55      112
COOLING TOTAL     148                82      66      118
 SINCE 1/1        918               764     154      670
.................................................................

WIND (MPH)
AVERAGE WIND SPEED              7.0
HIGHEST WIND SPEED/DIRECTION    36/270    DATE  09/25
HIGHEST GUST SPEED/DIRECTION    59/260    DATE  09/20

SKY COVER
POSSIBLE SUNSHINE (PERCENT)   MM
AVERAGE SKY COVER           0.30
NUMBER OF DAYS FAIR           18
NUMBER OF DAYS PC             11
NUMBER OF DAYS CLOUDY          1

AVERAGE RH (PERCENT)     75

                1

-  INDICATES NEGATIVE NUMBERS.
R  INDICATES RECORD WAS SET OR TIED.
MM INDICATES DATA IS MISSING.
T  INDICATES TRACE AMOUNT.

&&

...A WARM AND SLIGHTLY DRY SEPTEMBER IN THE SOUTH BEND AREA...

OVERALL IT WAS A RELATIVELY UNEVENTFUL START TO THE FALL SEASON. THE
MONTHLY AVERAGE TEMPERATURE WAS OVER 3 DEGREES ABOVE NORMAL WHILE
MONTHLY PRECIPITATION WAS AROUND ONE HALF INCH BELOW NORMAL IN THE
SOUTH BEND AREA FOR SEPTEMBER. HIGH TEMPERATURES REACHED 90 DEGREES
ON 3 DAYS AND LOW TEMPERATURES DROPPED BELOW 40 DEGREES ON ONE DAY,
THE 29TH. SEVERE WEATHER IN THE FORM OF ISOLATED DAMAGING WINDS DID
OCCUR ACROSS THE REGION ON A FEW DAYS IN SEPTEMBER BUT THERE WAS NO
WIDESPREAD SEVERE WEATHER.

THE AVERAGE MONTHLY TEMPERATURE WAS 67.1 DEGREES, 3.2 DEGREES ABOVE
NORMAL. THIS RANKED AS THE 25TH WARMEST SEPTEMBER ON RECORD. TOTAL
MONTHLY PRECIPITATION WAS 2.95 INCHES, 0.58 INCHES BELOW NORMAL.
THIS WAS THE 57TH DRIEST SEPTEMBER ON RECORD. THERE WAS NO SNOWFALL.

$$
