000
CXUS53 KIWX 020251
CLMSBN

CLIMATE REPORT
NATIONAL WEATHER SERVICE NORTHERN INDIANA
922 PM EST SUN DEC 1 2019

...................................

...THE SOUTH BEND CLIMATE SUMMARY FOR THE MONTH OF NOVEMBER 2019...

CLIMATE NORMAL PERIOD 1981 TO 2010
CLIMATE RECORD PERIOD 1893 TO 2019

WEATHER         OBSERVED          NORMAL  DEPART  LAST YEAR`S
                 VALUE   DATE(S)  VALUE   FROM    VALUE  DATE(S)
                                          NORMAL
................................................................
TEMPERATURE (F)
RECORD
 HIGH              82   11/01/1950
 LOW               -7   11/25/1950
HIGHEST            56   11/27        MM      MM       53  11/06
                        11/06
LOWEST              6   11/13        MM      MM       17  11/14
                        11/12
AVG. MAXIMUM     43.1              48.2    -5.1     39.1
AVG. MINIMUM     28.1              33.3    -5.2     28.6
MEAN             35.6              40.7    -5.1
DAYS MAX >= 90      0               0.0     0.0        0
DAYS MAX <= 32      3               1.9     1.1        6
DAYS MIN <= 32     18              13.6     4.4       23
DAYS MIN <= 0       0               0.0     0.0        0

PRECIPITATION (INCHES)
RECORD
 MAXIMUM         6.72   1985
 MINIMUM         0.26   2012
TOTALS           1.44              3.27   -1.83     3.09
DAILY AVG.       0.05              0.11   -0.06     0.10
DAYS >= .01         7              13.4    -6.4       20
DAYS >= .10         4               7.0    -3.0        9
DAYS >= .50         1               2.0    -1.0        2
DAYS >= 1.00        0               0.6    -0.6        0
GREATEST
 24 HR. TOTAL    0.50   11/21 TO 11/21

SNOWFALL (INCHES)
RECORDS
 TOTAL           30.3   1977
TOTALS            6.8               4.8     2.0     12.1
SINCE 7/1         7.0               5.2     1.8     12.1
SNOWDEPTH AVG.      1                MM      MM        1
DAYS >= 1.0         1               1.7    -0.7        4
GREATEST
 SNOW DEPTH         5   11/12
 24 HR TOTAL      6.0   11/11 TO 11/11

DEGREE_DAYS
HEATING TOTAL     873               728     145      924
 SINCE 7/1       1277              1269       8     1448
COOLING TOTAL       0                 0       0        0
 SINCE 1/1        779               773       6      941
.................................................................

WIND (MPH)
AVERAGE WIND SPEED              9.3
HIGHEST WIND SPEED/DIRECTION    36/270    DATE  11/27
HIGHEST GUST SPEED/DIRECTION    52/250    DATE  11/27

SKY COVER
POSSIBLE SUNSHINE (PERCENT)   MM
AVERAGE SKY COVER           0.60
NUMBER OF DAYS FAIR            6
NUMBER OF DAYS PC             10
NUMBER OF DAYS CLOUDY         14

AVERAGE RH (PERCENT)     74

WEATHER CONDITIONS. NUMBER OF DAYS WITH
  0
  2
  0
  0
  2
  0
  1
HAZE                     12

-  INDICATES NEGATIVE NUMBERS.
R  INDICATES RECORD WAS SET OR TIED.
MM INDICATES DATA IS MISSING.
T  INDICATES TRACE AMOUNT.
&&

...NOVEMBRRR 2019 BREAKS 99+ YEAR-OLD RECORDS...

NOVEMBER 12TH AND 13TH WERE THE DAYS SOUTH BEND REACHED ROCK-BOTTOM
DURING A COLD NOVEMBER 2019. HIGHS WERE IN THE 20S AND OVERNIGHT
LOWS REACHED 6 DEGREES. SEVENTEEN OF THE FIRST EIGHTEEN DAYS OF THE
MONTH HAD A DAILY AVERAGE TEMPERATURE BELOW NORMAL. THIS STRETCH,
NOVEMBER 1-18, RANKED AS THE SECOND COLDEST ON RECORD WITH AN
AVERAGE TEMPERATURE OF 33.2 DEGREES (FIRST COLDEST: 1951, 31.8
DEGREES).

FOUR RECORDS WERE SET AT SOUTH BEND THIS MONTH. NOVEMBER 12TH HAD
TWO RECORDS: THE LOW TEMPERATURE OF 6 DEGREES BROKE THE PREVIOUS
RECORD OF 12 DEGREES IN 1898. THE HIGH TEMPERATURE OF 24 DEGREES SET
A NEW RECORD COLD HIGH TEMPERATURE. THE PREVIOUS RECORD WAS 27 SET
IN 1920. THE LOW TEMPERATURE ON NOVEMBER 13TH OF 6 DEGREES WAS A NEW
RECORD, BREAKING THE PREVIOUS RECORD OF 9 DEGREES IN 1911. LASTLY,
NOVEMBER 11TH SAW A RECORD SNOWFALL OF 6 INCHES. THIS TIES THE
RECORD OF 6 INCHES IN 1907.

THE MEAN TEMPERATURE FOR THE MONTH WAS 35.6 DEGREES. THIS IS 5.1
DEGREES BELOW NORMAL. THIS RANKS AS THE 14TH COLDEST NOVEMBER ON
RECORD. FOR REFERENCE, NOVEMBER 2018 RANKED 6TH COLDEST ON RECORD
WITH A MEAN TEMPERATURE OF 33.9 DEGREES.

NOVEMBER 11TH FEATURED THE FIRST 1"+ SNOWFALL OF 2019-2020. WITH
RESPECT TO THE FIRST SNOWFALL OF 1 INCH OR MORE IN A WINTER SEASON,
THIS MAY RANK AS THE 6TH GREATEST TOTAL. THE START OF WINTER 2014-
2015 SAW 12.3 INCHES ON NOVEMBER 13TH.

FOR THE MONTH, 6.8 INCHES OF SNOW WAS OBSERVED. THIS IS 2.0 INCHES
ABOVE NORMAL. THIS RANKS AS THE 55TH SNOWIEST ON RECORD. 1.44 INCHES
OF PRECIPITATION WAS OBSERVED. THIS IS 1.83 INCHES BELOW NORMAL.
THIS RANKS AS THE 15TH DRIEST ON RECORD.

ONE ADDITIONAL NOTE FOR THE MONTH WAS A WIND STORM ON THE 27TH IN
WHICH A WIND GUST OF 52 MPH WAS RECORDED. THIS STORM RESULTED IN
SOME PROPERTY DAMAGE INCLUDING DOWNED TREES AND POWER LINES.

BROWN
$$
