000
CDUS43 KLBF 210707
CLIBBW

CLIMATE REPORT
NATIONAL WEATHER SERVICE NORTH PLATTE NE
207 AM CDT WED APR 21 2021

...................................

...THE BROKEN BOW  CLIMATE SUMMARY FOR APRIL 20 2021...

CLIMATE NORMAL PERIOD 1981 TO 2010
CLIMATE RECORD PERIOD 1894 TO 2021


WEATHER ITEM   OBSERVED TIME   RECORD YEAR NORMAL DEPARTURE LAST
                VALUE   (LST)  VALUE       VALUE  FROM      YEAR
                                                  NORMAL
...................................................................
TEMPERATURE (F)
 YESTERDAY
  MAXIMUM         46    327 PM  94    1902  63    -17       69
  MINIMUM         23    455 AM  15    1953  36    -13       36
  AVERAGE         35                        49    -14       53

PRECIPITATION (IN)
  YESTERDAY        0.01          3.74 1905   0.10  -0.09     0.00
  MONTH TO DATE    0.73                      1.60  -0.87     0.21
  SINCE MAR 1      5.24                      3.00   2.24     2.97
  SINCE JAN 1      5.81                      4.01   1.80     3.25

SNOWFALL (IN)
  YESTERDAY       MM
  SNOW DEPTH      MM

DEGREE DAYS
 HEATING
  YESTERDAY       30                        16     14       12
  MONTH TO DATE  392                       380     12      496
  SINCE MAR 1   1079                      1228   -149     1222

 COOLING
  YESTERDAY        0                         0      0        0
  MONTH TO DATE    0                         0      0        0
  SINCE MAR 1      0                         0      0        0
  SINCE JAN 1      0                         0      0        0
...................................................................


WIND (MPH)
  HIGHEST WIND SPEED    30   HIGHEST WIND DIRECTION    NW (300)
  HIGHEST GUST SPEED    38   HIGHEST GUST DIRECTION     W (290)
  AVERAGE WIND SPEED    11.4


WEATHER CONDITIONS
THE FOLLOWING WEATHER WAS RECORDED YESTERDAY.
  LIGHT SNOW


RELATIVE HUMIDITY (PERCENT)
 HIGHEST    89           300 AM
 LOWEST     36           600 PM
 AVERAGE    63

..........................................................


THE BROKEN BOW  CLIMATE NORMALS FOR TODAY
                         NORMAL    RECORD    YEAR
 MAXIMUM TEMPERATURE (F)   63        90      1980
 MINIMUM TEMPERATURE (F)   36        19      1907
                                             1978
                                             1982


SUNRISE AND SUNSET
APRIL 21 2021.........SUNRISE   649 AM CDT   SUNSET   826 PM CDT
APRIL 22 2021.........SUNRISE   648 AM CDT   SUNSET   827 PM CDT


-  INDICATES NEGATIVE NUMBERS.
R  INDICATES RECORD WAS SET OR TIED.
MM INDICATES DATA IS MISSING.
T  INDICATES TRACE AMOUNT.


&&

...SNOWFALL AND SNOW DEPTH UNAVAILABLE AT THIS LOCATION...

$$
