000
CDUS43 KLBF 230721
CLIBBW

CLIMATE REPORT
NATIONAL WEATHER SERVICE NORTH PLATTE NE
221 AM CDT MON MAY 23 2022

...................................

...THE BROKEN BOW  CLIMATE SUMMARY FOR MAY 22 2022...

CLIMATE NORMAL PERIOD 1991 TO 2020
CLIMATE RECORD PERIOD 1894 TO 2022


WEATHER ITEM   OBSERVED TIME   RECORD YEAR NORMAL DEPARTURE LAST
                VALUE   (LST)  VALUE       VALUE  FROM      YEAR
                                                  NORMAL
...................................................................
TEMPERATURE (F)
 YESTERDAY
  MAXIMUM         68    246 PM 100    1926  74     -6       76
  MINIMUM         29    525 AM  22    1963  50    -21       59
  AVERAGE         49                        62    -13       68

PRECIPITATION (IN)
  YESTERDAY        0.00          2.20 1911   0.14  -0.14     0.06
  MONTH TO DATE    1.91                      2.63  -0.72     1.43
  SINCE MAR 1      4.56                      6.49  -1.93     7.02
  SINCE JAN 1      4.58                      7.30  -2.72     7.59

SNOWFALL (IN)
  YESTERDAY       MM
  SNOW DEPTH      MM

DEGREE DAYS
 HEATING
  YESTERDAY       16                         5     11        0
  MONTH TO DATE  165                       187    -22      180
  SINCE MAR 1   1535                      1471     64     1391

 COOLING
  YESTERDAY        0                         2     -2        3
  MONTH TO DATE   43                        20     23       21
  SINCE MAR 1     56                        24     32       23
  SINCE JAN 1     56                        24     32       23
...................................................................


WIND (MPH)
  HIGHEST WIND SPEED    16   HIGHEST WIND DIRECTION     S (190)
  HIGHEST GUST SPEED    22   HIGHEST GUST DIRECTION     S (180)
  AVERAGE WIND SPEED     5.6


WEATHER CONDITIONS
THE FOLLOWING WEATHER WAS RECORDED YESTERDAY.
  NO SIGNIFICANT WEATHER WAS OBSERVED.


RELATIVE HUMIDITY (PERCENT)
 HIGHEST    78           400 AM
 LOWEST     20           500 PM
 AVERAGE    49

..........................................................


THE BROKEN BOW  CLIMATE NORMALS FOR TODAY
                         NORMAL    RECORD    YEAR
 MAXIMUM TEMPERATURE (F)   74        98      1926
                                             1950
 MINIMUM TEMPERATURE (F)   51        33      1917
                                             1984


SUNRISE AND SUNSET
MAY 23 2022...........SUNRISE   613 AM CDT   SUNSET   858 PM CDT
MAY 24 2022...........SUNRISE   612 AM CDT   SUNSET   859 PM CDT


-  INDICATES NEGATIVE NUMBERS.
R  INDICATES RECORD WAS SET OR TIED.
MM INDICATES DATA IS MISSING.
T  INDICATES TRACE AMOUNT.

&&

...SNOWFALL AND SNOW DEPTH UNAVAILABLE AT THIS LOCATION...

$$
