000
CDUS43 KLBF 210707
CLIIML

CLIMATE REPORT
NATIONAL WEATHER SERVICE NORTH PLATTE NE
207 AM CDT WED APR 21 2021

...................................

...THE IMPERIAL CLIMATE SUMMARY FOR APRIL 20 2021...

CLIMATE NORMAL PERIOD 1981 TO 2010
CLIMATE RECORD PERIOD 1893 TO 2021


WEATHER ITEM   OBSERVED TIME   RECORD YEAR NORMAL DEPARTURE LAST
                VALUE   (LST)  VALUE       VALUE  FROM      YEAR
                                                  NORMAL
...................................................................
TEMPERATURE (F)
 YESTERDAY
  MAXIMUM         42        MM  91    1902  64    -22       69
  MINIMUM         18R       MM  18    1953  36    -18       35
  AVERAGE         30                        50    -20       52

PRECIPITATION (IN)
  YESTERDAY        T             2.12 1984   0.08  -0.08     0.00
  MONTH TO DATE    0.58                      1.22  -0.64     0.21
  SINCE MAR 1      3.02                      2.29   0.73     1.24
  SINCE JAN 1      3.04                      2.97   0.07     1.46

SNOWFALL (IN)
  YESTERDAY       MM
  SNOW DEPTH      MM

DEGREE DAYS
 HEATING
  YESTERDAY       35                        15     20       13
  MONTH TO DATE  385                       365     20      470
  SINCE MAR 1   1066                      1145    -79     1168

 COOLING
  YESTERDAY        0                         0      0        0
  MONTH TO DATE    0                         0      0        0
  SINCE MAR 1      0                         0      0        0
  SINCE JAN 1      0                         0      0        0
...................................................................


WIND (MPH)
  HIGHEST WIND SPEED    31   HIGHEST WIND DIRECTION    NW (330)
  HIGHEST GUST SPEED    44   HIGHEST GUST DIRECTION    NW (330)
  AVERAGE WIND SPEED    14.0


WEATHER CONDITIONS
THE FOLLOWING WEATHER WAS RECORDED YESTERDAY.
  NO SIGNIFICANT WEATHER WAS OBSERVED.


RELATIVE HUMIDITY (PERCENT)
 HIGHEST    88           300 AM
 LOWEST     39           500 PM
 AVERAGE    64

..........................................................


THE IMPERIAL CLIMATE NORMALS FOR TODAY
                         NORMAL    RECORD    YEAR
 MAXIMUM TEMPERATURE (F)   64        93      1989
 MINIMUM TEMPERATURE (F)   36        14      1907


SUNRISE AND SUNSET
APRIL 21 2021.........SUNRISE   559 AM MDT   SUNSET   732 PM MDT
APRIL 22 2021.........SUNRISE   557 AM MDT   SUNSET   733 PM MDT


-  INDICATES NEGATIVE NUMBERS.
R  INDICATES RECORD WAS SET OR TIED.
MM INDICATES DATA IS MISSING.
T  INDICATES TRACE AMOUNT.


&&

...SNOWFALL AND SNOW DEPTH UNAVAILABLE AT THIS LOCATION...

$$
