000
CDUS43 KLBF 230721
CLIIML

CLIMATE REPORT
NATIONAL WEATHER SERVICE NORTH PLATTE NE
221 AM CDT MON MAY 23 2022

...................................

...THE IMPERIAL CLIMATE SUMMARY FOR MAY 22 2022...

CLIMATE NORMAL PERIOD 1991 TO 2020
CLIMATE RECORD PERIOD 1893 TO 2022


WEATHER ITEM   OBSERVED TIME   RECORD YEAR NORMAL DEPARTURE LAST
                VALUE   (LST)  VALUE       VALUE  FROM      YEAR
                                                  NORMAL
...................................................................
TEMPERATURE (F)
 YESTERDAY
  MAXIMUM         66    113 PM  95    2012  76    -10       79
  MINIMUM         32   1256 AM  29    1931  49    -17       62
  AVERAGE         49                        62    -13       71

PRECIPITATION (IN)
  YESTERDAY        T             2.11 1976   0.11  -0.11     0.03
  MONTH TO DATE    1.93                      2.00  -0.07     3.67
  SINCE MAR 1      2.63                      4.58  -1.95     7.61
  SINCE JAN 1      2.83                      5.19  -2.36     7.63

SNOWFALL (IN)
  YESTERDAY       MM
  SNOW DEPTH      MM

DEGREE DAYS
 HEATING
  YESTERDAY       16                         5     11        0
  MONTH TO DATE  164                       188    -24      157
  SINCE MAR 1   1490                      1425     65     1342

 COOLING
  YESTERDAY        0                         2     -2        6
  MONTH TO DATE   38                        21     17       24
  SINCE MAR 1     46                        23     23       24
  SINCE JAN 1     46                        23     23       24
...................................................................


WIND (MPH)
  HIGHEST WIND SPEED    28   HIGHEST WIND DIRECTION     S (170)
  HIGHEST GUST SPEED    46   HIGHEST GUST DIRECTION    SE (150)
  AVERAGE WIND SPEED    13.4


WEATHER CONDITIONS
THE FOLLOWING WEATHER WAS RECORDED YESTERDAY.
  NO SIGNIFICANT WEATHER WAS OBSERVED.


RELATIVE HUMIDITY (PERCENT)
 HIGHEST    73           300 AM
 LOWEST     24           400 PM
 AVERAGE    49

..........................................................


THE IMPERIAL CLIMATE NORMALS FOR TODAY
                         NORMAL    RECORD    YEAR
 MAXIMUM TEMPERATURE (F)   76        96      1989
 MINIMUM TEMPERATURE (F)   49        34      1930


SUNRISE AND SUNSET
MAY 23 2022...........SUNRISE   523 AM MDT   SUNSET   804 PM MDT
MAY 24 2022...........SUNRISE   523 AM MDT   SUNSET   805 PM MDT


-  INDICATES NEGATIVE NUMBERS.
R  INDICATES RECORD WAS SET OR TIED.
MM INDICATES DATA IS MISSING.
T  INDICATES TRACE AMOUNT.

&&

...SNOWFALL AND SNOW DEPTH UNAVAILABLE AT THIS LOCATION...

$$
