475
CDUS43 KLBF 152235
CLILBF


CLIMATE REPORT
NATIONAL WEATHER SERVICE NORTH PLATTE
434 PM CST FRI NOV 15 2019


...................................

...THE NORTH PLATTE NE CLIMATE SUMMARY FOR NOVEMBER 15 2019...
VALID TODAY AS OF 0400 PM LOCAL TIME.

CLIMATE NORMAL PERIOD 1981 TO 2010
CLIMATE RECORD PERIOD 1874 TO 2019


WEATHER ITEM   OBSERVED TIME   RECORD YEAR NORMAL DEPARTURE LAST
                VALUE   (LST)  VALUE       VALUE  FROM      YEAR
                                                  NORMAL
..................................................................
TEMPERATURE (F)
 TODAY
  MAXIMUM         62    235 PM  78    1990  51     11       63
                                      1887
  MINIMUM         31    748 AM  -3    1875  21     10       21
  AVERAGE         47                        36     11       42

PRECIPITATION (IN)
  TODAY            0.00          1.18 1909   0.02  -0.02     0.00
  MONTH TO DATE    0.18                      0.38  -0.20     0.14
  SINCE SEP 1      1.56                      3.34  -1.78     3.43
  SINCE JAN 1     27.42                     19.56   7.86    22.55

SNOWFALL (IN)
  TODAY            0.0          12.8  1909   0.1   -0.1      0.0
  MONTH TO DATE    1.0                       1.8   -0.8      0.1
  SINCE SEP 1      2.1                       4.1   -2.0      1.1
  SINCE JUL 1      2.1                       4.1   -2.0      1.1
  SNOW DEPTH       0

DEGREE DAYS
 HEATING
  TODAY           18                        29    -11       23
  MONTH TO DATE  435                       386     49      455
  SINCE SEP 1   1129                      1035     94     1080
  SINCE JUL 1   1134                      1055     79     1096

 COOLING
  TODAY            0                         0      0        0
  MONTH TO DATE    0                         0      0        0
  SINCE SEP 1    174                        73    101      171
  SINCE JAN 1    922                       768    154     1089
..................................................................


WIND (MPH)
  HIGHEST WIND SPEED    14   HIGHEST WIND DIRECTION     S (200)
  HIGHEST GUST SPEED    18   HIGHEST GUST DIRECTION     S (190)
  AVERAGE WIND SPEED     6.2


SKY COVER
  POSSIBLE SUNSHINE  MM
  AVERAGE SKY COVER 0.0


WEATHER CONDITIONS
 THE FOLLOWING WEATHER WAS RECORDED TODAY.
  NO SIGNIFICANT WEATHER WAS OBSERVED.


RELATIVE HUMIDITY (PERCENT)
 HIGHEST    75           400 AM
 LOWEST     35           300 PM
 AVERAGE    55

..........................................................


THE NORTH PLATTE NE CLIMATE NORMALS FOR TOMORROW
                         NORMAL    RECORD    YEAR
 MAXIMUM TEMPERATURE (F)   50        80      1941
 MINIMUM TEMPERATURE (F)   21        -8      1875


SUNRISE AND SUNSET
NOVEMBER 15 2019......SUNRISE   730 AM CST   SUNSET   524 PM CST
NOVEMBER 16 2019......SUNRISE   731 AM CST   SUNSET   523 PM CST


-  INDICATES NEGATIVE NUMBERS.
R  INDICATES RECORD WAS SET OR TIED.
MM INDICATES DATA IS MISSING.
T  INDICATES TRACE AMOUNT.




$$
