000
CDUS43 KLBF 230721
CLILBF

CLIMATE REPORT
NATIONAL WEATHER SERVICE NORTH PLATTE NE
221 AM CDT MON MAY 23 2022

...................................

...THE NORTH PLATTE  CLIMATE SUMMARY FOR MAY 22 2022...

CLIMATE NORMAL PERIOD 1991 TO 2020
CLIMATE RECORD PERIOD 1874 TO 2022


WEATHER ITEM   OBSERVED TIME   RECORD YEAR NORMAL DEPARTURE LAST
                VALUE   (LST)  VALUE       VALUE  FROM      YEAR
                                                  NORMAL
...................................................................
TEMPERATURE (F)
 YESTERDAY
  MAXIMUM         68    110 PM  94    2012  75     -7       83
  MINIMUM         27R   406 AM  30    1963  47    -20       61
                                      2001
  AVERAGE         48                        61    -13       72

PRECIPITATION (IN)
  YESTERDAY        0.00          2.52 2008   0.11  -0.11     0.10
  MONTH TO DATE    2.15                      2.20  -0.05     3.77
  SINCE MAR 1      4.43                      5.49  -1.06     9.02
  SINCE JAN 1      4.85                      6.45  -1.60    10.86

SNOWFALL (IN)
  YESTERDAY        0.0           0.0    MM   0.0    0.0      0.0
  MONTH TO DATE    0.1                       0.0    0.1      0.0
  SINCE MAR 1     10.0                       7.8    2.2      3.2
  SINCE JUL 1     23.8                      29.6   -5.8     39.0
  SNOW DEPTH       0

DEGREE DAYS
 HEATING
  YESTERDAY       17                         6     11        0
  MONTH TO DATE  171                       200    -29      159
  SINCE MAR 1   1506                      1495     11     1367
  SINCE JUL 1   5730                      6295   -565     6160

 COOLING
  YESTERDAY        0                         2     -2        7
  MONTH TO DATE   35                        13     22       29
  SINCE MAR 1     48                        15     33       29
  SINCE JAN 1     48                        15     33       29
...................................................................


WIND (MPH)
  HIGHEST WIND SPEED    22   HIGHEST WIND DIRECTION     S (170)
  HIGHEST GUST SPEED    27   HIGHEST GUST DIRECTION     S (170)
  AVERAGE WIND SPEED     5.8


SKY COVER
  POSSIBLE SUNSHINE  MM
  AVERAGE SKY COVER 0.4


WEATHER CONDITIONS
THE FOLLOWING WEATHER WAS RECORDED YESTERDAY.
  NO SIGNIFICANT WEATHER WAS OBSERVED.


RELATIVE HUMIDITY (PERCENT)
 HIGHEST    82           400 AM
 LOWEST     24          1200 PM
 AVERAGE    53

..........................................................


THE NORTH PLATTE  CLIMATE NORMALS FOR TODAY
                         NORMAL    RECORD    YEAR
 MAXIMUM TEMPERATURE (F)   76        98      1926
 MINIMUM TEMPERATURE (F)   47        30      2001


SUNRISE AND SUNSET
MAY 23 2022...........SUNRISE   618 AM CDT   SUNSET   902 PM CDT
MAY 24 2022...........SUNRISE   617 AM CDT   SUNSET   903 PM CDT


-  INDICATES NEGATIVE NUMBERS.
R  INDICATES RECORD WAS SET OR TIED.
MM INDICATES DATA IS MISSING.
T  INDICATES TRACE AMOUNT.




$$
