000
CDUS43 KLBF 210707
CLILBF

CLIMATE REPORT
NATIONAL WEATHER SERVICE NORTH PLATTE NE
207 AM CDT WED APR 21 2021

...................................

...THE NORTH PLATTE  CLIMATE SUMMARY FOR APRIL 20 2021...

CLIMATE NORMAL PERIOD 1981 TO 2010
CLIMATE RECORD PERIOD 1874 TO 2021


WEATHER ITEM   OBSERVED TIME   RECORD YEAR NORMAL DEPARTURE LAST
                VALUE   (LST)  VALUE       VALUE  FROM      YEAR
                                                  NORMAL
...................................................................
TEMPERATURE (F)
 YESTERDAY
  MAXIMUM         46    445 PM  93    1902  64    -18       69
  MINIMUM         18    441 AM  17    1953  35    -17       30
  AVERAGE         32                        49    -17       50

PRECIPITATION (IN)
  YESTERDAY        T             3.54 1933   0.08  -0.08     0.00
  MONTH TO DATE    0.70                      1.38  -0.68     0.39
  SINCE MAR 1      4.43                      2.43   2.00     1.81
  SINCE JAN 1      6.27                      3.27   3.00     2.36

SNOWFALL (IN)
  YESTERDAY        T             2.0  1905   0.1   -0.1      0.0
  MONTH TO DATE    3.2                       2.7    0.5      3.3
  SINCE MAR 1      3.2                       7.1   -3.9      5.6
  SINCE JUL 1     39.0                      28.0   11.0     30.9
  SNOW DEPTH       0

DEGREE DAYS
 HEATING
  YESTERDAY       33                        16     17       15
  MONTH TO DATE  413                       383     30      464
  SINCE MAR 1   1085                      1220   -135     1150
  SINCE JUL 1   5878                      6248   -370     5869

 COOLING
  YESTERDAY        0                         0      0        0
  MONTH TO DATE    0                         0      0        0
  SINCE MAR 1      0                         0      0        0
  SINCE JAN 1      0                         0      0        0
...................................................................


WIND (MPH)
  HIGHEST WIND SPEED    30   HIGHEST WIND DIRECTION    NW (320)
  HIGHEST GUST SPEED    41   HIGHEST GUST DIRECTION    NW (320)
  AVERAGE WIND SPEED    11.9


SKY COVER
  POSSIBLE SUNSHINE  MM
  AVERAGE SKY COVER 0.3


WEATHER CONDITIONS
THE FOLLOWING WEATHER WAS RECORDED YESTERDAY.
  LIGHT SNOW


RELATIVE HUMIDITY (PERCENT)
 HIGHEST    84           400 AM
 LOWEST     27           500 PM
 AVERAGE    56

..........................................................


THE NORTH PLATTE  CLIMATE NORMALS FOR TODAY
                         NORMAL    RECORD    YEAR
 MAXIMUM TEMPERATURE (F)   64        94      1980
 MINIMUM TEMPERATURE (F)   35        20      1907
                                             2000


SUNRISE AND SUNSET
APRIL 21 2021.........SUNRISE   654 AM CDT   SUNSET   829 PM CDT
APRIL 22 2021.........SUNRISE   652 AM CDT   SUNSET   831 PM CDT


-  INDICATES NEGATIVE NUMBERS.
R  INDICATES RECORD WAS SET OR TIED.
MM INDICATES DATA IS MISSING.
T  INDICATES TRACE AMOUNT.




$$
