000
CDUS43 KLBF 191033
CLIVTN


CLIMATE REPORT
NATIONAL WEATHER SERVICE NORTH PLATTE
430 AM CST TUE NOV 19 2019


...................................

...THE VALENTINE NE CLIMATE SUMMARY FOR NOVEMBER 18 2019...

CLIMATE NORMAL PERIOD 1981 TO 2010
CLIMATE RECORD PERIOD 1885 TO 2019


WEATHER ITEM   OBSERVED TIME   RECORD YEAR NORMAL DEPARTURE LAST
                VALUE   (LST)  VALUE       VALUE  FROM      YEAR
                                                  NORMAL
..................................................................
TEMPERATURE (F)
 YESTERDAY
  MAXIMUM         65    137 PM  77    2008  46     19       49
  MINIMUM         30   1159 PM   0    1969  20     10       11
  AVERAGE         48                        33     15       30

PRECIPITATION (IN)
  YESTERDAY        T             0.18 1928   0.02  -0.02     0.00
  MONTH TO DATE    0.20                      0.45  -0.25     0.40
  SINCE SEP 1      4.06                      3.34   0.72     4.30
  SINCE JAN 1     28.27                     19.45   8.82    28.16

SNOWFALL (IN)
  YESTERDAY        0.0           1.8  1928   0.2   -0.2      0.0
  MONTH TO DATE    2.2                       3.2   -1.0      1.0
  SINCE SEP 1      4.1                       5.4   -1.3      4.0
  SINCE JUL 1      4.1                       5.4   -1.3      4.0
  SNOW DEPTH       0

DEGREE DAYS
 HEATING
  YESTERDAY       17                        32    -15       35
  MONTH TO DATE  516                       495     21      565
  SINCE SEP 1   1262                      1172     90     1227
  SINCE JUL 1   1273                      1197     76     1240

 COOLING
  YESTERDAY        0                         0      0        0
  MONTH TO DATE    0                         0      0        0
  SINCE SEP 1    132                        85     47      148
  SINCE JAN 1    930                       821    109     1058
..................................................................


WIND (MPH)
  HIGHEST WIND SPEED    36   HIGHEST WIND DIRECTION    NW (310)
  HIGHEST GUST SPEED    50   HIGHEST GUST DIRECTION    NW (320)
  AVERAGE WIND SPEED    13.0


SKY COVER
  POSSIBLE SUNSHINE  MM
  AVERAGE SKY COVER 0.3


WEATHER CONDITIONS
 THE FOLLOWING WEATHER WAS RECORDED YESTERDAY.
  NO SIGNIFICANT WEATHER WAS OBSERVED.


RELATIVE HUMIDITY (PERCENT)
 HIGHEST    86           800 AM
 LOWEST     28           200 PM
 AVERAGE    57

..........................................................


THE VALENTINE NE CLIMATE NORMALS FOR TODAY
                         NORMAL    RECORD    YEAR
 MAXIMUM TEMPERATURE (F)   46        78      1897
 MINIMUM TEMPERATURE (F)   20        -2      1985


SUNRISE AND SUNSET
NOVEMBER 19 2019......SUNRISE   739 AM CST   SUNSET   516 PM CST
NOVEMBER 20 2019......SUNRISE   740 AM CST   SUNSET   515 PM CST


-  INDICATES NEGATIVE NUMBERS.
R  INDICATES RECORD WAS SET OR TIED.
MM INDICATES DATA IS MISSING.
T  INDICATES TRACE AMOUNT.




$$
