000
CDUS43 KLBF 092220
CLIVTN

CLIMATE REPORT
NATIONAL WEATHER SERVICE NORTH PLATTE NE
520 PM CDT FRI JUN 09 2023

...................................

...THE VALENTINE CLIMATE SUMMARY FOR JUNE 9 2023...
VALID TODAY AS OF 0500 PM LOCAL TIME.

CLIMATE NORMAL PERIOD 1991 TO 2020
CLIMATE RECORD PERIOD 1885 TO 2023


WEATHER ITEM   OBSERVED TIME   RECORD YEAR NORMAL DEPARTURE LAST
                VALUE   (LST)  VALUE       VALUE  FROM      YEAR
                                                  NORMAL
...................................................................
TEMPERATURE (F)
 TODAY
  MAXIMUM         88   1243 PM 102    2017  81      7       80
  MINIMUM         60    545 AM  38    1950  53      7       56
                                      1966
  AVERAGE         74                        67      7       68

PRECIPITATION (IN)
  TODAY            0.00          1.53 2020   0.14  -0.14     0.20
  MONTH TO DATE    0.67                      1.25  -0.58     1.29
  SINCE JUN 1      0.67                      1.25  -0.58     1.29
  SINCE JAN 1      8.61                      9.19  -0.58     6.32

SNOWFALL (IN)
  TODAY            0.0           0.0    MM   0.0    0.0      0.0
  MONTH TO DATE    0.0                       0.0    0.0      0.0
  SINCE JUN 1      0.0                       0.0    0.0      0.0
  SINCE JUL 1     65.8                      34.2   31.6     18.8
  SNOW DEPTH       0

DEGREE DAYS
 HEATING
  TODAY            0                         2     -2        0
  MONTH TO DATE    0                        25    -25       24
  SINCE JUN 1      0                        25    -25       24
  SINCE JUL 1   7338                      6669    669     5920

 COOLING
  TODAY            9                         4      5        3
  MONTH TO DATE   63                        31     32        9
  SINCE JUN 1     63                        31     32        9
  SINCE JAN 1    121                        70     51       56
...................................................................


WIND (MPH)
  HIGHEST WIND SPEED    22   HIGHEST WIND DIRECTION    SE (120)
  HIGHEST GUST SPEED    29   HIGHEST GUST DIRECTION    SE (120)
  AVERAGE WIND SPEED     7.9


SKY COVER
  POSSIBLE SUNSHINE  MM
  AVERAGE SKY COVER 0.1


WEATHER CONDITIONS
THE FOLLOWING WEATHER WAS RECORDED TODAY.
  NO SIGNIFICANT WEATHER WAS OBSERVED.


RELATIVE HUMIDITY (PERCENT)
 HIGHEST    87           600 AM
 LOWEST     35          1200 PM
 AVERAGE    61

..........................................................


THE VALENTINE CLIMATE NORMALS FOR TOMORROW
                         NORMAL    RECORD    YEAR
 MAXIMUM TEMPERATURE (F)   81       101      1976
 MINIMUM TEMPERATURE (F)   53        37      1903


SUNRISE AND SUNSET
JUNE  9 2023..........SUNRISE   604 AM CDT   SUNSET   920 PM CDT
JUNE 10 2023..........SUNRISE   603 AM CDT   SUNSET   920 PM CDT


-  INDICATES NEGATIVE NUMBERS.
R  INDICATES RECORD WAS SET OR TIED.
MM INDICATES DATA IS MISSING.
T  INDICATES TRACE AMOUNT.

$$
