000
CDUS43 KLBF 212236
CLIVTN


CLIMATE REPORT
NATIONAL WEATHER SERVICE NORTH PLATTE
535 PM CDT MON MAY 21 2018


...................................

...THE VALENTINE NE CLIMATE SUMMARY FOR MAY 21 2018...
VALID TODAY AS OF 0500 PM LOCAL TIME.

CLIMATE NORMAL PERIOD 1981 TO 2010
CLIMATE RECORD PERIOD 1885 TO 2018


WEATHER ITEM   OBSERVED TIME   RECORD YEAR NORMAL DEPARTURE LAST
                VALUE   (LST)  VALUE       VALUE  FROM      YEAR
                                                  NORMAL
..................................................................
TEMPERATURE (F)
 TODAY
  MAXIMUM         78    417 PM  97    1964  72      6       71
  MINIMUM         42    508 AM  25    1931  46     -4       30
  AVERAGE         60                        59      1       51

PRECIPITATION (IN)
  TODAY            0.00          1.75 1977   0.10  -0.10     0.00
  MONTH TO DATE    3.39                      2.03   1.36     4.94
  SINCE MAR 1      6.75                      5.32   1.43     7.06
  SINCE JAN 1      8.02                      6.06   1.96     9.13

SNOWFALL (IN)
  TODAY            0.0           0.0    MM   0.0    0.0      0.0
  MONTH TO DATE    0.0                       0.1   -0.1      0.0
  SINCE MAR 1     25.8                      11.2   14.6      2.7
  SINCE JUL 1     45.5                      33.3   12.2     44.5
  SNOW DEPTH       0

DEGREE DAYS
 HEATING
  TODAY            5                         7     -2       14
  MONTH TO DATE  115                       206    -91      176
  SINCE MAR 1   1717                      1653     64     1396
  SINCE JUL 1   6810                      6889    -79     6155

 COOLING
  TODAY            0                         1     -1        0
  MONTH TO DATE   22                        18      4       21
  SINCE MAR 1     25                        22      3       23
  SINCE JAN 1     25                        22      3       23
..................................................................


WIND (MPH)
  HIGHEST WIND SPEED    16   HIGHEST WIND DIRECTION     S (190)
  HIGHEST GUST SPEED    23   HIGHEST GUST DIRECTION     S (190)
  AVERAGE WIND SPEED     4.9


SKY COVER
  POSSIBLE SUNSHINE  MM
  AVERAGE SKY COVER 0.3


WEATHER CONDITIONS
 THE FOLLOWING WEATHER WAS RECORDED TODAY.
  NO SIGNIFICANT WEATHER WAS OBSERVED.


RELATIVE HUMIDITY (PERCENT)
 HIGHEST   100           500 AM
 LOWEST     39           400 PM
 AVERAGE    70

..........................................................


THE VALENTINE NE CLIMATE NORMALS FOR TOMORROW
                         NORMAL    RECORD    YEAR
 MAXIMUM TEMPERATURE (F)   73        95      2010
 MINIMUM TEMPERATURE (F)   47        26      1963


SUNRISE AND SUNSET
MAY 21 2018...........SUNRISE   614 AM CDT   SUNSET   905 PM CDT
MAY 22 2018...........SUNRISE   613 AM CDT   SUNSET   905 PM CDT


-  INDICATES NEGATIVE NUMBERS.
R  INDICATES RECORD WAS SET OR TIED.
MM INDICATES DATA IS MISSING.
T  INDICATES TRACE AMOUNT.




$$
