000
CDUS43 KLBF 230721
CLIVTN

CLIMATE REPORT
NATIONAL WEATHER SERVICE NORTH PLATTE NE
221 AM CDT MON MAY 23 2022

...................................

...THE VALENTINE CLIMATE SUMMARY FOR MAY 22 2022...

CLIMATE NORMAL PERIOD 1991 TO 2020
CLIMATE RECORD PERIOD 1885 TO 2022


WEATHER ITEM   OBSERVED TIME   RECORD YEAR NORMAL DEPARTURE LAST
                VALUE   (LST)  VALUE       VALUE  FROM      YEAR
                                                  NORMAL
...................................................................
TEMPERATURE (F)
 YESTERDAY
  MAXIMUM         68    349 PM  95    2010  74     -6       72
  MINIMUM         28    459 AM  26    1963  47    -19       50
  AVERAGE         48                        60    -12       61

PRECIPITATION (IN)
  YESTERDAY        0.00          3.87 2016   0.12  -0.12     0.23
  MONTH TO DATE    1.36                      2.38  -1.02     2.56
  SINCE MAR 1      3.60                      5.87  -2.27     7.18
  SINCE JAN 1      3.85                      6.80  -2.95     8.42

SNOWFALL (IN)
  YESTERDAY        0.0           0.0    MM   0.0    0.0      0.0
  MONTH TO DATE    0.0                       0.1   -0.1      0.0
  SINCE MAR 1      3.6                      11.7   -8.1     24.0
  SINCE JUL 1     18.8                      34.2  -15.4     52.8
  SNOW DEPTH       0

DEGREE DAYS
 HEATING
  YESTERDAY       17                         6     11        4
  MONTH TO DATE  163                       209    -46      184
  SINCE MAR 1   1579                      1598    -19     1407
  SINCE JUL 1   5843                      6603   -760     6187

 COOLING
  YESTERDAY        0                         2     -2        0
  MONTH TO DATE   21                        17      4       24
  SINCE MAR 1     34                        20     14       27
  SINCE JAN 1     34                        20     14       27
...................................................................


WIND (MPH)
  HIGHEST WIND SPEED    17   HIGHEST WIND DIRECTION    SE (130)
  HIGHEST GUST SPEED    25   HIGHEST GUST DIRECTION    SE (140)
  AVERAGE WIND SPEED     6.8


SKY COVER
  POSSIBLE SUNSHINE  MM
  AVERAGE SKY COVER 0.3


WEATHER CONDITIONS
THE FOLLOWING WEATHER WAS RECORDED YESTERDAY.
  NO SIGNIFICANT WEATHER WAS OBSERVED.


RELATIVE HUMIDITY (PERCENT)
 HIGHEST    89           200 AM
 LOWEST     25           400 PM
 AVERAGE    57

..........................................................


THE VALENTINE CLIMATE NORMALS FOR TODAY
                         NORMAL    RECORD    YEAR
 MAXIMUM TEMPERATURE (F)   75        99      1989
 MINIMUM TEMPERATURE (F)   47        28      2002


SUNRISE AND SUNSET
MAY 23 2022...........SUNRISE   612 AM CDT   SUNSET   906 PM CDT
MAY 24 2022...........SUNRISE   611 AM CDT   SUNSET   907 PM CDT


-  INDICATES NEGATIVE NUMBERS.
R  INDICATES RECORD WAS SET OR TIED.
MM INDICATES DATA IS MISSING.
T  INDICATES TRACE AMOUNT.




$$
