000
CDUS43 KLBF 210707
CLIVTN

CLIMATE REPORT
NATIONAL WEATHER SERVICE NORTH PLATTE NE
207 AM CDT WED APR 21 2021

...................................

...THE VALENTINE CLIMATE SUMMARY FOR APRIL 20 2021...

CLIMATE NORMAL PERIOD 1981 TO 2010
CLIMATE RECORD PERIOD 1885 TO 2021


WEATHER ITEM   OBSERVED TIME   RECORD YEAR NORMAL DEPARTURE LAST
                VALUE   (LST)  VALUE       VALUE  FROM      YEAR
                                                  NORMAL
...................................................................
TEMPERATURE (F)
 YESTERDAY
  MAXIMUM         39    349 PM  93    2019  62    -23       67
  MINIMUM         15    512 AM   6    1966  35    -20       31
  AVERAGE         27                        48    -21       49

PRECIPITATION (IN)
  YESTERDAY        0.08          1.29 1912   0.09  -0.01     0.00
  MONTH TO DATE    2.13                      1.34   0.79     0.76
  SINCE MAR 1      4.55                      2.41   2.14     2.37
  SINCE JAN 1      5.79                      3.15   2.64     3.07

SNOWFALL (IN)
  YESTERDAY        0.5           5.4  1909   0.1    0.4      0.0
  MONTH TO DATE   10.0                       3.5    6.5      5.7
  SINCE MAR 1     24.0                      10.0   14.0     11.2
  SINCE JUL 1     52.8                      32.1   20.7     39.0
  SNOW DEPTH       3

DEGREE DAYS
 HEATING
  YESTERDAY       38                        17     21       16
  MONTH TO DATE  408                       407      1      499
  SINCE MAR 1   1084                      1300   -216     1244
  SINCE JUL 1   5864                      6536   -672     6162

 COOLING
  YESTERDAY        0                         0      0        0
  MONTH TO DATE    0                         0      0        0
  SINCE MAR 1      0                         0      0        0
  SINCE JAN 1      0                         0      0        0
...................................................................


WIND (MPH)
  HIGHEST WIND SPEED    26   HIGHEST WIND DIRECTION    NW (330)
  HIGHEST GUST SPEED    36   HIGHEST GUST DIRECTION     N (340)
  AVERAGE WIND SPEED    10.0


SKY COVER
  POSSIBLE SUNSHINE  MM
  AVERAGE SKY COVER 0.8


WEATHER CONDITIONS
THE FOLLOWING WEATHER WAS RECORDED YESTERDAY.
  SNOW
  LIGHT SNOW
  FOG
  HAZE


RELATIVE HUMIDITY (PERCENT)
 HIGHEST    85           700 PM
 LOWEST     61           300 PM
 AVERAGE    73

..........................................................


THE VALENTINE CLIMATE NORMALS FOR TODAY
                         NORMAL    RECORD    YEAR
 MAXIMUM TEMPERATURE (F)   63        96      1980
 MINIMUM TEMPERATURE (F)   35        13      1966


SUNRISE AND SUNSET
APRIL 21 2021.........SUNRISE   651 AM CDT   SUNSET   832 PM CDT
APRIL 22 2021.........SUNRISE   649 AM CDT   SUNSET   833 PM CDT


-  INDICATES NEGATIVE NUMBERS.
R  INDICATES RECORD WAS SET OR TIED.
MM INDICATES DATA IS MISSING.
T  INDICATES TRACE AMOUNT.




$$
