000
CXUS56 KMFR 011030
CF6AAT
PRELIMINARY LOCAL CLIMATOLOGICAL DATA (WS FORM: F-6)
STATION: ALTURAS CA
MONTH: JANUARY
YEAR: 2022
LATITUDE: 41 29 N
LONGITUDE: 120 34 W
TEMPERATURE IN F: :PCPN: SNOW: WIND :SUNSHINE: SKY :PK WND
================================================================================
1 2 3 4 5 6A 6B 7 8 9 10 11 12 13 14 15 16 17 18
12Z AVG MX 2MIN
DY MAX MIN AVG DEP HDD CDD WTR SNW DPTH SPD SPD DIR MIN PSBL S-S WX SPD DR
================================================================================
1 21 -10 6 -24 59 0 0.00 M M 1.7 8 40 M M 0 18 10 40
2 36 -2 17 -13 48 0 0.00 M M 5.8 16 170 M M 0 22 180
3 42 11 27 -3 38 0 0.03 M M 17.1 35 230 M M 7 48 190
4 40 36 38 7 27 0 T M M 11.1 30 250 M M 9 43 250
5 46 36 41 10 24 0 T M M 4.1 18 260 M M 10 27 260
6 50 32 41 10 24 0 0.00 M M 5.4 15 270 M M 5 1 20 270
7 45 30 38 7 27 0 0.08 M M 7.0 29 240 M M 7 1 40 250
8 43 22 33 2 32 0 0.00 M M 1.6 8 110 M M 3 18 10 110
9 44 18 31 0 34 0 0.00 M M 5.4 21 180 M M 0 18 29 180
10 49 24 37 6 28 0 T M M 2.7 10 60 M M 3 18 13 70
11 52 26 39 8 26 0 0.00 M M 1.5 6 190 M M 1 18 M M
12 61 25 43 11 22 0 0.00 M M 2.3 17 180 M M 0 18 22 170
13 51 25 38 6 27 0 0.00 M M 5.2 20 270 M M 2 18 26 270
14 51 19 35 3 30 0 0.00 M M 1.8 9 360 M M 0 18 14 340
15 54 19 37 5 28 0 0.00 M M 3.7 10 180 M M 0 18 15 50
16 51 15 33 1 32 0 0.00 M M 1.7 8 60 M M 0 18 10 180
17 50 17 34 2 31 0 0.00 M M 1.4 9 250 M M 0 18 13 250
18 48 20 34 2 31 0 0.00 M M 1.0 9 130 M M 2 18 14 130
19 50 19 35 3 30 0 0.00 M M 1.2 7 80 M M 1 18 9 290
20 55 21 38 6 27 0 0.00 M M 4.5 16 310 M M 1 1 23 310
21 45 20 33 1 32 0 0.00 M M 4.6 13 10 M M 0 1 19 360
22 54 24 39 7 26 0 0.00 M M 5.6 18 30 M M 0 26 60
23 54 18 36 4 29 0 0.00 M M 1.8 9 310 M M 0 18 10 310
24 55 15 35 2 30 0 0.00 M M 1.6 8 100 M M 0 18 13 350
25 49 17 33 0 32 0 0.00 M M 2.7 13 10 M M 0 18 18 20
26 51 10 31 -2 34 0 0.00 M M 2.3 7 110 M M 0 8 M M
27 53 9 31 -2 34 0 0.00 M M 2.5 13 190 M M 0 18 18 190
28 52 10 31 -2 34 0 0.00 M M 5.4 18 180 M M 0 8 25 160
29 51 9 30 -3 35 0 0.00 M M 1.2 7 310 M M 0 8 9 150
30 55 8 32 -1 33 0 0.00 M M 2.8 13 270 M M 1 18 18 270
31 45 19 32 -1 33 0 0.00 M M 4.3 13 310 M M 0 19 320
================================================================================
SM 1503 562 977 0 0.11 M 121.0 M 52
================================================================================
AV 48.5 18.1 3.9 FASTST M M 2 MAX(MPH)
MISC ----> 35 230 48 190
================================================================================
NOTES:
# LAST OF SEVERAL OCCURRENCES
COLUMN 17 PEAK WIND IN M.P.H.
PRELIMINARY LOCAL CLIMATOLOGICAL DATA (WS FORM: F-6) , PAGE 2
STATION: ALTURAS CA
MONTH: JANUARY
YEAR: 2022
LATITUDE: 41 29 N
LONGITUDE: 120 34 W
[TEMPERATURE DATA] [PRECIPITATION DATA] SYMBOLS USED IN COLUMN 16
AVERAGE MONTHLY: 33.3 TOTAL FOR MONTH: 0.11 1 = FOG OR MIST
DPTR FM NORMAL: 1.5 DPTR FM NORMAL: -1.20 2 = FOG REDUCING VISIBILITY
HIGHEST: 61 ON 12 GRTST 24HR 0.51 ON 2- 3 TO 1/4 MILE OR LESS
LOWEST: -10 ON 1 3 = THUNDER
SNOW, ICE PELLETS, HAIL 4 = ICE PELLETS
TOTAL MONTH: M 5 = HAIL
GRTST 24HR M ON M 6 = FREEZING RAIN OR DRIZZLE
GRTST DEPTH: M ON M 7 = DUSTSTORM OR SANDSTORM:
VSBY 1/2 MILE OR LESS
8 = SMOKE OR HAZE
[NO. OF DAYS WITH] [WEATHER - DAYS WITH] 9 = BLOWING SNOW
X = TORNADO
MAX 32 OR BELOW: 1 0.01 INCH OR MORE: 2
MAX 90 OR ABOVE: 0 0.10 INCH OR MORE: 0
MIN 32 OR BELOW: 29 0.50 INCH OR MORE: 0
MIN 0 OR BELOW: 2 1.00 INCH OR MORE: 0
[HDD (BASE 65) ]
TOTAL THIS MO. 977 CLEAR (SCALE 0-3) 26
DPTR FM NORMAL -52 PTCLDY (SCALE 4-7) 3
TOTAL FM JUL 1 3683 CLOUDY (SCALE 8-10) 2
DPTR FM NORMAL -61
[CDD (BASE 65) ]
TOTAL THIS MO. 0
DPTR FM NORMAL 0 [PRESSURE DATA]
TOTAL FM JAN 1 0 HIGHEST SLP 30.61 ON 10
DPTR FM NORMAL 0 LOWEST SLP 29.71 ON 7
[REMARKS]
#FINAL-01-22#