000
CXUS53 KGRB 171614
CF6AIG
PRELIMINARY LOCAL CLIMATOLOGICAL DATA (WS FORM: F-6)
STATION: ANTIGO AWOS
MONTH: JANUARY
YEAR: 2022
LATITUDE: 45 9 N
LONGITUDE: 89 8 W
TEMPERATURE IN F: :PCPN: SNOW: WIND :SUNSHINE: SKY :PK WND
================================================================================
1 2 3 4 5 6A 6B 7 8 9 10 11 12 13 14 15 16 17 18
12Z AVG MX 2MIN
DY MAX MIN AVG DEP HDD CDD WTR SNW DPTH SPD SPD DIR MIN PSBL S-S WX SPD DR
================================================================================
1 18 3 11 -1 54 0 0.00 0.0 5 9.7 15 360 M M 3 20 350
2 13 -3 5 -7 60 0 M M M 5.0 9 250 M M 5 M M
3 14 -10 2 -10 63 0 0.00 0.0 4 5.4 13 220 M M 1 M M
4 22 -1 11 -1 54 0 0.15 2.0 6 6.6 13 120 M M 4 M M
5 25 11 18 6 47 0 0.03 M M 9.0 18 330 M M 10 1 28 360
6 13 9 11 0 54 0 M M M 9.9 14 350 M M 10 18 18 340
7 12 -11 1 -10 64 0 M M M 5.6 12 170 M M 3 16 240
8 19 7 13 2 52 0 M M M 14.1 22 160 M M 10 1 28 160
9 21 -6 8 -3 57 0 M M M 16.1 24 280 M M 2 1 32 280
10 0 -17 -8 -19 73 0 M M M 10.0 17 290 M M 0 22 300
11 21 -21 0 -11 65 0 M M M 9.7 17 280 M M 3 25 180
12 29 20 25 14 40 0 M M M 4.5 14 280 M M 10 20 280
13 31 15 23 12 42 0 M M M 7.8 14 20 M M 9 1 20 360
14 14 -6 4 -7 61 0 M M M 9.8 14 60 M M 5 20 50
15 13 -14 0 -11 65 0 M M M 4.6 9 180 M M 0 M M
16 16 -1 8 -3 57 0 M M M 8.4 12 220 M M 8 1 M M
17 25 16 21 10 44 0 M M M 9.5 17 330 M M 10 23 330
18 32 22 27 16 38 0 M M M 11.0 18 270 M M 9 1 26 150
19 33 0 17 6 48 0 M M M 16.6 27 290 M M 7 8 36 290
20 8 -12 -2 -13 67 0 M M M 5.9 10 290 M M 0 M M
21 12 -23 -5 -16 70 0 M M M 8.8 21 190 M M 1 26 190
22 17 5 11 0 54 0 M M M 13.4 22 300 M M 8 8 31 290
23 7 -9 -1 -12 66 0 M M M 7.2 12 230 M M 5 M M
24 13 -3 5 -6 60 0 M M M 6.7 14 340 M M 7 8 17 350
25 1 -23 -11 -22 76 0 M M M 6.7 12 290 M M 0 16 290
26 9 -30 -10 -21 75 0 M M M 9.3 21 220 M M 1 25 220
27 22 0 11 0 54 0 M M M 11.3 20 320 M M 7 18 26 320
28 11 -19 -4 -16 69 0 M M M 4.0 12 230 M M 5 M M
29 19 1 10 -2 55 0 M M M 4.8 12 130 M M 9 M M
30 23 4 14 2 51 0 M M M 4.0 9 20 M M 8 M M
31 26 -4 11 -1 54 0 M M M 10.4 18 150 M M 4 28 150
================================================================================
SM 539 -100 1789 0 0.18 2.0 265.8 M 164
================================================================================
AV 17.4 -3.2 8.6 FASTST M M 5 MAX(MPH)
MISC ----> 27 290 36 290
================================================================================
NOTES:
# LAST OF SEVERAL OCCURRENCES
COLUMN 17 PEAK WIND IN M.P.H.
PRELIMINARY LOCAL CLIMATOLOGICAL DATA (WS FORM: F-6) , PAGE 2
STATION: ANTIGO AWOS
MONTH: JANUARY
YEAR: 2022
LATITUDE: 45 9 N
LONGITUDE: 89 8 W
[TEMPERATURE DATA] [PRECIPITATION DATA] SYMBOLS USED IN COLUMN 16
AVERAGE MONTHLY: 7.1 TOTAL FOR MONTH: 0.18 1 = FOG OR MIST
DPTR FM NORMAL: -4.1 DPTR FM NORMAL: -0.58 2 = FOG REDUCING VISIBILITY
HIGHEST: 33 ON 19 GRTST 24HR 0.15 ON 4- 4 TO 1/4 MILE OR LESS
LOWEST: -30 ON 26 3 = THUNDER
SNOW, ICE PELLETS, HAIL 4 = ICE PELLETS
TOTAL MONTH: 2.0 INCHES 5 = HAIL
GRTST 24HR 2.0 ON 4- 4 6 = FREEZING RAIN OR DRIZZLE
GRTST DEPTH: 6 ON 4 7 = DUSTSTORM OR SANDSTORM:
VSBY 1/2 MILE OR LESS
8 = SMOKE OR HAZE
[NO. OF DAYS WITH] [WEATHER - DAYS WITH] 9 = BLOWING SNOW
X = TORNADO
MAX 32 OR BELOW: 30 0.01 INCH OR MORE: 2
MAX 90 OR ABOVE: 0 0.10 INCH OR MORE: 1
MIN 32 OR BELOW: 31 0.50 INCH OR MORE: 0
MIN 0 OR BELOW: 20 1.00 INCH OR MORE: 0
[HDD (BASE 65) ]
TOTAL THIS MO. 1789 CLEAR (SCALE 0-3) 10
DPTR FM NORMAL 121 PTCLDY (SCALE 4-7) 12
TOTAL FM JUL 1 4896 CLOUDY (SCALE 8-10) 9
DPTR FM NORMAL -384
[CDD (BASE 65) ]
TOTAL THIS MO. 0
DPTR FM NORMAL 0 [PRESSURE DATA]
TOTAL FM JAN 1 0 HIGHEST SLP M ON M
DPTR FM NORMAL 0 LOWEST SLP M ON M
[REMARKS]
#FINAL-01-22#