000
CXUS53 KLMK 010810
CF6FFT
PRELIMINARY LOCAL CLIMATOLOGICAL DATA (WS FORM: F-6)
STATION: FRANKFORT KY
MONTH: JANUARY
YEAR: 2023
LATITUDE: 38 10 N
LONGITUDE: 84 54 W
TEMPERATURE IN F: :PCPN: SNOW: WIND :SUNSHINE: SKY :PK WND
================================================================================
1 2 3 4 5 6A 6B 7 8 9 10 11 12 13 14 15 16 17 18
12Z AVG MX 2MIN
DY MAX MIN AVG DEP HDD CDD WTR SNW DPTH SPD SPD DIR MIN PSBL S-S WX SPD DR
================================================================================
1 57 39 48 13 17 0 0.00 M M 3.5 13 230 M M 8 12 16 230
2 64 45 55 20 10 0 0.13 M M 4.6 15 160 M M 8 1 24 150
3 64 55 60 25 5 0 3.04 M M 9.6 23 260 M M 7 13 43 260
4 63 42 53 18 12 0 0.05 M M 8.4 23 230 M M 5 1 33 230
5 51 31 41 7 24 0 0.00 M M 9.1 20 230 M M 5 26 210
6 47 29 38 4 27 0 0.00 M M 6.2 17 230 M M 3 22 220
7 52 27 40 6 25 0 0.00 M M 2.8 10 70 M M 3 15 60
8 42 36 39 5 26 0 T M M 6.2 13 70 M M 10 8 19 60
9 47 28 38 4 27 0 0.00 M M 4.0 12 230 M M 5 18 290
10 55 28 42 8 23 0 0.00 M M 4.6 17 220 M M 1 22 210
11 58 33 46 12 19 0 0.01 M M 5.6 10 160 M M 6 1 17 130
12 59 39 49 15 16 0 0.97 M M 9.6 20 330 M M 9 13 32 320
13 39 31 35 1 30 0 0.03 M M 9.2 18 330 M M 10 18 27 340
14 38 22 30 -4 35 0 0.00 M M 6.3 14 320 M M 6 23 300
15 45 20 33 -1 32 0 0.00 M M 3.4 12 120 M M 0 15 100
16 51 23 37 3 28 0 0.23 M M 5.8 14 160 M M 5 1 21 170
17 64 48 56 22 9 0 T M M 9.9 22 240 M M 6 33 260
18 59 33 46 12 19 0 0.05 M M 5.3 14 150 M M 4 18 21 140
19 64 43 54 20 11 0 0.32 M M 15.6 37 240 M M 7 1 56 230
20 43 35 39 5 26 0 T M M 8.5 22 240 M M 10 35 260
21 43 31 37 3 28 0 0.00 M M 3.5 9 80 M M 6 16 80
22 40 31 36 2 29 0 0.22 M M 4.7 12 100 M M 9 1 16 280
23 38 26 32 -2 33 0 0.01 M M 6.5 15 270 M M 8 1 21 270
24 49 23 36 2 29 0 0.00 M M 4.5 12 40 M M 1 1 17 30
25 56 37 47 13 18 0 0.14 M M 12.7 36 220 M M 10 1 52 220
26 37 31 34 0 31 0 0.03 M M 9.4 20 240 M M 10 1 33 270
27 49 20 35 1 30 0 T M M 12.0 25 200 M M 4 37 210
28 58 35 47 13 18 0 0.00 M M 10.1 23 200 M M 4 31 210
29 50 43 47 13 18 0 0.32 M M 7.8 24 210 M M 10 1 35 220
30 46 32 39 4 26 0 0.07 M M 4.8 12 340 M M 10 126 16 340
31 32 27 30 -5 35 0 0.20 M M 6.3 14 10 M M 10 16 19 350
================================================================================
SM 1560 1023 716 0 5.82 M 220.5 M 200
================================================================================
AV 50.3 33.0 7.1 FASTST M M 6 MAX(MPH)
MISC ----> 37 240 56 230
================================================================================
NOTES:
# LAST OF SEVERAL OCCURRENCES
COLUMN 17 PEAK WIND IN M.P.H.
PRELIMINARY LOCAL CLIMATOLOGICAL DATA (WS FORM: F-6) , PAGE 2
STATION: FRANKFORT KY
MONTH: JANUARY
YEAR: 2023
LATITUDE: 38 10 N
LONGITUDE: 84 54 W
[TEMPERATURE DATA] [PRECIPITATION DATA] SYMBOLS USED IN COLUMN 16
AVERAGE MONTHLY: 41.7 TOTAL FOR MONTH: 5.82 1 = FOG OR MIST
DPTR FM NORMAL: 7.6 DPTR FM NORMAL: 2.55 2 = FOG REDUCING VISIBILITY
HIGHEST: 64 ON 19,17 GRTST 24HR 3.04 ON 3- 3 TO 1/4 MILE OR LESS
LOWEST: 20 ON 27,15 3 = THUNDER
SNOW, ICE PELLETS, HAIL 4 = ICE PELLETS
TOTAL MONTH: M 5 = HAIL
GRTST 24HR M ON M 6 = FREEZING RAIN OR DRIZZLE
GRTST DEPTH: M ON M 7 = DUSTSTORM OR SANDSTORM:
VSBY 1/2 MILE OR LESS
8 = SMOKE OR HAZE
[NO. OF DAYS WITH] [WEATHER - DAYS WITH] 9 = BLOWING SNOW
X = TORNADO
MAX 32 OR BELOW: 1 0.01 INCH OR MORE: 16
MAX 90 OR ABOVE: 0 0.10 INCH OR MORE: 9
MIN 32 OR BELOW: 17 0.50 INCH OR MORE: 2
MIN 0 OR BELOW: 0 1.00 INCH OR MORE: 1
[HDD (BASE 65) ]
TOTAL THIS MO. 716 CLEAR (SCALE 0-3) 5
DPTR FM NORMAL -242 PTCLDY (SCALE 4-7) 16
TOTAL FM JUL 1 2476 CLOUDY (SCALE 8-10) 10
DPTR FM NORMAL -183
[CDD (BASE 65) ]
TOTAL THIS MO. 0
DPTR FM NORMAL 0 [PRESSURE DATA]
TOTAL FM JAN 1 0 HIGHEST SLP 30.36 ON 31
DPTR FM NORMAL 0 LOWEST SLP 29.47 ON 25
[REMARKS]
#FINAL-01-23#