000
CXUS55 KGGW 010842
CLMGGW
CLIMATE REPORT
NATIONAL WEATHER SERVICE GLASGOW, MT
242 AM MDT TUE AUG 01 2023
...................................
...THE GLASGOW MT CLIMATE SUMMARY FOR THE MONTH OF JULY 2023...
CLIMATE NORMAL PERIOD: 1991 TO 2020
CLIMATE RECORD PERIOD: 1893 TO 2023
WEATHER OBSERVED NORMAL DEPART LAST YEAR`S
VALUE DATE(S) VALUE FROM VALUE DATE(S)
NORMAL
................................................................
TEMPERATURE (F)
RECORD
HIGH 113 07/31/1900
LOW 34 07/08/1904
HIGHEST 107 07/24 108
LOWEST 46 07/05 52
AVG. MAXIMUM 87.9 85.5 2.4 91.3
AVG. MINIMUM 58.1 -0.4 59.9
MEAN 73.0 72.0 1.0 75.6
DAYS MAX >= 90 12 18
DAYS MAX <= 32 0 0
DAYS MIN <= 32 0 0
DAYS MIN <= 0 0 0
PRECIPITATION (INCHES)
RECORD
MAXIMUM 5.93 1993
MINIMUM T 1894
TOTALS 0.56 1.95 -1.39 1.63
DAILY AVG. 0.02 0.06 -0.04 0.06
DAYS >= .01 8 6
DAYS >= .10 3
DAYS >= .50 0 1
DAYS >= 1.00 0 0
GREATEST
24 HR. TOTAL 0.18 07/10 TO 07/11
SNOWFALL (INCHES)
RECORDS
TOTAL MM MM
SNOW DEPTH MM MM
TOTALS 0.0 0.0 0.0 0.0
LIQUID EQUIV 0.00 0.00 0.00 0.00
SINCE 7/1 0.0 0.0 0.0 MM
LIQUID 7/1 0.00 0.00 0.00 MM
SNOWDEPTH AVG. 0 0
DAYS >= TRACE 0 0
DAYS >= 1.0 0 0
GREATEST
SNOW DEPTH 0 0 MM
24 HR TOTAL MM
DEGREE DAYS
HEATING TOTAL 9 14 -5 0
SINCE 7/1 9 10 -1 MM
COOLING TOTAL 263 230 33 336
SINCE 1/1 462 319 143 MM
................................................................
WIND (MPH)
AVERAGE WIND SPEED 10.2
HIGHEST WIND SPEED/DIRECTION 41/350 DATE 07/14
HIGHEST GUST SPEED/DIRECTION 62/340 DATE 07/30
SKY COVER
POSSIBLE SUNSHINE (PERCENT) MM
AVERAGE SKY COVER 0.20
NUMBER OF DAYS FAIR 25
NUMBER OF DAYS PC 4
NUMBER OF DAYS CLOUDY 2
AVERAGE RH (PERCENT) 50
WEATHER CONDITIONS. NUMBER OF DAYS WITH
THUNDERSTORM 9 MIXED PRECIP 0
HEAVY RAIN 3 RAIN 1
LIGHT RAIN 8 FREEZING RAIN 0
LT FREEZING RAIN 0 HAIL 0
HEAVY SNOW 0 SNOW 0
LIGHT SNOW 0 SLEET 0
FOG 5 FOG W/VIS <= 1/4 MILE 0
HAZE 8
- INDICATES NEGATIVE NUMBERS.
R INDICATES RECORD WAS SET OR TIED.
MM INDICATES DATA IS MISSING.
T INDICATES TRACE AMOUNT.
&&
JULY WAS SLIGHTLY WARMER AND MUCH DRIER THAN NORMAL FOR GLASGOW. THE
TEMPERATURE AVERAGED 73.0 DEGREES WHICH WAS 1.0 DEGREES ABOVE
NORMAL. THERE WERE 2 DAYS WITH A HIGH OF 100 DEGREES OR HIGHER. THE
HIGH FROM THE MONTH WAS 107 DEGREES ON JULY 24. THE LOW FOR THE
MONTH WAS 46 ON THE 5TH.
IT WAS ALSO A DRY MONTH WITH ONLY 0.56 INCH OF PRECIPITATION. NORMAL
PRECIPITATION IS 1.95 INCHES. IT WAS THE DRIEST JULY SINCE 2006 WHEN
ONLY 0.33 INCH OF RAIN FELL.
THE PEAK WIND FOR THE MONTH WAS 62 MPH ON THE 30TH. THERE WERE ALSO
PEAK WINDS OF 52 MPH ON THE 14TH AND 50 MPH ON THE 13TH. THE
WINDIEST DAY WAS THE 30TH WITH AN AVERAGE WIND SPEED OF 17.1 MPH.
LOOKING AHEAD TO AUGUST, THE NORMAL HIGH STARTS WITH 88 ON THE 1ST
AND COOLS TO 80 BY THE END OF THE MONTH. THE NORMAL LOW STARTS WITH
60 AND COOLS TO 53 BY THE END OF THE MONTH. NORMAL PRECIPITATION FOR
AUGUST IS 1.27 INCHES.
$$