000
CXUS53 KEAX 010736
CF6IRK
PRELIMINARY LOCAL CLIMATOLOGICAL DATA (WS FORM: F-6)
STATION: KIRKSVILLE MO
MONTH: OCTOBER
YEAR: 2022
LATITUDE: 40 5 N
LONGITUDE: 92 33 W
TEMPERATURE IN F: :PCPN: SNOW: WIND :SUNSHINE: SKY :PK WND
================================================================================
1 2 3 4 5 6A 6B 7 8 9 10 11 12 13 14 15 16 17 18
12Z AVG MX 2MIN
DY MAX MIN AVG DEP HDD CDD WTR SNW DPTH SPD SPD DIR MIN PSBL S-S WX SPD DR
================================================================================
1 74 40 57 -3 8 0 0.00 M M 4.8 13 50 M M 0 18 40
2 76 42 59 0 6 0 0.00 M M 5.1 13 100 M M 0 18 20 80
3 76 46 61 2 4 0 0.00 M M 5.7 13 100 M M 0 17 110
4 76 40 58 -1 7 0 0.00 M M 5.7 14 160 M M 0 20 140
5 75 46 61 3 4 0 T M M 5.3 14 180 M M 4 1 19 240
6 80 47 64 6 1 0 0.00 M M 9.0 21 350 M M 1 1 28 360
7 59 32 46 -12 19 0 0.00 M M 7.8 15 350 M M 3 8 23 340
8 61 28 45 -12 20 0 0.00 M M 4.3 15 270 M M 0 23 280
9 75 41 58 1 7 0 0.00 M M 7.0 21 260 M M 0 32 260
10 79 37 58 2 7 0 0.00 M M 4.2 14 180 M M 0 8 20 170
11 74 55 65 9 0 0 0.26 M M 13.1 25 190 M M 6 1 37 210
12 70 41 56 0 9 0 0.08 M M 10.3 30 340 M M 4 18 39 350
13 60 36 48 -7 17 0 0.00 M M 11.2 31 290 M M 1 42 270
14 67 33 50 -5 15 0 0.05 M M 8.9 22 260 M M 1 45 260
15 62 29 46 -8 19 0 0.00 M M 6.1 14 230 M M 0 21 200
16 63 36 50 -4 15 0 0.00 M M 9.5 23 290 M M 1 31 300
17 46 27 37 -17 28 0 0.00 M M 12.4 22 330 M M 0 30 310
18 47 23 35 -18 30 0 0.00 M M 10.0 20 340 M M 0 27 300
19 51 19 35 -18 30 0 0.00 M M 7.5 16 280 M M 0 23 300
20 73 41 57 5 8 0 0.00 M M 6.9 17 270 M M 0 24 260
21 82 42 62 10 3 0 0.00 M M 11.5 24 220 M M 0 36 210
22 87 60 74 22 0 9 0.00 M M 15.8 30 160 M M 0 42 170
23 82 59 71 20 0 6 0.00 M M 18.3 30 160 M M 0 41 190
24 72 46 59 8 6 0 0.91 M M 13.3 25 170 M M 6 18 36 160
25 47 41 44 -6 21 0 0.08 M M 10.2 31 350 M M 6 1 45 350
26 61 33 47 -3 18 0 0.00 M M 4.4 10 360 M M 0 16 360
27 59 39 49 0 16 0 0.00 M M 8.7 21 130 M M 0 26 130
28 63 32 48 -1 17 0 0.00 M M 4.5 10 80 M M 0 1 15 80
29 64 32 48 0 17 0 0.00 M M 3.5 9 110 M M 0 1 14 110
30 57 45 51 3 14 0 0.04 M M 5.3 9 20 M M 7 18 13 350
31 69 39 54 6 11 0 0.00 M M 4.7 13 280 M M 2 18 22 300
================================================================================
SM 2087 1207 377 15 1.42 M 255.0 M 42
================================================================================
AV 67.3 38.9 8.2 FASTST M M 1 MAX(MPH)
MISC ----> # 31 290 45 350
================================================================================
NOTES:
# LAST OF SEVERAL OCCURRENCES
COLUMN 17 PEAK WIND IN M.P.H.
PRELIMINARY LOCAL CLIMATOLOGICAL DATA (WS FORM: F-6) , PAGE 2
STATION: KIRKSVILLE MO
MONTH: OCTOBER
YEAR: 2022
LATITUDE: 40 5 N
LONGITUDE: 92 33 W
[TEMPERATURE DATA] [PRECIPITATION DATA] SYMBOLS USED IN COLUMN 16
AVERAGE MONTHLY: 53.1 TOTAL FOR MONTH: 1.42 1 = FOG OR MIST
DPTR FM NORMAL: -0.7 DPTR FM NORMAL: -1.82 2 = FOG REDUCING VISIBILITY
HIGHEST: 87 ON 22 GRTST 24HR 0.99 ON 24-25 TO 1/4 MILE OR LESS
LOWEST: 19 ON 19 3 = THUNDER
SNOW, ICE PELLETS, HAIL 4 = ICE PELLETS
TOTAL MONTH: M 5 = HAIL
GRTST 24HR M ON M 6 = FREEZING RAIN OR DRIZZLE
GRTST DEPTH: M ON M 7 = DUSTSTORM OR SANDSTORM:
VSBY 1/2 MILE OR LESS
8 = SMOKE OR HAZE
[NO. OF DAYS WITH] [WEATHER - DAYS WITH] 9 = BLOWING SNOW
X = TORNADO
MAX 32 OR BELOW: 0 0.01 INCH OR MORE: 6
MAX 90 OR ABOVE: 0 0.10 INCH OR MORE: 2
MIN 32 OR BELOW: 8 0.50 INCH OR MORE: 1
MIN 0 OR BELOW: 0 1.00 INCH OR MORE: 0
[HDD (BASE 65) ]
TOTAL THIS MO. 377 CLEAR (SCALE 0-3) 25
DPTR FM NORMAL 13 PTCLDY (SCALE 4-7) 6
TOTAL FM JUL 1 459 CLOUDY (SCALE 8-10) 0
DPTR FM NORMAL -5
[CDD (BASE 65) ]
TOTAL THIS MO. 15
DPTR FM NORMAL -3 [PRESSURE DATA]
TOTAL FM JAN 1 1126 HIGHEST SLP M ON M
DPTR FM NORMAL 118 LOWEST SLP 29.57 ON 22
[REMARKS]
#FINAL-10-22#