000
CXUS51 KOKX 010910
CF6ISP
PRELIMINARY LOCAL CLIMATOLOGICAL DATA (WS FORM: F-6)
STATION: ISLIP NY
MONTH: AUGUST
YEAR: 2021
LATITUDE: 40 47 N
LONGITUDE: 73 6 W
TEMPERATURE IN F: :PCPN: SNOW: WIND :SUNSHINE: SKY :PK WND
================================================================================
1 2 3 4 5 6A 6B 7 8 9 10 11 12 13 14 15 16 17 18
12Z AVG MX 2MIN
DY MAX MIN AVG DEP HDD CDD WTR SNW DPTH SPD SPD DIR MIN PSBL S-S WX SPD DR
================================================================================
1 77 60 69 -6 0 4 T 0.0 0 7.1 15 150 M M 6 19 150
2 81 63 72 -3 0 7 0.00 0.0 0 7.5 18 310 M M 4 23 350
3 80 62 71 -4 0 6 0.00 0.0 0 3.1 9 360 M M 7 12 10
4 75 63 69 -6 0 4 0.05 0.0 0 5.6 15 90 M M 8 1 19 90
5 78 65 72 -3 0 7 T 0.0 0 7.5 15 360 M M 8 1 19 10
6 85 63 74 -1 0 9 0.00 0.0 0 6.0 14 200 M M 3 12 18 200
7 85 68 77 2 0 12 T 0.0 0 8.5 16 220 M M 6 21 210
8 74 66 70 -5 0 5 1.79 0.0 0 7.8 16 40 M M 10 1 19 30
9 75 69 72 -3 0 7 0.32 0.0 0 5.0 14 40 M M 10 1 16 40
10 80 67 74 0 0 9 0.02 0.0 0 6.8 18 210 M M 8 26 220
11 85 73 79 5 0 14 0.10 0.0 0 9.3 16 220 M M 6 1 20 220
12 90 75 83 9 0 18 T 0.0 0 9.3 18 230 M M 4 23 220
13 91 74 83 9 0 18 0.00 0.0 0 5.8 13 210 M M 4 1 16 230
14 91 75 83 9 0 18 0.00 0.0 0 7.8 16 350 M M 6 20 340
15 83 69 76 2 0 11 0.00 0.0 0 7.1 15 30 M M 8 19 350
16 81 66 74 0 0 9 0.00 0.0 0 4.6 12 160 M M 6 16 170
17 79 68 74 0 0 9 0.00 0.0 0 7.0 15 170 M M 7 19 170
18 80 69 75 1 0 10 0.00 0.0 0 8.1 16 160 M M 8 23 150
19 85 75 80 6 0 15 T 0.0 0 13.0 21 200 M M 9 29 230
20 85 71 78 5 0 13 0.00 0.0 0 5.8 16 340 M M 7 19 350
21 83 71 77 4 0 12 0.24 0.0 0 6.9 14 50 M M 7 1 17 60
22 76 70 73 0 0 8 1.47 0.0 0 13.5 26 260 M M 9 1 33 290
23 80 72 76 3 0 11 0.63 0.0 0 11.2 22 210 M M 9 1 28 200
24 90 69 80 7 0 15 0.00 0.0 0 6.6 12 210 M M 1 16 340
25 92 70 81 8 0 16 0.00 0.0 0 5.0 10 210 M M 3 13 200
26 92 74 83 11 0 18 0.00 0.0 0 6.4 15 220 M M 2 1 19 210
27 94 75 85 13 0 20 0.00 0.0 0 4.0 10 180 M M 4 14 340
28 80 64 72 0 0 7 2.01 0.0 0 10.2 28 40 M M 9 13 35 50
29 79 64 72 0 0 7 0.00 0.0 0 5.8 10 140 M M 9 18 150
30 82 70 76 4 0 11 T 0.0 0 7.4 16 210 M M 7 19 220
31 86 72 79 7 0 14 0.00 0.0 0 3.8 16 300 M M 7 1 20 300
================================================================================
SM 2574 2132 0 344 6.63 0.0 223.5 M 202
================================================================================
AV 83.0 68.8 7.2 FASTST M M 7 MAX(MPH)
MISC ----> 28 40 35 50
================================================================================
NOTES:
# LAST OF SEVERAL OCCURRENCES
COLUMN 17 PEAK WIND IN M.P.H.
PRELIMINARY LOCAL CLIMATOLOGICAL DATA (WS FORM: F-6) , PAGE 2
STATION: ISLIP NY
MONTH: AUGUST
YEAR: 2021
LATITUDE: 40 47 N
LONGITUDE: 73 6 W
[TEMPERATURE DATA] [PRECIPITATION DATA] SYMBOLS USED IN COLUMN 16
AVERAGE MONTHLY: 75.9 TOTAL FOR MONTH: 6.63 1 = FOG OR MIST
DPTR FM NORMAL: 2.2 DPTR FM NORMAL: 2.39 2 = FOG REDUCING VISIBILITY
HIGHEST: 94 ON 27 GRTST 24HR 2.01 ON 28-28 TO 1/4 MILE OR LESS
LOWEST: 60 ON 1 3 = THUNDER
SNOW, ICE PELLETS, HAIL 4 = ICE PELLETS
TOTAL MONTH: 0.0 INCH 5 = HAIL
GRTST 24HR 0.0 6 = FREEZING RAIN OR DRIZZLE
GRTST DEPTH: 0 7 = DUSTSTORM OR SANDSTORM:
VSBY 1/2 MILE OR LESS
8 = SMOKE OR HAZE
[NO. OF DAYS WITH] [WEATHER - DAYS WITH] 9 = BLOWING SNOW
X = TORNADO
MAX 32 OR BELOW: 0 0.01 INCH OR MORE: 9
MAX 90 OR ABOVE: 7 0.10 INCH OR MORE: 7
MIN 32 OR BELOW: 0 0.50 INCH OR MORE: 4
MIN 0 OR BELOW: 0 1.00 INCH OR MORE: 3
[HDD (BASE 65) ]
TOTAL THIS MO. 0 CLEAR (SCALE 0-3) 3
DPTR FM NORMAL -2 PTCLDY (SCALE 4-7) 20
TOTAL FM JUL 1 3 CLOUDY (SCALE 8-10) 8
DPTR FM NORMAL 2
[CDD (BASE 65) ]
TOTAL THIS MO. 344
DPTR FM NORMAL 73 [PRESSURE DATA]
TOTAL FM JAN 1 878 HIGHEST SLP M ON M
DPTR FM NORMAL 114 LOWEST SLP 29.73 ON 22
[REMARKS]
#FINAL-08-21#