000
CXUS54 KFWD 010831
CF6JWY
PRELIMINARY LOCAL CLIMATOLOGICAL DATA (WS FORM: F-6)
STATION: WAXAHACHIE
MONTH: JANUARY
YEAR: 2021
LATITUDE: 32 27 N
LONGITUDE: 96 54 W
TEMPERATURE IN F: :PCPN: SNOW: WIND :SUNSHINE: SKY :PK WND
================================================================================
1 2 3 4 5 6A 6B 7 8 9 10 11 12 13 14 15 16 17 18
12Z AVG MX 2MIN
DY MAX MIN AVG DEP HDD CDD WTR SNW DPTH SPD SPD DIR MIN PSBL S-S WX SPD DR
================================================================================
1 39 34 37 -7 28 0 0.00 M M 10.2 15 290 M M 10 1 23 280
2 55 33 44 0 21 0 0.00 M M 5.0 10 340 M M 3 16 280
3 67 33 50 6 15 0 0.00 M M 6.8 20 210 M M 0 24 220
4 67 35 51 7 14 0 0.00 M M 3.6 8 360 M M 0 M M
5 65 33 49 5 16 0 0.00 M M 4.1 10 140 M M 2 17 140
6 61 46 54 10 11 0 0.00 M M 12.1 21 300 M M 9 1 30 310
7 48 43 46 2 19 0 0.00 M M 13.5 20 320 M M 10 30 320
8 49 34 42 -2 23 0 0.00 M M 5.0 10 330 M M 6 M M
9 48 24 36 -8 29 0 0.00 M M 2.6 8 60 M M 0 1 M M
10 38 32 35 -9 30 0 0.16 M M 4.3 12 350 M M 10 1 M M
11 47 29 38 -6 27 0 0.00 M M 4.0 10 350 M M 4 18 M M
12 52 30 41 -3 24 0 0.00 M M 4.9 10 210 M M 0 16 220
13 62 33 48 4 17 0 0.00 M M 6.1 13 190 M M 0 20 180
14 64 40 52 8 13 0 0.00 M M 12.1 26 340 M M 0 39 360
15 53 36 45 1 20 0 0.00 M M 12.7 28 300 M M 0 36 320
16 58 32 45 1 20 0 0.00 M M 4.2 10 280 M M 1 21 280
17 61 37 49 4 16 0 0.00 M M 4.6 10 320 M M 0 20 360
18 68 33 51 6 14 0 0.00 M M 5.5 20 170 M M 3 33 180
19 58 46 52 7 13 0 0.17 M M 6.7 13 10 M M 10 20 30
20 51 44 48 3 17 0 0.11 M M 2.2 10 20 M M 10 1 18 20
21 54 45 50 5 15 0 0.02 M M 3.4 10 210 M M 6 1 M M
22 50 47 49 4 16 0 0.01 M M 3.4 8 40 M M 10 1 M M
23 53 48 51 6 14 0 0.07 M M 1.8 6 100 M M 10 12 M M
24 66 52 59 14 6 0 0.04 M M 3.7 13 160 M M 10 12 22 160
25 68 46 57 12 8 0 0.23 M M 9.7 16 270 M M 3 1 23 270
26 58 38 48 3 17 0 0.00 M M 6.7 14 340 M M 2 20 340
27 51 32 42 -3 23 0 0.00 M M 9.8 20 350 M M 3 27 350
28 49 28 39 -6 26 0 0.00 M M 2.6 7 40 M M 0 M M
29 62 35 49 3 16 0 0.00 M M 6.1 14 180 M M 1 20 160
30 76 52 64 18 1 0 0.00 M M 14.9 26 250 M M 6 18 38 250
31 59 41 50 4 15 0 0.00 M M 15.0 24 320 M M 0 31 320
================================================================================
SM 1757 1171 544 0 0.81 M 207.3 M 129
================================================================================
AV 56.7 37.8 6.7 FASTST M M 4 MAX(MPH)
MISC ----> 28 300 39 360
================================================================================
NOTES:
# LAST OF SEVERAL OCCURRENCES
COLUMN 17 PEAK WIND IN M.P.H.
PRELIMINARY LOCAL CLIMATOLOGICAL DATA (WS FORM: F-6) , PAGE 2
STATION: WAXAHACHIE
MONTH: JANUARY
YEAR: 2021
LATITUDE: 32 27 N
LONGITUDE: 96 54 W
[TEMPERATURE DATA] [PRECIPITATION DATA] SYMBOLS USED IN COLUMN 16
AVERAGE MONTHLY: 47.2 TOTAL FOR MONTH: 0.81 1 = FOG OR MIST
DPTR FM NORMAL: 2.6 DPTR FM NORMAL: -1.46 2 = FOG REDUCING VISIBILITY
HIGHEST: 76 ON 30 GRTST 24HR 0.43 ON 20-20 TO 1/4 MILE OR LESS
LOWEST: 24 ON 9 3 = THUNDER
SNOW, ICE PELLETS, HAIL 4 = ICE PELLETS
TOTAL MONTH: M 5 = HAIL
GRTST 24HR M ON M 6 = FREEZING RAIN OR DRIZZLE
GRTST DEPTH: M ON M 7 = DUSTSTORM OR SANDSTORM:
VSBY 1/2 MILE OR LESS
8 = SMOKE OR HAZE
[NO. OF DAYS WITH] [WEATHER - DAYS WITH] 9 = BLOWING SNOW
X = TORNADO
MAX 32 OR BELOW: 0 0.01 INCH OR MORE: 8
MAX 90 OR ABOVE: 0 0.10 INCH OR MORE: 4
MIN 32 OR BELOW: 7 0.50 INCH OR MORE: 0
MIN 0 OR BELOW: 0 1.00 INCH OR MORE: 0
[HDD (BASE 65) ]
TOTAL THIS MO. 544 CLEAR (SCALE 0-3) 16
DPTR FM NORMAL -88 PTCLDY (SCALE 4-7) 6
TOTAL FM JUL 1 1371 CLOUDY (SCALE 8-10) 9
DPTR FM NORMAL -254
[CDD (BASE 65) ]
TOTAL THIS MO. 0
DPTR FM NORMAL -1 [PRESSURE DATA]
TOTAL FM JAN 1 0 HIGHEST SLP M ON M
DPTR FM NORMAL -1 LOWEST SLP M ON M
[REMARKS]
#FINAL-01-21#