000
CXUS53 KDMX 050301
CF6LWD
PRELIMINARY LOCAL CLIMATOLOGICAL DATA (WS FORM: F-6)
STATION: LAMONI IA
MONTH: APRIL
YEAR: 2022
LATITUDE: 40 37 N
LONGITUDE: 93 56 W
TEMPERATURE IN F: :PCPN: SNOW: WIND :SUNSHINE: SKY :PK WND
================================================================================
1 2 3 4 5 6A 6B 7 8 9 10 11 12 13 14 15 16 17 18
12Z AVG MX 2MIN
DY MAX MIN AVG DEP HDD CDD WTR SNW DPTH SPD SPD DIR MIN PSBL S-S WX SPD DR
================================================================================
1 51 24 38 -9 27 0 T 0.0 M 5.5 15 150 M M 0 20 130
2 58 37 48 0 17 0 0.04 0.0 M 11.1 30 320 M M 5 38 320
3 58 33 46 -2 19 0 0.13 0.0 M 6.9 20 180 M M 4 1 28 170
4 57 34 46 -2 19 0 0.00 0.0 M 8.2 18 350 M M 2 1 25 350
5 59 37 48 -1 17 0 0.11 0.0 M 9.5 25 300 M M 6 1 34 300
6 53 38 46 -3 19 0 T 0.0 M 20.2 37 300 M M 5 47 290
7 42 32 37 -12 28 0 0.05 M M 20.2 33 290 M M 10 1 44 300
8 49 31 40 -10 25 0 T M M 14.8 25 320 M M 7 34 320
9 57 26 42 -8 23 0 0.00 0.0 M 6.9 14 150 M M 0 20 150
10 77 43 60 10 5 0 0.00 0.0 M 14.7 31 210 M M 0 41 200
11 64 39 52 2 13 0 0.00 0.0 M 5.3 14 320 M M 0 20 330
12 83 45 64 13 1 0 0.16 0.0 M 18.2 33 180 M M 4 138 53 190
13 59 32 46 -5 19 0 0.13 M M 14.9 28 310 M M 6 13 35 310
14 54 28 41 -11 24 0 0.00 0.0 M 17.1 36 250 M M 2 47 250
15 53 32 43 -9 22 0 T 0.0 M 9.5 18 360 M M 3 26 350
16 52 32 42 -10 23 0 0.00 0.0 M 9.7 18 340 M M 0 24 320
17 40 30 35 -17 30 0 0.08 M M 6.6 15 100 M M 8 12 27 110
18 51 30 41 -12 24 0 0.00 0.0 M 16.4 32 320 M M 2 1 45 340
19 50 22 36 -17 29 0 0.00 0.0 M 7.6 16 140 M M 5 28 140
20 50 43 47 -6 18 0 0.17 0.0 M 12.1 22 140 M M 10 123 33 140
21 67 34 51 -3 14 0 T 0.0 M 5.6 13 120 M M 7 123 21 90
22 82 59 71 17 0 6 0.04 0.0 M 15.4 28 180 M M 8 3 47 190
23 75 54 65 11 0 0 0.58 0.0 M 20.4 37 250 M M 5 3 52 250
24 63 42 53 -2 12 0 0.00 0.0 M 15.7 29 250 M M 1 38 250
25 52 33 43 -12 22 0 0.00 0.0 M 13.9 25 320 M M 6 33 300
26 62 30 46 -9 19 0 0.00 0.0 M 6.2 16 230 M M 0 20 250
27 75 44 60 4 5 0 0.00 0.0 M 11.6 23 210 M M 0 33 200
28 70 56 63 7 2 0 0.00 0.0 M 8.6 17 120 M M 5 28 110
29 63 52 58 2 7 0 2.28 0.0 M 13.6 29 140 M M 9 13 42 130
30 59 47 53 -4 12 0 0.05 0.0 M 20.9 36 240 M M 9 13 52 110
================================================================================
SM 1785 1119 495 6 3.82 0.0 367.3 M 129
================================================================================
AV 59.5 37.3 12.2 FASTST M M 4 MAX(MPH)
MISC ----> # 37 250 53 190
================================================================================
NOTES:
# LAST OF SEVERAL OCCURRENCES
COLUMN 17 PEAK WIND IN M.P.H.
PRELIMINARY LOCAL CLIMATOLOGICAL DATA (WS FORM: F-6) , PAGE 2
STATION: LAMONI IA
MONTH: APRIL
YEAR: 2022
LATITUDE: 40 37 N
LONGITUDE: 93 56 W
[TEMPERATURE DATA] [PRECIPITATION DATA] SYMBOLS USED IN COLUMN 16
AVERAGE MONTHLY: 48.4 TOTAL FOR MONTH: 3.82 1 = FOG OR MIST
DPTR FM NORMAL: -3.6 DPTR FM NORMAL: -0.43 2 = FOG REDUCING VISIBILITY
HIGHEST: 83 ON 12 GRTST 24HR 2.33 ON 29-30 TO 1/4 MILE OR LESS
LOWEST: 22 ON 19 3 = THUNDER
SNOW, ICE PELLETS, HAIL 4 = ICE PELLETS
TOTAL MONTH: 0.0 INCH 5 = HAIL
GRTST 24HR 0.0 6 = FREEZING RAIN OR DRIZZLE
GRTST DEPTH: M ON M 7 = DUSTSTORM OR SANDSTORM:
VSBY 1/2 MILE OR LESS
8 = SMOKE OR HAZE
[NO. OF DAYS WITH] [WEATHER - DAYS WITH] 9 = BLOWING SNOW
X = TORNADO
MAX 32 OR BELOW: 0 0.01 INCH OR MORE: 12
MAX 90 OR ABOVE: 0 0.10 INCH OR MORE: 7
MIN 32 OR BELOW: 12 0.50 INCH OR MORE: 2
MIN 0 OR BELOW: 0 1.00 INCH OR MORE: 1
[HDD (BASE 65) ]
TOTAL THIS MO. 495 CLEAR (SCALE 0-3) 12
DPTR FM NORMAL 96 PTCLDY (SCALE 4-7) 14
TOTAL FM JUL 1 5460 CLOUDY (SCALE 8-10) 4
DPTR FM NORMAL -270
[CDD (BASE 65) ]
TOTAL THIS MO. 6
DPTR FM NORMAL -2 [PRESSURE DATA]
TOTAL FM JAN 1 6 HIGHEST SLP 30.45 ON 26
DPTR FM NORMAL -4 LOWEST SLP 29.29 ON 12
[REMARKS]
#FINAL-04-22#