000
CXUS55 KBOI 011002
CF6MYL
PRELIMINARY LOCAL CLIMATOLOGICAL DATA (WS FORM: F-6)
STATION: MCCALL ID
MONTH: NOVEMBER
YEAR: 2021
LATITUDE: 44 52 N
LONGITUDE: 116 6 W
TEMPERATURE IN F: :PCPN: SNOW: WIND :SUNSHINE: SKY :PK WND
================================================================================
1 2 3 4 5 6A 6B 7 8 9 10 11 12 13 14 15 16 17 18
12Z AVG MX 2MIN
DY MAX MIN AVG DEP HDD CDD WTR SNW DPTH SPD SPD DIR MIN PSBL S-S WX SPD DR
================================================================================
1 51 31 41 4 24 0 0.07 M M 2.4 9 170 M M 8 12 12 170
2 51 36 44 8 21 0 0.01 M M 2.5 8 160 M M 9 1 11 180
3 51 31 41 5 24 0 0.00 M M 1.9 6 50 M M 3 12 8 230
4 51 31 41 6 24 0 0.13 M M 6.0 21 140 M M 7 138 27 150
5 50 30 40 5 25 0 0.01 M M 6.8 29 190 M M 6 40 190
6 43 32 38 3 27 0 0.19 M M 8.5 21 180 M M 9 1 27 170
7 39 22 31 -3 34 0 0.00 M M 4.0 15 200 M M 2 1 24 210
8 40 17 29 -5 36 0 0.00 M M 2.1 10 200 M M 0 14 200
9 38 26 32 -2 33 0 0.35 M M 5.0 25 170 M M 9 1 38 170
10 37 21 29 -4 36 0 0.00 M M 1.3 6 60 M M 2 1 8 20
11 35 23 29 -4 36 0 0.32 M M 0.3 6 100 M M 10 1 8 110
12 48 34 41 9 24 0 0.20 M M 1.6 8 340 M M 8 12 10 340
13 50 37 44 12 21 0 T M M 2.0 10 190 M M 9 12 13 180
14 53 35 44 12 21 0 0.00 M M 4.9 20 190 M M 4 26 170
15 54 32 43 12 22 0 T M M 6.8 29 220 M M 2 45 200
16 43 24 34 3 31 0 T M M 7.1 18 260 M M 4 27 270
17 36 15 26 -4 39 0 0.00 M M 2.9 10 330 M M 1 17 360
18 37 23 30 0 35 0 0.00 M M 2.4 17 180 M M 5 22 170
19 39 32 36 7 29 0 0.27 M M 2.7 17 180 M M 10 1 24 160
20 38 23 31 2 34 0 0.00 M M 2.0 7 190 M M 4 12 10 280
21 33 20 27 -2 38 0 0.00 M M 1.0 7 50 M M 5 128 8 50
22 45 17 31 3 34 0 0.00 M M 0.9 6 50 M M 1 128 8 200
23 32 18 25 -3 40 0 0.13 M M 3.7 13 170 M M 7 12 20 160
24 30 11 21 -6 44 0 0.00 M M 0.7 7 70 M M 3 128 10 70
25 34 16 25 -2 40 0 0.00 M M 0.8 6 120 M M 8 128 6 170
26 38 22 30 3 35 0 0.02 M M 2.6 12 10 M M 6 1 14 20
27 43 23 33 7 32 0 0.00 M M 0.4 6 330 M M 9 1 7 340
28 52 31 42 16 23 0 T M M 1.7 10 190 M M 6 14 160
29 43 26 35 9 30 0 0.04 M M 1.7 13 320 M M 5 12 19 300
30 37 28 33 8 32 0 0.00 M M 0.6 6 110 M M 9 128 7 80
================================================================================
SM 1271 767 924 0 1.74 M 87.3 M 171
================================================================================
AV 42.4 25.6 2.9 FASTST M M 6 MAX(MPH)
MISC ----> # 29 190 45 200
================================================================================
NOTES:
# LAST OF SEVERAL OCCURRENCES
COLUMN 17 PEAK WIND IN M.P.H.
PRELIMINARY LOCAL CLIMATOLOGICAL DATA (WS FORM: F-6) , PAGE 2
STATION: MCCALL ID
MONTH: NOVEMBER
YEAR: 2021
LATITUDE: 44 52 N
LONGITUDE: 116 6 W
[TEMPERATURE DATA] [PRECIPITATION DATA] SYMBOLS USED IN COLUMN 16
AVERAGE MONTHLY: 34.0 TOTAL FOR MONTH: 1.74 1 = FOG OR MIST
DPTR FM NORMAL: 3.1 DPTR FM NORMAL: -0.56 2 = FOG REDUCING VISIBILITY
HIGHEST: 54 ON 15 GRTST 24HR 0.47 ON 11-12 TO 1/4 MILE OR LESS
LOWEST: 11 ON 24 3 = THUNDER
SNOW, ICE PELLETS, HAIL 4 = ICE PELLETS
TOTAL MONTH: M 5 = HAIL
GRTST 24HR M ON M 6 = FREEZING RAIN OR DRIZZLE
GRTST DEPTH: M ON M 7 = DUSTSTORM OR SANDSTORM:
VSBY 1/2 MILE OR LESS
8 = SMOKE OR HAZE
[NO. OF DAYS WITH] [WEATHER - DAYS WITH] 9 = BLOWING SNOW
X = TORNADO
MAX 32 OR BELOW: 2 0.01 INCH OR MORE: 12
MAX 90 OR ABOVE: 0 0.10 INCH OR MORE: 7
MIN 32 OR BELOW: 26 0.50 INCH OR MORE: 0
MIN 0 OR BELOW: 0 1.00 INCH OR MORE: 0
[HDD (BASE 65) ]
TOTAL THIS MO. 924 CLEAR (SCALE 0-3) 8
DPTR FM NORMAL -101 PTCLDY (SCALE 4-7) 13
TOTAL FM JUL 1 2003 CLOUDY (SCALE 8-10) 9
DPTR FM NORMAL -240
[CDD (BASE 65) ]
TOTAL THIS MO. 0
DPTR FM NORMAL 0 [PRESSURE DATA]
TOTAL FM JAN 1 325 HIGHEST SLP 30.70 ON 25
DPTR FM NORMAL 214 LOWEST SLP 29.77 ON 15
[REMARKS]
#FINAL-11-21#