000
CXUS53 KOAX 011030
CF6OAX
PRELIMINARY LOCAL CLIMATOLOGICAL DATA (WS FORM: F-6)
STATION: VALLEY NWS NE
MONTH: DECEMBER
YEAR: 2023
LATITUDE: 41 19 N
LONGITUDE: 96 22 W
TEMPERATURE IN F: :PCPN: SNOW: WIND :SUNSHINE: SKY :PK WND
================================================================================
1 2 3 4 5 6A 6B 7 8 9 10 11 12 13 14 15 16 17 18
12Z AVG MX 2MIN
DY MAX MIN AVG DEP HDD CDD WTR SNW DPTH SPD SPD DIR MIN PSBL S-S WX SPD DR
================================================================================
1 41 22 32 -2 33 0 0.00 0.0 0 M M M M M M 18 M
2 38 18 28 -5 37 0 T T 0 M M M M M M 14 M
3 38 27 33 0 32 0 0.00 0.0 0 M M M M M M 22 M
4 46 24 35 3 30 0 T 0.0 0 M M M M M M 1 24 M
5 48 27 38 6 27 0 0.00 0.0 0 M M M M M M 31 M
6 55 28 42 10 23 0 0.00 0.0 0 M M M M M M 28 M
7 61 34 48 17 17 0 0.00 0.0 0 M M M M M M 23 M
8 56 38 47 16 18 0 0.00 0.0 0 M M M M M M 29 M
9 41 30 36 6 29 0 T T 0 M M M M M M 41 M
10 46 22 34 4 31 0 0.00 0.0 0 M M M M M M 22 M
11 51 22 37 7 28 0 0.00 0.0 0 M M M M M M 15 M
12 37 28 33 3 32 0 0.00 0.0 0 M M M M M M 23 M
13 45 21 33 4 32 0 0.00 0.0 0 M M M M M M 10 M
14 51 25 38 9 27 0 0.01 0.0 0 M M M M M M 15 M
15 42 39 41 13 24 0 0.40 0.0 0 M M M M M M 13 M
16 41 35 38 10 27 0 0.10 0.0 0 M M M M M M 25 M
17 49 29 39 11 26 0 0.00 0.0 0 M M M M M M 38 M
18 36 24 30 2 35 0 0.00 0.0 0 M M M M M M 31 M
19 50 27 39 12 26 0 0.00 0.0 0 M M M M M M 30 M
20 46 25 36 9 29 0 0.00 0.0 0 M M M M M M 10 M
21 50 29 40 13 25 0 T 0.0 0 M M M M M M 1 10 M
22 49 32 41 14 24 0 T 0.0 0 M M M M M M 1 10 M
23 55 30 43 17 22 0 0.02 0.0 0 M M M M M M 1 31 M
24 56 34 45 19 20 0 0.81 0.0 0 M M M M M M 1 35 M
25 35 26 31 5 34 0 0.26 2.0 0 M M M M M M 14 33 M
26 33 27 30 4 35 0 0.02 0.5 1 M M M M M M 4 16 M
27 34 24 29 3 36 0 0.00 0.0 1 M M M M M M 20 M
28 34 21 28 3 37 0 0.00 0.0 1 M M M M M M 21 M
29 39 25 32 7 33 0 0.00 0.0 T M M M M M M 25 M
30 44 25 35 10 30 0 0.00 0.0 T M M M M M M 30 M
31 29 19 24 -1 41 0 0.00 0.0 T M M M M M M 31 M
================================================================================
SM 1376 837 900 0 1.62 2.5 M M M
================================================================================
AV 44.4 27.0 M FASTST M M M MAX(MPH)
MISC ----> M M 41 9999
================================================================================
NOTES:
# LAST OF SEVERAL OCCURRENCES
COLUMN 17 PEAK WIND IN M.P.H.
PRELIMINARY LOCAL CLIMATOLOGICAL DATA (WS FORM: F-6) , PAGE 2
STATION: VALLEY NWS NE
MONTH: DECEMBER
YEAR: 2023
LATITUDE: 41 19 N
LONGITUDE: 96 22 W
[TEMPERATURE DATA] [PRECIPITATION DATA] SYMBOLS USED IN COLUMN 16
AVERAGE MONTHLY: 35.7 TOTAL FOR MONTH: 1.62 1 = FOG OR MIST
DPTR FM NORMAL: 7.1 DPTR FM NORMAL: 0.30 2 = FOG REDUCING VISIBILITY
HIGHEST: 61 ON 7 GRTST 24HR 0.81 ON 24-24 TO 1/4 MILE OR LESS
LOWEST: 18 ON 2 3 = THUNDER
SNOW, ICE PELLETS, HAIL 4 = ICE PELLETS
TOTAL MONTH: 2.5 INCHES 5 = HAIL
GRTST 24HR 2.0 ON 25-25 6 = FREEZING RAIN OR DRIZZLE
GRTST DEPTH: 1 ON 28,27 7 = DUSTSTORM OR SANDSTORM:
VSBY 1/2 MILE OR LESS
8 = SMOKE OR HAZE
[NO. OF DAYS WITH] [WEATHER - DAYS WITH] 9 = BLOWING SNOW
X = TORNADO
MAX 32 OR BELOW: 1 0.01 INCH OR MORE: 7
MAX 90 OR ABOVE: 0 0.10 INCH OR MORE: 4
MIN 32 OR BELOW: 26 0.50 INCH OR MORE: 1
MIN 0 OR BELOW: 0 1.00 INCH OR MORE: 0
[HDD (BASE 65) ]
TOTAL THIS MO. 900 CLEAR (SCALE 0-3) 0
DPTR FM NORMAL -228 PTCLDY (SCALE 4-7) 0
TOTAL FM JUL 1 1876 CLOUDY (SCALE 8-10) 31
DPTR FM NORMAL -432
[CDD (BASE 65) ]
TOTAL THIS MO. 0
DPTR FM NORMAL 0 [PRESSURE DATA]
TOTAL FM JAN 1 1403 HIGHEST SLP M ON M
DPTR FM NORMAL 200 LOWEST SLP M ON M
[REMARKS]
#FINAL-12-23#