000
CXUS54 KFWD 010730
CF6PWG
PRELIMINARY LOCAL CLIMATOLOGICAL DATA (WS FORM: F-6)
STATION: WACO MCGREGOR
MONTH: MAY
YEAR: 2022
LATITUDE: 31 28 N
LONGITUDE: 97 19 W
TEMPERATURE IN F: :PCPN: SNOW: WIND :SUNSHINE: SKY :PK WND
================================================================================
1 2 3 4 5 6A 6B 7 8 9 10 11 12 13 14 15 16 17 18
12Z AVG MX 2MIN
DY MAX MIN AVG DEP HDD CDD WTR SNW DPTH SPD SPD DIR MIN PSBL S-S WX SPD DR
================================================================================
1 86 60 73 5 0 8 0.00 M M 9.3 17 130 M M 3 23 130
2 88 71 80 11 0 15 0.00 M M 15.8 23 180 M M 1 36 180
3 79 62 71 2 0 6 T M M 9.7 16 340 M M 3 24 160
4 90 64 77 8 0 12 T M M 12.8 22 160 M M 2 1 37 160
5 79 59 69 -1 0 4 0.79 M M 8.1 20 160 M M 1 13 36 280
6 87 56 72 2 0 7 0.00 M M 6.4 13 120 M M 0 M M
7 93 71 82 12 0 17 0.00 M M 12.3 20 150 M M 2 1 25 150
8 95 74 85 15 0 20 0.00 M M 16.2 22 150 M M 0 31 170
9 94 74 84 13 0 19 0.00 M M 16.4 23 160 M M 0 31 150
10 94 76 85 14 0 20 0.00 M M 13.8 20 160 M M 1 26 160
11 92 70 81 10 0 16 0.00 M M 11.1 16 150 M M 2 23 150
12 93 68 81 9 0 16 0.00 M M 12.1 20 160 M M 1 24 160
13 93 67 80 8 0 15 0.02 M M 10.8 17 300 M M 0 3 31 280
14 94 69 82 10 0 17 0.00 M M 7.7 15 130 M M 0 M M
15 96 67 82 10 0 17 0.00 M M 10.6 17 150 M M 0 23 160
16 95 71 83 10 0 18 T M M 11.1 21 90 M M 0 32 90
17 95 69 82 9 0 17 0.00 M M 13.0 20 150 M M 0 25 150
18 97 71 84 11 0 19 0.00 M M 15.3 22 170 M M 0 30 160
19 96 71 84 10 0 19 0.00 M M 18.2 26 160 M M 0 33 160
20 95 74 85 11 0 20 0.00 M M 17.0 22 190 M M 0 31 180
21 97 63 80 6 0 15 0.88 M M 13.4 24 290 M M 0 13 44 290
22 79 62 71 -3 0 6 0.00 M M 10.6 16 20 M M 2 22 340
23 85 63 74 0 0 9 0.00 M M 7.1 13 100 M M 0 1 M M
24 87 62 75 0 0 10 1.17 M M 12.3 24 300 M M 0 13 37 300
25 79 59 69 -6 0 4 0.20 M M 8.8 26 120 M M 2 32 110
26 94 55 75 0 0 10 0.00 M M 7.1 14 240 M M 0 21 240
27 95 59 77 1 0 12 0.00 M M 4.4 9 120 M M 0 M M
28 96 69 83 7 0 18 0.00 M M 14.3 22 160 M M 0 31 170
29 96 71 84 8 0 19 0.00 M M 18.7 24 150 M M 1 8 33 160
30 96 74 85 9 0 20 0.00 M M 19.5 24 150 M M 0 35 180
31 96 74 85 9 0 20 0.00 M M 14.5 21 160 M M 0 27 170
================================================================================
SM 2831 2075 0 445 3.06 M 378.3 M 21
================================================================================
AV 91.3 66.9 12.2 FASTST M M 1 MAX(MPH)
MISC ----> # 26 160 44 290
================================================================================
NOTES:
# LAST OF SEVERAL OCCURRENCES
COLUMN 17 PEAK WIND IN M.P.H.
PRELIMINARY LOCAL CLIMATOLOGICAL DATA (WS FORM: F-6) , PAGE 2
STATION: WACO MCGREGOR
MONTH: MAY
YEAR: 2022
LATITUDE: 31 28 N
LONGITUDE: 97 19 W
[TEMPERATURE DATA] [PRECIPITATION DATA] SYMBOLS USED IN COLUMN 16
AVERAGE MONTHLY: 79.1 TOTAL FOR MONTH: 3.06 1 = FOG OR MIST
DPTR FM NORMAL: 6.5 DPTR FM NORMAL: -1.32 2 = FOG REDUCING VISIBILITY
HIGHEST: 97 ON 21,18 GRTST 24HR 1.37 ON 24-25 TO 1/4 MILE OR LESS
LOWEST: 55 ON 26 3 = THUNDER
SNOW, ICE PELLETS, HAIL 4 = ICE PELLETS
TOTAL MONTH: M 5 = HAIL
GRTST 24HR M ON M 6 = FREEZING RAIN OR DRIZZLE
GRTST DEPTH: M ON M 7 = DUSTSTORM OR SANDSTORM:
VSBY 1/2 MILE OR LESS
8 = SMOKE OR HAZE
[NO. OF DAYS WITH] [WEATHER - DAYS WITH] 9 = BLOWING SNOW
X = TORNADO
MAX 32 OR BELOW: 0 0.01 INCH OR MORE: 5
MAX 90 OR ABOVE: 22 0.10 INCH OR MORE: 4
MIN 32 OR BELOW: 0 0.50 INCH OR MORE: 3
MIN 0 OR BELOW: 0 1.00 INCH OR MORE: 1
[HDD (BASE 65) ]
TOTAL THIS MO. 0 CLEAR (SCALE 0-3) 30
DPTR FM NORMAL -10 PTCLDY (SCALE 4-7) 1
TOTAL FM JUL 1 1774 CLOUDY (SCALE 8-10) 0
DPTR FM NORMAL -567
[CDD (BASE 65) ]
TOTAL THIS MO. 445
DPTR FM NORMAL 199 [PRESSURE DATA]
TOTAL FM JAN 1 661 HIGHEST SLP 30.23 ON 22
DPTR FM NORMAL 304 LOWEST SLP 29.55 ON 20
[REMARKS]
#FINAL-05-22#