000
CXUS56 KPQR 011155
CF6SPB
PRELIMINARY LOCAL CLIMATOLOGICAL DATA (WS FORM: F-6)
STATION: SCAPPOOSE OR
MONTH: AUGUST
YEAR: 2021
LATITUDE: 45 46 N
LONGITUDE: 122 50 W
TEMPERATURE IN F: :PCPN: SNOW: WIND :SUNSHINE: SKY :PK WND
================================================================================
1 2 3 4 5 6A 6B 7 8 9 10 11 12 13 14 15 16 17 18
12Z AVG MX 2MIN
DY MAX MIN AVG DEP HDD CDD WTR SNW DPTH SPD SPD DIR MIN PSBL S-S WX SPD DR
================================================================================
1 90 62 76 7 0 11 0.00 M M 8.1 14 10 M M 0 20 10
2 93 61 77 8 0 12 0.00 M M 9.2 18 340 M M 0 26 340
3 91 59 75 6 0 10 0.00 M M 5.6 20 10 M M 0 24 10
4 96 57 77 8 0 12 0.00 M M 8.1 16 350 M M 0 22 360
5 84 64 74 5 0 9 0.00 M M 6.5 14 310 M M 1 19 300
6 80 61 71 2 0 6 T M M 5.4 14 140 M M 8 8 17 140
7 80 57 69 0 0 4 0.02 M M 3.4 14 310 M M 6 21 330
8 78 53 66 -3 0 1 0.00 M M 4.6 14 340 M M 5 18 320
9 87 60 74 5 0 9 0.00 M M 9.2 17 340 M M 2 23 360
10 93 66 80 11 0 15 0.00 M M 10.3 17 350 M M 0 25 360
11 104 66 85 16 0 20 0.00 M M 8.2 14 330 M M 0 20 360
12 108 65 87 18 0 22 0.00 M M 4.2 12 350 M M 0 8 16 340
13 95 66 81 12 0 16 0.00 M M 3.5 12 10 M M 0 15 360
14 92 63 78 9 0 13 0.00 M M 2.6 14 350 M M 0 19 360
15 94 60 77 9 0 12 0.00 M M 3.6 13 360 M M 0 17 20
16 85 55 70 2 0 5 0.00 M M 6.0 18 60 M M 2 25 310
17 73 56 65 -3 0 0 0.00 M M 2.8 12 250 M M 8 14 330
18 83 51 67 -1 0 2 0.00 M M 4.8 13 310 M M 3 19 330
19 82 53 68 0 0 3 0.00 M M 5.6 16 320 M M 3 22 310
20 72 60 66 -2 0 1 T M M 3.6 10 300 M M 10 16 320
21 70 57 64 -4 1 0 T M M 2.8 10 350 M M 9 1 11 330
22 70 54 62 -6 3 0 T M M 4.3 13 280 M M 8 1 19 320
23 76 44 60 -8 5 0 0.00 M M 4.5 14 360 M M 3 18 360
24 88 54 71 4 0 6 0.00 M M 6.4 13 360 M M 0 17 310
25 M M M M M M M M M M M M M M M M M
26 M M M M M M 0.00 M M M M M M M M M M
27 M M M M M M 0.00 M M M M M M M M M M
28 M M M M M M 0.00 M M M M M M M M M M
29 M M M M M M 0.00 M M M M M M M M M M
30 M M M M M M 0.00 M M M M M M M M M M
31 M M M M M M 0.00 M M M M M M M M M M
================================================================================
SM 2064 1404 9 189 0.02 M 133.3 M 68
================================================================================
AV 86.0 58.5 5.6 FASTST M M 3 MAX(MPH)
MISC ----> 20 10 26 340
================================================================================
NOTES:
# LAST OF SEVERAL OCCURRENCES
COLUMN 17 PEAK WIND IN M.P.H.
PRELIMINARY LOCAL CLIMATOLOGICAL DATA (WS FORM: F-6) , PAGE 2
STATION: SCAPPOOSE OR
MONTH: AUGUST
YEAR: 2021
LATITUDE: 45 46 N
LONGITUDE: 122 50 W
[TEMPERATURE DATA] [PRECIPITATION DATA] SYMBOLS USED IN COLUMN 16
AVERAGE MONTHLY: 72.3 TOTAL FOR MONTH: 0.02 1 = FOG OR MIST
DPTR FM NORMAL: 4.1 DPTR FM NORMAL: -0.50 2 = FOG REDUCING VISIBILITY
HIGHEST: 108 ON 12 GRTST 24HR 0.02 ON 7- 7 TO 1/4 MILE OR LESS
LOWEST: 44 ON 23 3 = THUNDER
SNOW, ICE PELLETS, HAIL 4 = ICE PELLETS
TOTAL MONTH: M 5 = HAIL
GRTST 24HR M ON M 6 = FREEZING RAIN OR DRIZZLE
GRTST DEPTH: M ON M 7 = DUSTSTORM OR SANDSTORM:
VSBY 1/2 MILE OR LESS
8 = SMOKE OR HAZE
[NO. OF DAYS WITH] [WEATHER - DAYS WITH] 9 = BLOWING SNOW
X = TORNADO
MAX 32 OR BELOW: 0 0.01 INCH OR MORE: 1
MAX 90 OR ABOVE: 10 0.10 INCH OR MORE: 0
MIN 32 OR BELOW: 0 0.50 INCH OR MORE: 0
MIN 0 OR BELOW: 0 1.00 INCH OR MORE: 0
[HDD (BASE 65) ]
TOTAL THIS MO. 9 CLEAR (SCALE 0-3) 16
DPTR FM NORMAL -16 PTCLDY (SCALE 4-7) 6
TOTAL FM JUL 1 11 CLOUDY (SCALE 8-10) 9
DPTR FM NORMAL -43
[CDD (BASE 65) ]
TOTAL THIS MO. 189
DPTR FM NORMAL 65 [PRESSURE DATA]
TOTAL FM JAN 1 621 HIGHEST SLP M ON M
DPTR FM NORMAL 334 LOWEST SLP 29.83 ON 4
[REMARKS]
#FINAL-08-21#