000
CXUS55 KGJT 010910
CF6VEL
PRELIMINARY LOCAL CLIMATOLOGICAL DATA (WS FORM: F-6)
STATION: VERNAL UT
MONTH: APRIL
YEAR: 2023
LATITUDE: 40 27 N
LONGITUDE: 109 31 W
TEMPERATURE IN F: :PCPN: SNOW: WIND :SUNSHINE: SKY :PK WND
================================================================================
1 2 3 4 5 6A 6B 7 8 9 10 11 12 13 14 15 16 17 18
12Z AVG MX 2MIN
DY MAX MIN AVG DEP HDD CDD WTR SNW DPTH SPD SPD DIR MIN PSBL S-S WX SPD DR
================================================================================
1 50 23 37 -8 28 0 0.00 M M 4.0 17 220 M M 0 23 210
2 55 28 42 -3 23 0 0.00 M M 8.9 23 270 M M 3 31 240
3 45 26 36 -9 29 0 0.01 M M 11.3 26 20 M M 10 12 35 10
4 32 21 27 -18 38 0 0.07 M M 7.3 21 340 M M 7 1 29 340
5 38 19 29 -17 36 0 T M M 3.8 15 20 M M 6 1 19 10
6 42 21 32 -14 33 0 T M M 4.0 12 200 M M 3 16 200
7 52 21 37 -9 28 0 0.00 M M 3.0 10 30 M M 0 13 40
8 59 30 45 -1 20 0 0.00 M M 4.7 16 30 M M 4 22 30
9 62 29 46 0 19 0 0.00 M M 4.1 10 340 M M 0 16 40
10 68 30 49 3 16 0 0.00 M M 3.2 8 280 M M 0 14 190
11 74 32 53 6 12 0 0.00 M M 3.4 14 240 M M 0 20 260
12 72 37 55 8 10 0 0.00 M M 8.4 24 220 M M 0 34 230
13 60 35 48 1 17 0 T M M 7.6 31 260 M M 4 50 330
14 46 27 37 -10 28 0 0.00 M M 8.7 23 10 M M 5 29 360
15 52 22 37 -11 28 0 0.00 M M 3.2 15 200 M M 0 20 200
16 63 26 45 -3 20 0 0.00 M M 3.0 12 210 M M 0 17 270
17 68 32 50 2 15 0 0.00 M M 5.7 17 250 M M 1 24 250
18 64 37 51 3 14 0 0.00 M M 13.8 38 260 M M 3 53 270
19 43 25 34 -15 31 0 T M M 8.8 22 360 M M 9 1 29 10
20 43 19 31 -18 34 0 T M M 5.9 23 10 M M 2 30 10
21 47 21 34 -15 31 0 T M M 5.4 15 70 M M 7 22 60
22 48 30 39 -10 26 0 T M M 6.6 18 10 M M 9 8 23 10
23 55 31 43 -7 22 0 0.00 M M 4.4 12 180 M M 5 16 180
24 62 29 46 -4 19 0 0.03 M M 5.1 31 270 M M 4 1 40 260
25 55 36 46 -4 19 0 0.01 M M 9.0 23 40 M M 5 3 32 50
26 64 31 48 -3 17 0 0.00 M M 3.8 9 50 M M 1 14 230
27 68 34 51 0 14 0 T M M 8.3 31 10 M M 2 48 10
28 61 34 48 -3 17 0 0.00 M M 6.1 17 30 M M 1 22 30
29 73 32 53 1 12 0 0.00 M M 4.1 10 310 M M 0 13 180
30 78 38 58 6 7 0 0.00 M M 4.6 12 330 M M 0 17 40
================================================================================
SM 1699 856 663 0 0.12 M 180.2 M 91
================================================================================
AV 56.6 28.5 6.0 FASTST M M 3 MAX(MPH)
MISC ----> 38 260 53 270
================================================================================
NOTES:
# LAST OF SEVERAL OCCURRENCES
COLUMN 17 PEAK WIND IN M.P.H.
PRELIMINARY LOCAL CLIMATOLOGICAL DATA (WS FORM: F-6) , PAGE 2
STATION: VERNAL UT
MONTH: APRIL
YEAR: 2023
LATITUDE: 40 27 N
LONGITUDE: 109 31 W
[TEMPERATURE DATA] [PRECIPITATION DATA] SYMBOLS USED IN COLUMN 16
AVERAGE MONTHLY: 42.6 TOTAL FOR MONTH: 0.12 1 = FOG OR MIST
DPTR FM NORMAL: -5.4 DPTR FM NORMAL: -0.62 2 = FOG REDUCING VISIBILITY
HIGHEST: 78 ON 30 GRTST 24HR 0.08 ON 3- 4 TO 1/4 MILE OR LESS
LOWEST: 19 ON 20, 5 3 = THUNDER
SNOW, ICE PELLETS, HAIL 4 = ICE PELLETS
TOTAL MONTH: M 5 = HAIL
GRTST 24HR M ON M 6 = FREEZING RAIN OR DRIZZLE
GRTST DEPTH: M ON M 7 = DUSTSTORM OR SANDSTORM:
VSBY 1/2 MILE OR LESS
8 = SMOKE OR HAZE
[NO. OF DAYS WITH] [WEATHER - DAYS WITH] 9 = BLOWING SNOW
X = TORNADO
MAX 32 OR BELOW: 1 0.01 INCH OR MORE: 4
MAX 90 OR ABOVE: 0 0.10 INCH OR MORE: 0
MIN 32 OR BELOW: 23 0.50 INCH OR MORE: 0
MIN 0 OR BELOW: 0 1.00 INCH OR MORE: 0
[HDD (BASE 65) ]
TOTAL THIS MO. 663 CLEAR (SCALE 0-3) 15
DPTR FM NORMAL 151 PTCLDY (SCALE 4-7) 12
TOTAL FM JUL 1 8279 CLOUDY (SCALE 8-10) 3
DPTR FM NORMAL 1674
[CDD (BASE 65) ]
TOTAL THIS MO. 0
DPTR FM NORMAL 0 [PRESSURE DATA]
TOTAL FM JAN 1 0 HIGHEST SLP M ON M
DPTR FM NORMAL 0 LOWEST SLP 29.30 ON 3
[REMARKS]
#FINAL-04-23#