000
CXUS55 KGJT 010910
CF6VEL
PRELIMINARY LOCAL CLIMATOLOGICAL DATA (WS FORM: F-6)
STATION: VERNAL UT
MONTH: MARCH
YEAR: 2021
LATITUDE: 40 27 N
LONGITUDE: 109 31 W
TEMPERATURE IN F: :PCPN: SNOW: WIND :SUNSHINE: SKY :PK WND
================================================================================
1 2 3 4 5 6A 6B 7 8 9 10 11 12 13 14 15 16 17 18
12Z AVG MX 2MIN
DY MAX MIN AVG DEP HDD CDD WTR SNW DPTH SPD SPD DIR MIN PSBL S-S WX SPD DR
================================================================================
1 42 15 29 -3 36 0 0.00 M M 3.2 10 150 M M 0 16 140
2 50 17 34 1 31 0 0.00 M M 3.2 9 290 M M 0 10 300
3 56 20 38 5 27 0 0.00 M M 3.6 10 320 M M 0 13 330
4 50 31 41 7 24 0 0.03 M M 4.7 17 350 M M 4 22 350
5 55 24 40 6 25 0 0.00 M M 3.4 9 310 M M 0 14 150
6 59 23 41 7 24 0 0.00 M M 5.3 16 220 M M 0 23 220
7 63 26 45 10 20 0 0.00 M M 4.0 12 190 M M 0 16 170
8 66 37 52 17 13 0 0.00 M M 9.8 28 200 M M 3 38 190
9 59 36 48 12 17 0 0.00 M M 10.0 23 250 M M 3 34 250
10 43 30 37 1 28 0 T M M 7.5 17 30 M M 6 1 23 30
11 43 27 35 -1 30 0 0.03 M M 5.6 15 270 M M 7 18 18 260
12 49 24 37 0 28 0 0.12 M M 7.9 18 70 M M 6 1 26 60
13 49 31 40 3 25 0 0.20 M M 7.8 23 20 M M 9 1 34 20
14 48 36 42 4 23 0 T M M 16.1 38 30 M M 8 53 40
15 51 32 42 4 23 0 0.00 M M 4.0 14 300 M M 4 17 290
16 52 31 42 4 23 0 0.00 M M 7.0 17 360 M M 6 24 360
17 49 32 41 2 24 0 T M M 4.4 10 230 M M 7 14 180
18 56 26 41 2 24 0 0.00 M M 3.4 13 210 M M 1 16 180
19 63 27 45 6 20 0 0.00 M M 4.4 16 220 M M 1 21 220
20 66 33 50 10 15 0 0.05 M M 10.4 38 220 M M 4 56 230
21 47 25 36 -4 29 0 T M M 5.9 14 310 M M 8 1 23 60
22 49 20 35 -5 30 0 0.00 M M 4.6 17 60 M M 3 23 60
23 46 30 38 -2 27 0 T M M 11.5 28 50 M M 7 37 40
24 49 27 38 -3 27 0 0.00 M M 8.5 20 20 M M 0 28 40
25 47 21 34 -7 31 0 T M M 5.7 22 220 M M 6 28 240
26 46 32 39 -2 26 0 0.06 M M 3.3 18 350 M M 9 1 25 350
27 54 25 40 -1 25 0 0.00 M M 4.2 14 190 M M 3 18 170
28 62 24 43 1 22 0 0.00 M M 4.4 14 210 M M 0 18 210
29 66 29 48 6 17 0 0.00 M M 15.0 41 260 M M 0 56 260
30 44 20 32 -10 33 0 0.00 M M 6.9 23 40 M M 1 30 40
31 51 16 34 -8 31 0 0.00 M M 4.5 10 240 M M 0 19 170
================================================================================
SM 1630 827 778 0 0.49 M 200.2 M 106
================================================================================
AV 52.6 26.7 6.5 FASTST M M 3 MAX(MPH)
MISC ----> 41 260 # 56 230
================================================================================
NOTES:
# LAST OF SEVERAL OCCURRENCES
COLUMN 17 PEAK WIND IN M.P.H.
PRELIMINARY LOCAL CLIMATOLOGICAL DATA (WS FORM: F-6) , PAGE 2
STATION: VERNAL UT
MONTH: MARCH
YEAR: 2021
LATITUDE: 40 27 N
LONGITUDE: 109 31 W
[TEMPERATURE DATA] [PRECIPITATION DATA] SYMBOLS USED IN COLUMN 16
AVERAGE MONTHLY: 39.6 TOTAL FOR MONTH: 0.49 1 = FOG OR MIST
DPTR FM NORMAL: 1.7 DPTR FM NORMAL: -0.19 2 = FOG REDUCING VISIBILITY
HIGHEST: 66 ON 29,20 GRTST 24HR 0.32 ON 12-13 TO 1/4 MILE OR LESS
LOWEST: 15 ON 1 3 = THUNDER
SNOW, ICE PELLETS, HAIL 4 = ICE PELLETS
TOTAL MONTH: M 5 = HAIL
GRTST 24HR M ON M 6 = FREEZING RAIN OR DRIZZLE
GRTST DEPTH: M ON M 7 = DUSTSTORM OR SANDSTORM:
VSBY 1/2 MILE OR LESS
8 = SMOKE OR HAZE
[NO. OF DAYS WITH] [WEATHER - DAYS WITH] 9 = BLOWING SNOW
X = TORNADO
MAX 32 OR BELOW: 0 0.01 INCH OR MORE: 6
MAX 90 OR ABOVE: 0 0.10 INCH OR MORE: 2
MIN 32 OR BELOW: 27 0.50 INCH OR MORE: 0
MIN 0 OR BELOW: 0 1.00 INCH OR MORE: 0
[HDD (BASE 65) ]
TOTAL THIS MO. 778 CLEAR (SCALE 0-3) 17
DPTR FM NORMAL -62 PTCLDY (SCALE 4-7) 11
TOTAL FM JUL 1 6377 CLOUDY (SCALE 8-10) 3
DPTR FM NORMAL 45
[CDD (BASE 65) ]
TOTAL THIS MO. 0
DPTR FM NORMAL 0 [PRESSURE DATA]
TOTAL FM JAN 1 0 HIGHEST SLP M ON M
DPTR FM NORMAL 0 LOWEST SLP 29.56 ON 29
[REMARKS]
#FINAL-03-21#