000
CXUS53 KSGF 010710
CF6VIH
PRELIMINARY LOCAL CLIMATOLOGICAL DATA (WS FORM: F-6)
STATION: VICHY-ROLLA MO
MONTH: JULY
YEAR: 2021
LATITUDE: 38 7 N
LONGITUDE: 91 46 W
TEMPERATURE IN F: :PCPN: SNOW: WIND :SUNSHINE: SKY :PK WND
================================================================================
1 2 3 4 5 6A 6B 7 8 9 10 11 12 13 14 15 16 17 18
12Z AVG MX 2MIN
DY MAX MIN AVG DEP HDD CDD WTR SNW DPTH SPD SPD DIR MIN PSBL S-S WX SPD DR
================================================================================
1 82 70 76 0 0 11 0.69 M M 5.4 18 30 M M 7 1 25 30
2 81 62 72 -4 0 7 0.00 M M 6.2 14 40 M M 2 17 20
3 82 60 71 -6 0 6 0.00 M M 3.4 9 30 M M 2 14 20
4 84 59 72 -5 0 7 0.00 M M 5.5 10 180 M M 0 15 180
5 85 62 74 -3 0 9 0.00 M M 5.7 10 200 M M 0 15 210
6 87 65 76 -1 0 11 0.00 M M 4.6 12 170 M M 2 17 190
7 88 68 78 1 0 13 0.03 M M 5.8 10 230 M M 3 138 15 270
8 84 65 75 -2 0 10 T M M 5.5 14 310 M M 4 1 20 310
9 90 66 78 1 0 13 0.00 M M 6.5 35 10 M M 1 3 48 360
10 83 67 75 -2 0 10 0.23 M M 8.8 25 350 M M 5 13 35 350
11 77 65 71 -6 0 6 0.55 M M 5.0 14 290 M M 7 1 19 300
12 80 63 72 -5 0 7 0.19 M M 5.2 17 290 M M 8 12 21 290
13 83 62 73 -5 0 8 T M M 5.4 13 290 M M 5 12 17 290
14 89 67 78 0 0 13 0.00 M M 9.2 15 200 M M 0 21 180
15 88 68 78 0 0 13 0.29 M M 8.2 20 290 M M 3 1 27 290
16 83 68 76 -2 0 11 1.08 M M 4.7 12 120 M M 6 13 16 110
17 85 65 75 -3 0 10 0.00 M M 5.4 13 50 M M 3 12 18 140
18 83 68 76 -2 0 11 0.00 M M 6.2 14 30 M M 4 18 10
19 85 66 76 -2 0 11 0.00 M M 6.6 15 50 M M 2 1 23 40
20 86 61 74 -4 0 9 0.00 M M 5.0 13 50 M M 1 1 18 40
21 86 61 74 -4 0 9 0.00 M M 2.1 9 70 M M 2 18 12 110
22 88 62 75 -3 0 10 0.00 M M 5.6 9 170 M M 1 18 14 190
23 91 71 81 3 0 16 0.01 M M 5.8 12 210 M M 1 18 15 200
24 93 73 83 5 0 18 0.00 M M 7.4 13 240 M M 1 1 18 280
25 88 72 80 2 0 15 0.00 M M 5.3 12 10 M M 1 16 10
26 90 70 80 2 0 15 0.00 M M 5.3 10 60 M M 0 14 50
27 91 69 80 2 0 15 0.00 M M 4.8 10 50 M M 0 15 60
28 94 71 83 5 0 18 0.00 M M 6.3 12 210 M M 1 17 220
29 94 75 85 7 0 20 0.00 M M 8.0 15 310 M M 0 21 290
30 88 73 81 3 0 16 T M M 6.1 23 10 M M 4 38 35 350
31 88 68 78 0 0 13 0.07 M M 7.9 26 10 M M 4 13 39 350
================================================================================
SM 2676 2062 0 361 3.14 M 182.9 M 80
================================================================================
AV 86.3 66.5 5.9 FASTST M M 3 MAX(MPH)
MISC ----> 35 10 48 360
================================================================================
NOTES:
# LAST OF SEVERAL OCCURRENCES
COLUMN 17 PEAK WIND IN M.P.H.
PRELIMINARY LOCAL CLIMATOLOGICAL DATA (WS FORM: F-6) , PAGE 2
STATION: VICHY-ROLLA MO
MONTH: JULY
YEAR: 2021
LATITUDE: 38 7 N
LONGITUDE: 91 46 W
[TEMPERATURE DATA] [PRECIPITATION DATA] SYMBOLS USED IN COLUMN 16
AVERAGE MONTHLY: 76.4 TOTAL FOR MONTH: 3.14 1 = FOG OR MIST
DPTR FM NORMAL: -1.0 DPTR FM NORMAL: -1.29 2 = FOG REDUCING VISIBILITY
HIGHEST: 94 ON 29,28 GRTST 24HR 1.37 ON 15-16 TO 1/4 MILE OR LESS
LOWEST: 59 ON 4 3 = THUNDER
SNOW, ICE PELLETS, HAIL 4 = ICE PELLETS
TOTAL MONTH: M 5 = HAIL
GRTST 24HR M ON M 6 = FREEZING RAIN OR DRIZZLE
GRTST DEPTH: M ON M 7 = DUSTSTORM OR SANDSTORM:
VSBY 1/2 MILE OR LESS
8 = SMOKE OR HAZE
[NO. OF DAYS WITH] [WEATHER - DAYS WITH] 9 = BLOWING SNOW
X = TORNADO
MAX 32 OR BELOW: 0 0.01 INCH OR MORE: 9
MAX 90 OR ABOVE: 7 0.10 INCH OR MORE: 6
MIN 32 OR BELOW: 0 0.50 INCH OR MORE: 3
MIN 0 OR BELOW: 0 1.00 INCH OR MORE: 1
[HDD (BASE 65) ]
TOTAL THIS MO. 0 CLEAR (SCALE 0-3) 21
DPTR FM NORMAL 0 PTCLDY (SCALE 4-7) 10
TOTAL FM JUL 1 0 CLOUDY (SCALE 8-10) 0
DPTR FM NORMAL 0
[CDD (BASE 65) ]
TOTAL THIS MO. 361
DPTR FM NORMAL -25 [PRESSURE DATA]
TOTAL FM JAN 1 744 HIGHEST SLP M ON M
DPTR FM NORMAL -21 LOWEST SLP 29.74 ON 11
[REMARKS]
#FINAL-07-21#