000
CXAK56 PAJK 011410
CF6YAK
PRELIMINARY LOCAL CLIMATOLOGICAL DATA (WS FORM: F-6)
STATION: YAKUTAT
MONTH: NOVEMBER
YEAR: 2022
LATITUDE: 59 31 N
LONGITUDE: 139 40 W
TEMPERATURE IN F: :PCPN: SNOW: WIND :SUNSHINE: SKY :PK WND
================================================================================
1 2 3 4 5 6A 6B 7 8 9 10 11 12 13 14 15 16 17 18
12Z AVG MX 2MIN
DY MAX MIN AVG DEP HDD CDD WTR SNW DPTH SPD SPD DIR MIN PSBL S-S WX SPD DR
================================================================================
1 35 31 33 -4 32 0 0.23 M M 8.1 15 80 M M 9 1 18 70
2 42 34 38 2 27 0 1.44 M M 14.4 32 120 M M 10 1 53 120
3 41 33 37 1 28 0 0.39 M M 6.6 21 260 M M 9 1 28 210
4 35 28 32 -4 33 0 T M M 5.5 15 70 M M 7 1 19 70
5 35 22 29 -7 36 0 T M M 9.8 20 70 M M 2 24 60
6 34 16 25 -10 40 0 0.00 M M 6.5 23 70 M M 0 29 70
7 39 15 27 -8 38 0 0.00 M M 0.8 6 120 M M 1 9 330
8 34 28 31 -4 34 0 0.01 M M 2.8 7 80 M M 10 1 9 80
9 37 32 35 1 30 0 0.21 M M 8.9 14 60 M M 10 1 17 70
10 37 33 35 1 30 0 0.53 M M 6.6 14 70 M M 10 1 19 70
11 38 30 34 0 31 0 0.54 M M 5.4 14 70 M M 7 1 19 70
12 46 37 42 8 23 0 1.82 M M 13.6 29 120 M M 10 1 45 120
13 47 38 43 9 22 0 1.29 M M 9.9 22 150 M M 10 1 37 150
14 45 38 42 8 23 0 0.98 M M 5.7 12 80 M M 10 1 15 90
15 45 35 40 7 25 0 T M M 2.0 8 80 M M 9 1 11 120
16 43 28 36 3 29 0 0.00 M M 0.4 5 270 M M 1 12 5 60
17 M M M M M M M M M M M M M M 0 1 M M
18 M M M M M M 0.00 M M M M M M M M M M
19 M M M M M M M M M M M M M M M M M
20 M M M M M M M M M M M M M M M 1 M M
21 45 39 42 9 23 0 0.00 M M 9.5 20 140 M M 9 1 27 140
22 44 39 42 9 23 0 0.83 M M 6.7 13 90 M M 10 1 18 100
23 45 39 42 10 23 0 0.41 M M 10.8 23 50 M M 10 1 29 50
24 44 28 36 4 29 0 0.24 M M 6.9 22 80 M M 6 1 32 80
25 39 29 34 2 31 0 0.73 M M 7.8 17 230 M M 10 1 24 90
26 36 23 30 -2 35 0 0.15 M M 1.9 14 150 M M 4 12 17 170
27 31 17 24 -8 41 0 0.00 M M 2.3 12 80 M M 6 15 80
28 27 13 20 -12 45 0 0.00 M M 2.3 10 60 M M 4 12 70
29 25 8 17 -15 48 0 0.00 M M 6.6 21 80 M M 0 27 70
30 24 7 16 -16 49 0 0.01 M M 2.6 9 70 M M 6 1 11 60
================================================================================
SM 993 720 828 0 9.81 M 164.4 M 180
================================================================================
AV 38.2 27.7 6.3 FASTST M M 7 MAX(MPH)
MISC ----> 32 120 53 120
================================================================================
NOTES:
# LAST OF SEVERAL OCCURRENCES
COLUMN 17 PEAK WIND IN M.P.H.
PRELIMINARY LOCAL CLIMATOLOGICAL DATA (WS FORM: F-6) , PAGE 2
STATION: YAKUTAT
MONTH: NOVEMBER
YEAR: 2022
LATITUDE: 59 31 N
LONGITUDE: 139 40 W
[TEMPERATURE DATA] [PRECIPITATION DATA] SYMBOLS USED IN COLUMN 16
AVERAGE MONTHLY: 32.9 TOTAL FOR MONTH: 9.81 1 = FOG OR MIST
DPTR FM NORMAL: -0.8 DPTR FM NORMAL: -3.74 2 = FOG REDUCING VISIBILITY
HIGHEST: 47 ON 13 GRTST 24HR 2.15 ON 11-12 TO 1/4 MILE OR LESS
LOWEST: 7 ON 30 3 = THUNDER
SNOW, ICE PELLETS, HAIL 4 = ICE PELLETS
TOTAL MONTH: M 5 = HAIL
GRTST 24HR M ON M 6 = FREEZING RAIN OR DRIZZLE
GRTST DEPTH: M ON M 7 = DUSTSTORM OR SANDSTORM:
VSBY 1/2 MILE OR LESS
8 = SMOKE OR HAZE
[NO. OF DAYS WITH] [WEATHER - DAYS WITH] 9 = BLOWING SNOW
X = TORNADO
MAX 32 OR BELOW: 4 0.01 INCH OR MORE: 16
MAX 90 OR ABOVE: 0 0.10 INCH OR MORE: 14
MIN 32 OR BELOW: 16 0.50 INCH OR MORE: 8
MIN 0 OR BELOW: 0 1.00 INCH OR MORE: 3
[HDD (BASE 65) ]
TOTAL THIS MO. 828 CLEAR (SCALE 0-3) 6
DPTR FM NORMAL -111 PTCLDY (SCALE 4-7) 7
TOTAL FM JUL 1 2410 CLOUDY (SCALE 8-10) 17
DPTR FM NORMAL -335
[CDD (BASE 65) ]
TOTAL THIS MO. 0
DPTR FM NORMAL 0 [PRESSURE DATA]
TOTAL FM JAN 1 0 HIGHEST SLP 30.73 ON 16
DPTR FM NORMAL 0 LOWEST SLP 28.92 ON 23
[REMARKS]
#FINAL-11-22#