000
CXUS55 KABR 191400
CF6MBG
PRELIMINARY LOCAL CLIMATOLOGICAL DATA (WS FORM: F-6)

                                          STATION:   MOBRIDGE SD
                                          MONTH:     MAY
                                          YEAR:      2018
                                          LATITUDE:   45 32 N
                                          LONGITUDE: 100 25 W

  TEMPERATURE IN F:       :PCPN:    SNOW:  WIND      :SUNSHINE: SKY     :PK WND
================================================================================
1   2   3   4   5  6A  6B    7    8   9   10  11  12  13   14  15   16   17  18
                                     12Z  AVG MX 2MIN
DY MAX MIN AVG DEP HDD CDD  WTR  SNW DPTH SPD SPD DIR MIN PSBL S-S WX    SPD DR
================================================================================

 1  57  38  48  -3  17   0 0.00  0.0    0  5.8 13 350   M    M   6        15 360
 2  72  36  54   2  11   0 0.00  0.0    0  5.9 17 220   M    M   5 1      23 210
 3  75  39  57   5   8   0 0.00  0.0    0  4.8 13 300   M    M   2        17 260
 4  84  39  62  10   3   0    T  0.0    0  6.1 24 270   M    M   2        33 270
 5  86  46  66  13   0   1    T  0.0    0  8.3 21 360   M    M   2        27 320
 6  81  42  62   9   3   0 0.00  0.0    0  5.7 14 150   M    M   1        17 150
 7  89  53  71  18   0   6 0.22  0.0    0 13.7 30 170   M    M   1 13     36 180
 8  73  49  61   7   4   0 0.00  0.0    0 10.0 24 360   M    M   4        30 360
 9  75  48  62   8   3   0 0.00  0.0    0 10.6 23 360   M    M   4 1      31 320
10  54  44  49  -5  16   0 0.03  0.0    0 12.0 26  80   M    M   9        34  90
11  51  43  47  -8  18   0 0.18  0.0    0  9.0 16  80   M    M  10 1      21  80
12  57  47  52  -3  13   0 0.29  0.0    0  8.1 14  40   M    M   9 1      18  50
13  65  43  54  -1  11   0 0.01  0.0    0  2.6  9 310   M    M   9 12     11 300
14  77  56  67  11   0   2 0.00  0.0    0  5.0 15  70   M    M   6        20  70
15  81  50  66  10   0   1 0.00  0.0    0 10.2 21  80   M    M   1        26  80
16  87  53  70  14   0   5 0.00  0.0    0  7.1 14 160   M    M   0        17 160
17  89  58  74  18   0   9 2.09  0.0    0 13.4 53  60   M    M   4 13     73  80
18  59  49  54  -3  11   0 0.42    M    0 16.0 25 160   M    M  10 1      34 160
================================================================================
SM 1312  833       118  24  3.24     0.0 154.3          M       85
================================================================================
AV 72.9 46.3                               8.6 FASTST   M    M   5    MAX(MPH)
                                 MISC ---->  # 53  60               # 73   80
================================================================================
NOTES:
# LAST OF SEVERAL OCCURRENCES

COLUMN 17 PEAK WIND IN M.P.H.

PRELIMINARY LOCAL CLIMATOLOGICAL DATA (WS FORM: F-6) , PAGE 2

                                          STATION:  MOBRIDGE SD
                                          MONTH:    MAY
                                          YEAR:     2018
                                          LATITUDE:   45 32 N
                                          LONGITUDE: 100 25 W

[TEMPERATURE DATA]      [PRECIPITATION DATA]       SYMBOLS USED IN COLUMN 16

AVERAGE MONTHLY: 59.6   TOTAL FOR MONTH:   3.24    1 = FOG OR MIST
DPTR FM NORMAL:   5.5   DPTR FM NORMAL:    1.65    2 = FOG REDUCING VISIBILITY
HIGHEST:    89 ON 17, 7 GRTST 24HR  2.09 ON 17-17      TO 1/4 MILE OR LESS
LOWEST:     36 ON  2                               3 = THUNDER
                        SNOW, ICE PELLETS, HAIL    4 = ICE PELLETS
                        TOTAL MONTH:   0.0 INCH    5 = HAIL
                        GRTST 24HR     0.0         6 = FREEZING RAIN OR DRIZZLE
                        GRTST DEPTH:   0           7 = DUSTSTORM OR SANDSTORM:
                                                       VSBY 1/2 MILE OR LESS
                                                   8 = SMOKE OR HAZE
[NO. OF DAYS WITH]      [WEATHER - DAYS WITH]      9 = BLOWING SNOW
                                                   X = TORNADO
MAX 32 OR BELOW:   0    0.01 INCH OR MORE:   7
MAX 90 OR ABOVE:   0    0.10 INCH OR MORE:   5
MIN 32 OR BELOW:   0    0.50 INCH OR MORE:   1
MIN  0 OR BELOW:   0    1.00 INCH OR MORE:   1

[HDD (BASE 65) ]
TOTAL THIS MO.   118    CLEAR  (SCALE 0-3)   7
DPTR FM NORMAL   -83    PTCLDY (SCALE 4-7)   6
TOTAL FM JUL 1  7905    CLOUDY (SCALE 8-10)  5
DPTR FM NORMAL   109

[CDD (BASE 65) ]
TOTAL THIS MO.    24
DPTR FM NORMAL    24    [PRESSURE DATA]
TOTAL FM JAN 1    25    HIGHEST SLP M ON M
DPTR FM NORMAL    24    LOWEST  SLP 29.67 ON  1

[REMARKS]
