689
CXUS53 KUNR 010945
CF62WX
PRELIMINARY LOCAL CLIMATOLOGICAL DATA (WS FORM: F-6)
STATION: BUFFALO SD
MONTH: AUGUST
YEAR: 2020
LATITUDE: 45 35 N
LONGITUDE: 103 33 W
TEMPERATURE IN F: :PCPN: SNOW: WIND :SUNSHINE: SKY :PK WND
================================================================================
1 2 3 4 5 6A 6B 7 8 9 10 11 12 13 14 15 16 17 18
12Z AVG MX 2MIN
DY MAX MIN AVG DEP HDD CDD WTR SNW DPTH SPD SPD DIR MIN PSBL S-S WX SPD DR
================================================================================
1 82 58 70 -2 0 5 0.00 M M 9.1 16 80 M M M 22 80
2 81 53 67 -5 0 2 0.00 M M 10.4 18 100 M M M 25 110
3 84 56 70 -2 0 5 0.00 M M 17.7 31 140 M M M 40 140
4 85 59 72 0 0 7 0.02 M M 6.0 18 60 M M M 23 60
5 86 54 70 -2 0 5 0.00 M M 9.0 20 360 M M M 29 10
6 92 57 75 3 0 10 0.15 M M 14.5 49 210 M M M 62 210
7 97 61 79 7 0 14 0.00 M M 11.9 23 320 M M M 32 360
8 91 60 76 4 0 11 0.03 M M 9.5 25 130 M M M 33 130
9 81 57 69 -3 0 4 0.00 M M 15.2 32 340 M M M 42 320
10 87 51 69 -3 0 4 0.00 M M 8.3 18 10 M M M 26 190
11 92 56 74 2 0 9 0.00 M M 12.2 31 30 M M M 41 40
12 96 60 78 6 0 13 0.00 M M 10.8 25 150 M M M 32 140
13 91 59 75 3 0 10 0.00 M M 14.1 38 330 M M M 47 340
14 82 55 69 -2 0 4 0.00 M M 17.6 48 350 M M M 64 350
15 91 51 71 0 0 6 0.00 M M 8.1 20 280 M M M 31 300
16 91 55 73 2 0 8 0.00 M M 9.0 20 350 M M M 28 340
17 100 58 79 8 0 14 0.00 M M 10.2 24 160 M M M 32 160
18 100 58 79 9 0 14 0.00 M M 8.4 23 160 M M M 33 160
19 100 65 83 13 0 18 0.00 M M 10.8 25 290 M M M 35 320
20 97 66 82 12 0 17 0.00 M M 8.1 18 340 M M M 27 340
21 91 61 76 6 0 11 0.02 M M 9.3 32 310 M M M 42 300
22 97 60 79 10 0 14 0.00 M M 6.0 15 120 M M M 19 120
23 91 61 76 7 0 11 0.00 M M 12.0 24 60 M M M 30 60
24 92 56 74 5 0 9 0.00 M M 9.7 16 130 M M M 25 120
25 100 66 83 15 0 18 0.00 M M 9.8 20 360 M M M 25 320
26 92 66 79 11 0 14 0.02 M M 9.1 31 260 M M M 41 260
27 89 63 76 8 0 11 0.02 M M 11.7 26 150 M M M 38 150
28 77 57 67 0 0 2 0.00 M M 15.0 33 310 M M M 42 320
29 91 50 71 4 0 6 0.00 M M 15.0 30 150 M M M 43 160
30 75 44 60 -6 5 0 0.00 M M 19.9 39 330 M M M 50 340
31 74 42 58 -8 7 0 0.00 M M 8.8 15 210 M M M 19 210
================================================================================
SM 2775 1775 12 276 0.26 M 347.2 M M
================================================================================
AV 89.5 57.3 11.2 FASTST M M 0 MAX(MPH)
MISC ----> # 49 210 # 64 350
================================================================================
NOTES:
# LAST OF SEVERAL OCCURRENCES
COLUMN 17 PEAK WIND IN M.P.H.
PRELIMINARY LOCAL CLIMATOLOGICAL DATA (WS FORM: F-6) , PAGE 2
STATION: BUFFALO SD
MONTH: AUGUST
YEAR: 2020
LATITUDE: 45 35 N
LONGITUDE: 103 33 W
[TEMPERATURE DATA] [PRECIPITATION DATA] SYMBOLS USED IN COLUMN 16
AVERAGE MONTHLY: 73.4 TOTAL FOR MONTH: 0.26 1 = FOG OR MIST
DPTR FM NORMAL: 3.1 DPTR FM NORMAL: -1.15 2 = FOG REDUCING VISIBILITY
HIGHEST: 100 ON 25,19 GRTST 24HR 0.44 ON 31- 1 TO 1/4 MILE OR LESS
LOWEST: 42 ON 31 3 = THUNDER
SNOW, ICE PELLETS, HAIL 4 = ICE PELLETS
TOTAL MONTH: M 5 = HAIL
GRTST 24HR M ON M 6 = FREEZING RAIN OR DRIZZLE
GRTST DEPTH: M ON M 7 = DUSTSTORM OR SANDSTORM:
VSBY 1/2 MILE OR LESS
8 = SMOKE OR HAZE
[NO. OF DAYS WITH] [WEATHER - DAYS WITH] 9 = BLOWING SNOW
X = TORNADO
MAX 32 OR BELOW: 0 0.01 INCH OR MORE: 6
MAX 90 OR ABOVE: 19 0.10 INCH OR MORE: 1
MIN 32 OR BELOW: 0 0.50 INCH OR MORE: 0
MIN 0 OR BELOW: 0 1.00 INCH OR MORE: 0
[HDD (BASE 65) ]
TOTAL THIS MO. 12 CLEAR (SCALE 0-3) 0
DPTR FM NORMAL -20 PTCLDY (SCALE 4-7) 0
TOTAL FM JUL 1 12 CLOUDY (SCALE 8-10) 0
DPTR FM NORMAL -40
[CDD (BASE 65) ]
TOTAL THIS MO. 276
DPTR FM NORMAL 80 [PRESSURE DATA]
TOTAL FM JAN 1 689 HIGHEST SLP 30.18 ON 17
DPTR FM NORMAL 218 LOWEST SLP 29.41 ON 30
[REMARKS]
#FINAL-08-20#