000
CXUS51 KPHI 011918
CF655N
PRELIMINARY LOCAL CLIMATOLOGICAL DATA (WS FORM: F-6)
STATION: ATLANTIC CITY MARINA NJ
MONTH: APRIL
YEAR: 2023
LATITUDE: 39 22 N
LONGITUDE: 74 25 W
TEMPERATURE IN F: :PCPN: SNOW: WIND :SUNSHINE: SKY :PK WND
================================================================================
1 2 3 4 5 6A 6B 7 8 9 10 11 12 13 14 15 16 17 18
12Z AVG MX 2MIN
DY MAX MIN AVG DEP HDD CDD WTR SNW DPTH SPD SPD DIR MIN PSBL S-S WX SPD DR
================================================================================
1 63 50 57 10 8 0 0.43 M M 14.6 37 310 M M M 49 310
2 53 44 49 2 16 0 0.00 M M 9.8 26 330 M M M 42 330
3 52 43 48 1 17 0 0.00 M M 8.9 17 230 M M M 28 200
4 60 52 56 8 9 0 0.00 M M 11.3 20 220 M M M 32 220
5 59 50 55 7 10 0 0.00 M M 8.1 18 220 M M M 31 220
6 66 55 61 13 4 0 0.54 M M 9.7 17 220 M M M 29 220
7 60 48 54 5 11 0 0.11 M M 5.2 12 330 M M M 22 310
8 48 40 44 -5 21 0 0.00 M M 9.0 18 80 M M M 28 100
9 48 40 44 -5 21 0 0.00 M M 7.7 17 100 M M M 24 100
10 52 40 46 -4 19 0 0.00 M M 8.3 17 230 M M M 26 210
11 63 47 55 5 10 0 0.00 M M 11.7 21 220 M M M 32 230
12 81 57 69 19 0 4 0.00 M M 10.0 16 280 M M M 28 290
13 83 60 72 21 0 7 0.00 M M 9.3 20 250 M M M 30 240
14 70 60 65 14 0 0 0.00 M M 10.6 17 230 M M M 27 220
15 63 56 60 9 5 0 0.07 M M 6.1 12 180 M M M 20 190
16 60 54 57 5 8 0 0.00 M M 5.2 9 110 M M M 13 130
17 66 56 61 9 4 0 0.03 M M 9.0 21 250 M M M 30 280
18 67 47 57 5 8 0 0.00 M M 11.0 24 250 M M M 37 260
19 66 46 56 4 9 0 0.00 M M 8.3 17 220 M M M 28 290
20 55 51 53 0 12 0 0.00 M M 9.1 22 50 M M M 25 30
21 64 53 59 6 6 0 0.00 M M 6.3 17 200 M M M 20 200
22 64 58 61 7 4 0 0.26 M M 10.2 22 200 M M M 29 150
23 67 55 61 7 4 0 0.38 M M 5.7 20 250 M M M 26 250
24 59 47 53 -1 12 0 0.00 M M 4.9 14 190 M M M 18 310
25 60 45 53 -1 12 0 0.00 M M 4.3 12 270 M M M 16 280
26 56 47 52 -3 13 0 0.00 M M 4.7 12 150 M M M 16 140
27 55 52 54 -1 11 0 0.10 M M 9.3 18 80 M M M 22 120
28 55 53 54 -1 11 0 0.73 M M 20.9 30 100 M M M 42 100
29 59 54 57 1 8 0 2.36 M M 9.2 26 100 M M M 52 120
30 62 52 57 1 8 0 1.13 M M 11.1 23 170 M M M 42 290
================================================================================
SM 1836 1512 281 11 6.14 M 269.5 M M
================================================================================
AV 61.2 50.4 9.0 FASTST M M M MAX(MPH)
MISC ----> 37 310 52 120
================================================================================
NOTES:
# LAST OF SEVERAL OCCURRENCES
COLUMN 17 PEAK WIND IN M.P.H.
PRELIMINARY LOCAL CLIMATOLOGICAL DATA (WS FORM: F-6) , PAGE 2
STATION: ATLANTIC CITY MARINA NJ
MONTH: APRIL
YEAR: 2023
LATITUDE: 39 22 N
LONGITUDE: 74 25 W
[TEMPERATURE DATA] [PRECIPITATION DATA] SYMBOLS USED IN COLUMN 16
AVERAGE MONTHLY: 55.8 TOTAL FOR MONTH: 6.14 1 = FOG OR MIST
DPTR FM NORMAL: 4.4 DPTR FM NORMAL: 2.78 2 = FOG REDUCING VISIBILITY
HIGHEST: 83 ON 13 GRTST 24HR 2.36 ON 29-29 TO 1/4 MILE OR LESS
LOWEST: 40 ON 10, 9 3 = THUNDER
SNOW, ICE PELLETS, HAIL 4 = ICE PELLETS
TOTAL MONTH: M 5 = HAIL
GRTST 24HR M ON M 6 = FREEZING RAIN OR DRIZZLE
GRTST DEPTH: M ON M 7 = DUSTSTORM OR SANDSTORM:
VSBY 1/2 MILE OR LESS
8 = SMOKE OR HAZE
[NO. OF DAYS WITH] [WEATHER - DAYS WITH] 9 = BLOWING SNOW
X = TORNADO
MAX 32 OR BELOW: 0 0.01 INCH OR MORE: 11
MAX 90 OR ABOVE: 0 0.10 INCH OR MORE: 9
MIN 32 OR BELOW: 0 0.50 INCH OR MORE: 4
MIN 0 OR BELOW: 0 1.00 INCH OR MORE: 2
[HDD (BASE 65) ]
TOTAL THIS MO. 281 CLEAR (SCALE 0-3) 0
DPTR FM NORMAL -132 PTCLDY (SCALE 4-7) 0
TOTAL FM JUL 1 3500 CLOUDY (SCALE 8-10) 30
DPTR FM NORMAL -742
[CDD (BASE 65) ]
TOTAL THIS MO. 11
DPTR FM NORMAL 8 [PRESSURE DATA]
TOTAL FM JAN 1 11 HIGHEST SLP M ON M
DPTR FM NORMAL 8 LOWEST SLP 31.99 ON 1
[REMARKS]
#FINAL-04-23#
UPDATED PRECIP FOR DAYS 28-30 AND WIND DATA FOR DAYS 25-27.
STAARMANN