000
CXAK56 PAFC 011234
CF6ANC
PRELIMINARY LOCAL CLIMATOLOGICAL DATA (WS FORM: F-6)
STATION: ANCHORAGE AK
MONTH: FEBRUARY
YEAR: 2022
LATITUDE: 61 10 N
LONGITUDE: 150 2 W
TEMPERATURE IN F: :PCPN: SNOW: WIND :SUNSHINE: SKY :PK WND
================================================================================
1 2 3 4 5 6A 6B 7 8 9 10 11 12 13 14 15 16 17 18
12Z AVG MX 2MIN
DY MAX MIN AVG DEP HDD CDD WTR SNW DPTH SPD SPD DIR MIN PSBL S-S WX SPD DR
================================================================================
1 20 10 15 -4 50 0 0.15 4.3 14 9.8 16 10 M M 8 128 21 350
2 20 11 16 -3 49 0 0.00 0.0 18 5.6 13 30 M M 8 16 30
3 24 19 22 3 43 0 0.22 3.5 17 11.0 17 360 M M 9 1 24 10
4 27 18 23 4 42 0 0.06 0.7 20 4.6 10 350 M M 10 18 16 30
5 29 24 27 7 38 0 0.01 0.3 20 6.4 13 10 M M 9 18 20 150
6 28 15 22 2 43 0 T T 19 3.6 14 190 M M 7 16 23 190
7 27 16 22 2 43 0 T T 19 9.0 20 190 M M 7 1 29 190
8 32 18 25 5 40 0 0.12 1.2 18 8.3 22 210 M M 9 1 30 200
9 25 13 19 -1 46 0 0.09 1.2 19 12.1 28 180 M M 7 19 42 170
10 30 16 23 2 42 0 T T 19 13.6 24 190 M M 4 36 170
11 27 16 22 1 43 0 0.01 0.1 19 8.2 13 350 M M 10 8 16 360
12 35 27 31 10 34 0 0.26 2.9 20 4.5 13 360 M M 9 1 16 360
13 34 26 30 9 35 0 0.06 0.8 21 1.7 10 280 M M 10 1 14 340
14 28 24 26 5 39 0 0.29 4.2 21 4.5 10 340 M M 10 128 18 140
15 34 26 30 8 35 0 0.22 0.2 24 6.2 12 210 M M 10 16 24 190
16 37 26 32 10 33 0 0.75 3.3 23 6.6 26 160 M M 10 16 38 160
17 39 32 36 14 29 0 0.14 T 24 6.2 22 150 M M 10 1 46 180
18 40 35 38 16 27 0 0.17 0.1 22 11.7 24 150 M M 9 1 39 160
19 40 26 33 11 32 0 0.00 0.0 20 4.6 12 190 M M 5 12 20 170
20 30 26 28 6 37 0 0.00 0.0 20 2.3 8 70 M M 9 12 14 100
21 40 28 34 12 31 0 0.14 1.2 20 8.9 28 140 M M 9 18 40 120
22 42 29 36 14 29 0 0.02 T 21 13.9 32 150 M M 8 1 46 140
23 33 28 31 8 34 0 0.00 0.0 20 4.8 9 310 M M 10 12 11 310
24 38 33 36 13 29 0 0.05 0.0 20 4.0 13 300 M M 8 45 15 320
25 46 32 39 16 26 0 T 0.0 20 6.2 22 130 M M 8 12 32 350
26 39 27 33 10 32 0 0.00 0.0 20 2.3 12 290 M M 8 13 300
27 39 26 33 10 32 0 0.00 0.0 20 2.4 8 290 M M 5 11 350
28 33 20 27 4 38 0 T T 20 1.3 8 320 M M 7 17 350
================================================================================
SM 916 647 1031 0 2.76 24.0 184.3 M 233
================================================================================
AV 32.7 23.1 6.6 FASTST M M 8 MAX(MPH)
MISC ----> 32 150 # 46 180
================================================================================
NOTES:
# LAST OF SEVERAL OCCURRENCES
COLUMN 17 PEAK WIND IN M.P.H.
PRELIMINARY LOCAL CLIMATOLOGICAL DATA (WS FORM: F-6) , PAGE 2
STATION: ANCHORAGE AK
MONTH: FEBRUARY
YEAR: 2022
LATITUDE: 61 10 N
LONGITUDE: 150 2 W
[TEMPERATURE DATA] [PRECIPITATION DATA] SYMBOLS USED IN COLUMN 16
AVERAGE MONTHLY: 27.9 TOTAL FOR MONTH: 2.76 1 = FOG OR MIST
DPTR FM NORMAL: 6.6 DPTR FM NORMAL: 1.90 2 = FOG REDUCING VISIBILITY
HIGHEST: 46 ON 25 GRTST 24HR 0.75 ON 16-16 TO 1/4 MILE OR LESS
LOWEST: 10 ON 1 3 = THUNDER
SNOW, ICE PELLETS, HAIL 4 = ICE PELLETS
TOTAL MONTH: 24.0 INCHES 5 = HAIL
GRTST 24HR 4.3 ON 1- 1 6 = FREEZING RAIN OR DRIZZLE
GRTST DEPTH: 24 ON 17,15 7 = DUSTSTORM OR SANDSTORM:
VSBY 1/2 MILE OR LESS
8 = SMOKE OR HAZE
[NO. OF DAYS WITH] [WEATHER - DAYS WITH] 9 = BLOWING SNOW
X = TORNADO
MAX 32 OR BELOW: 13 0.01 INCH OR MORE: 17
MAX 90 OR ABOVE: 0 0.10 INCH OR MORE: 10
MIN 32 OR BELOW: 26 0.50 INCH OR MORE: 1
MIN 0 OR BELOW: 0 1.00 INCH OR MORE: 0
[HDD (BASE 65) ]
TOTAL THIS MO. 1031 CLEAR (SCALE 0-3) 0
DPTR FM NORMAL -194 PTCLDY (SCALE 4-7) 11
TOTAL FM JUL 1 7119 CLOUDY (SCALE 8-10) 17
DPTR FM NORMAL -23
[CDD (BASE 65) ]
TOTAL THIS MO. 0
DPTR FM NORMAL 0 [PRESSURE DATA]
TOTAL FM JAN 1 0 HIGHEST SLP 30.43 ON 10
DPTR FM NORMAL 0 LOWEST SLP 29.01 ON 8
[REMARKS]
#FINAL-02-22#