000
CXUS54 KBMX 011010
CF6AUO
PRELIMINARY LOCAL CLIMATOLOGICAL DATA (WS FORM: F-6)
STATION: AUBURN AWOS
MONTH: APRIL
YEAR: 2021
LATITUDE: 32 34 N
LONGITUDE: 85 30 W
TEMPERATURE IN F: :PCPN: SNOW: WIND :SUNSHINE: SKY :PK WND
================================================================================
1 2 3 4 5 6A 6B 7 8 9 10 11 12 13 14 15 16 17 18
12Z AVG MX 2MIN
DY MAX MIN AVG DEP HDD CDD WTR SNW DPTH SPD SPD DIR MIN PSBL S-S WX SPD DR
================================================================================
1 55 38 47 M 18 0 0.00 0.0 0 13.7 20 330 M M 0 30 10
2 59 34 47 M 18 0 0.00 0.0 0 7.8 16 360 M M 0 22 360
3 64 34 49 M 16 0 0.00 0.0 0 3.7 10 80 M M 0 M M
4 72 38 55 M 10 0 0.00 0.0 0 3.0 8 220 M M 0 M M
5 77 46 62 M 3 0 M M M 3.9 9 250 M M 0 M M
6 78 52 65 M 0 0 M 0.0 M 4.3 8 250 M M 0 M M
7 80 53 67 M 0 2 0.00 0.0 M 5.4 10 220 M M 1 16 210
8 81 61 71 M 0 6 M 0.0 0 10.6 18 210 M M 6 24 210
9 68 60 64 M 1 0 0.19 0.0 0 6.5 17 180 M M 7 13 24 160
10 71 58 65 M 0 0 1.13 0.0 0 8.3 14 210 M M 6 13 21 150
11 75 57 66 M 0 1 0.00 0.0 0 6.1 13 220 M M 2 1 20 280
12 83 51 67 M 0 2 0.00 0.0 0 6.7 12 320 M M 0 17 290
13 86 53 70 M 0 5 0.00 0.0 0 3.2 8 210 M M 0 M M
14 78 56 67 M 0 2 T 0.0 0 4.7 12 250 M M 4 M M
15 71 57 64 M 1 0 0.00 0.0 0 5.7 13 320 M M 7 M M
16 64 51 58 M 7 0 T 0.0 0 4.6 9 20 M M 2 M M
17 73 51 62 M 3 0 T 0.0 0 3.0 10 220 M M 4 M M
18 72 52 62 M 3 0 0.00 0.0 0 6.9 10 310 M M 0 16 260
19 72 48 60 M 5 0 M M M 7.4 14 310 M M 0 21 350
20 75 53 64 M 1 0 M 0.0 M 5.9 10 190 M M 0 21 260
21 63 42 53 M 12 0 0.00 0.0 0 10.1 17 340 M M 0 25 320
22 65 36 51 M 14 0 0.00 0.0 0 5.0 12 50 M M 0 M M
23 70 45 58 M 7 0 T M M 5.6 9 150 M M 1 22 140
24 77 54 66 M 0 1 2.08 0.0 M 9.8 16 170 M M 7 13 27 280
25 75 52 64 M 1 0 0.00 0.0 0 9.5 14 360 M M 1 21 320
26 78 48 63 M 2 0 0.00 0.0 0 5.2 9 200 M M 0 8 M M
27 81 60 71 M 0 6 0.00 0.0 0 7.5 14 170 M M 2 21 170
28 82 64 73 M 0 8 M 0.0 0 5.6 14 190 M M 2 16 160
29 77 64 71 M 0 6 0.00 0.0 0 6.4 10 200 M M 1 18 230
30 78 60 69 M 0 4 M 0.0 0 7.9 15 350 M M 1 20 350
================================================================================
SM 2200 1528 122 43 3.40 0.0 194.0 M 54
================================================================================
AV 73.3 50.9 6.5 FASTST M M 2 MAX(MPH)
MISC ----> 20 330 30 10
================================================================================
NOTES:
# LAST OF SEVERAL OCCURRENCES
COLUMN 17 PEAK WIND IN M.P.H.
PRELIMINARY LOCAL CLIMATOLOGICAL DATA (WS FORM: F-6) , PAGE 2
STATION: AUBURN AWOS
MONTH: APRIL
YEAR: 2021
LATITUDE: 32 34 N
LONGITUDE: 85 30 W
[TEMPERATURE DATA] [PRECIPITATION DATA] SYMBOLS USED IN COLUMN 16
AVERAGE MONTHLY: 62.1 TOTAL FOR MONTH: 3.40 1 = FOG OR MIST
DPTR FM NORMAL: 0.0 DPTR FM NORMAL: M 2 = FOG REDUCING VISIBILITY
HIGHEST: 86 ON 13 GRTST 24HR 2.08 ON 24-24 TO 1/4 MILE OR LESS
LOWEST: 34 ON 3, 2 3 = THUNDER
SNOW, ICE PELLETS, HAIL 4 = ICE PELLETS
TOTAL MONTH: 0.0 INCH 5 = HAIL
GRTST 24HR 0.0 6 = FREEZING RAIN OR DRIZZLE
GRTST DEPTH: 0 7 = DUSTSTORM OR SANDSTORM:
VSBY 1/2 MILE OR LESS
8 = SMOKE OR HAZE
[NO. OF DAYS WITH] [WEATHER - DAYS WITH] 9 = BLOWING SNOW
X = TORNADO
MAX 32 OR BELOW: 0 0.01 INCH OR MORE: 3
MAX 90 OR ABOVE: 0 0.10 INCH OR MORE: 3
MIN 32 OR BELOW: 0 0.50 INCH OR MORE: 2
MIN 0 OR BELOW: 0 1.00 INCH OR MORE: 2
[HDD (BASE 65) ]
TOTAL THIS MO. 122 CLEAR (SCALE 0-3) 23
DPTR FM NORMAL M PTCLDY (SCALE 4-7) 7
TOTAL FM JUL 1 1782 CLOUDY (SCALE 8-10) 0
DPTR FM NORMAL M
[CDD (BASE 65) ]
TOTAL THIS MO. 43
DPTR FM NORMAL M [PRESSURE DATA]
TOTAL FM JAN 1 75 HIGHEST SLP M ON M
DPTR FM NORMAL M LOWEST SLP M ON M
[REMARKS]
#FINAL-04-21#