000
CXUS54 KBMX 011110
CF6AUO
PRELIMINARY LOCAL CLIMATOLOGICAL DATA (WS FORM: F-6)
STATION: AUBURN AWOS
MONTH: NOVEMBER
YEAR: 2019
LATITUDE: 32 34 N
LONGITUDE: 85 30 W
TEMPERATURE IN F: :PCPN: SNOW: WIND :SUNSHINE: SKY :PK WND
================================================================================
1 2 3 4 5 6A 6B 7 8 9 10 11 12 13 14 15 16 17 18
12Z AVG MX 2MIN
DY MAX MIN AVG DEP HDD CDD WTR SNW DPTH SPD SPD DIR MIN PSBL S-S WX SPD DR
================================================================================
1 60 33 47 M 18 0 0.00 0.0 0 6.7 14 360 M M 0 M M
2 62 38 50 M 15 0 0.00 0.0 0 7.4 13 340 M M 0 16 320
3 64 36 50 M 15 0 0.00 0.0 0 5.9 12 30 M M 0 M M
4 68 47 58 M 7 0 0.00 0.0 0 7.0 12 80 M M 4 M M
5 72 54 63 M 2 0 0.00 0.0 0 6.2 10 350 M M 7 M M
6 75 51 63 M 2 0 0.00 0.0 0 8.6 13 80 M M 1 M M
7 67 57 62 M 3 0 0.40 0.0 0 6.1 16 10 M M 8 12 30 360
8 58 40 49 M 16 0 0.01 0.0 0 10.7 16 360 M M 2 24 360
9 60 37 49 M 16 0 0.00 0.0 0 6.1 13 80 M M 0 M M
10 65 37 51 M 14 0 0.00 0.0 0 2.2 6 220 M M 0 M M
11 69 43 56 M 9 0 T 0.0 M 3.8 10 200 M M 3 M M
12 62 24 43 M 22 0 0.62 0.0 0 14.4 22 340 M M 5 1 35 310
13 51 22 37 M 28 0 0.00 0.0 0 8.4 15 360 M M 0 22 360
14 46 37 42 M 23 0 0.37 0.0 0 7.7 10 80 M M 10 1 M M
15 46 41 44 M 21 0 1.23 0.0 0 9.9 14 360 M M 10 1 17 340
16 66 39 53 M 12 0 0.00 0.0 0 8.3 14 30 M M 3 20 30
17 66 44 55 M 10 0 0.00 0.0 0 5.1 9 80 M M 5 M M
18 63 40 52 M 13 0 0.00 0.0 0 5.6 9 290 M M 1 17 280
19 64 40 52 M 13 0 0.00 0.0 0 5.6 12 220 M M 1 17 220
20 67 38 53 M 12 0 0.00 0.0 0 5.2 9 30 M M 0 M M
21 66 48 57 M 8 0 0.00 0.0 0 5.3 12 170 M M 0 8 M M
22 72 50 61 M 4 0 T 0.0 0 4.7 8 200 M M 4 M M
23 66 45 56 M 9 0 0.36 0.0 0 9.1 17 280 M M 6 1 30 280
24 56 40 48 M 17 0 0.00 0.0 0 7.1 14 330 M M 5 22 320
25 60 35 48 M 17 0 0.00 0.0 0 2.4 8 240 M M 0 M M
26 68 40 54 M 11 0 T 0.0 0 6.5 12 160 M M 3 M M
27 75 50 63 M 2 0 0.09 0.0 0 9.3 15 190 M M 5 1 20 190
28 68 44 56 M 9 0 0.00 0.0 0 7.5 10 360 M M 0 18 10
29 66 46 56 M 9 0 0.00 0.0 0 3.6 8 360 M M 3 M M
30 76 48 62 M 3 0 0.00 0.0 0 6.5 14 200 M M 3 18 200
================================================================================
SM 1924 1244 360 0 3.08 0.0 202.9 M 89
================================================================================
AV 64.1 41.5 6.8 FASTST M M 3 MAX(MPH)
MISC ----> # 22 340 # 35 310
================================================================================
NOTES:
# LAST OF SEVERAL OCCURRENCES
COLUMN 17 PEAK WIND IN M.P.H.
PRELIMINARY LOCAL CLIMATOLOGICAL DATA (WS FORM: F-6) , PAGE 2
STATION: AUBURN AWOS
MONTH: NOVEMBER
YEAR: 2019
LATITUDE: 32 34 N
LONGITUDE: 85 30 W
[TEMPERATURE DATA] [PRECIPITATION DATA] SYMBOLS USED IN COLUMN 16
AVERAGE MONTHLY: 52.8 TOTAL FOR MONTH: 3.08 1 = FOG OR MIST
DPTR FM NORMAL: M DPTR FM NORMAL: M 2 = FOG REDUCING VISIBILITY
HIGHEST: 76 ON 30 GRTST 24HR 1.23 ON 15-15 TO 1/4 MILE OR LESS
LOWEST: 22 ON 13 3 = THUNDER
SNOW, ICE PELLETS, HAIL 4 = ICE PELLETS
TOTAL MONTH: 0.0 INCH 5 = HAIL
GRTST 24HR 0.0 6 = FREEZING RAIN OR DRIZZLE
GRTST DEPTH: 0 7 = DUSTSTORM OR SANDSTORM:
VSBY 1/2 MILE OR LESS
8 = SMOKE OR HAZE
[NO. OF DAYS WITH] [WEATHER - DAYS WITH] 9 = BLOWING SNOW
X = TORNADO
MAX 32 OR BELOW: 0 0.01 INCH OR MORE: 7
MAX 90 OR ABOVE: 0 0.10 INCH OR MORE: 5
MIN 32 OR BELOW: 2 0.50 INCH OR MORE: 2
MIN 0 OR BELOW: 0 1.00 INCH OR MORE: 1
[HDD (BASE 65) ]
TOTAL THIS MO. 360 CLEAR (SCALE 0-3) 19
DPTR FM NORMAL M PTCLDY (SCALE 4-7) 8
TOTAL FM JUL 1 411 CLOUDY (SCALE 8-10) 3
DPTR FM NORMAL M
[CDD (BASE 65) ]
TOTAL THIS MO. 0
DPTR FM NORMAL M [PRESSURE DATA]
TOTAL FM JAN 1 1798 HIGHEST SLP M ON M
DPTR FM NORMAL M LOWEST SLP M ON M
[REMARKS]
#FINAL-11-19#