173
CXUS51 KALY 020033
CLSDDH
CLIMATE REPORT
NATIONAL WEATHER SERVICE ALBANY NY
833 PM EDT TUE SEP 01 2020
...................................
...THE BENNINGTON VT CLIMATE SUMMARY FOR THE SEASON, FROM
6/1/2020 TO 8/31/2020...
CLIMATE NORMAL PERIOD: 1981 TO 2010
CLIMATE RECORD PERIOD: 9999 TO 9999
WEATHER OBSERVED NORMAL DEPART LAST YEAR`S
VALUE DATE(S) VALUE FROM VALUE DATE(S)
NORMAL
................................................................
TEMPERATURE (F)
HIGHEST 92 07/19 90 07/30
07/27
LOWEST 32R 06/01 36 06/04
AVG. MAXIMUM 81.1 77.4 3.7 79.4
AVG. MINIMUM 56.5 54.9 1.6 54.9
MEAN 68.8 66.1 2.7 67.2
DAYS MAX >= 90 6 1.1 4.9 1
DAYS MAX <= 32 0 0.0 0.0 0
DAYS MIN <= 32 1 0.2 0.8 0
DAYS MIN <= 0 0 0.0 0.0 0
PRECIPITATION (INCHES)
TOTALS 11.46 12.47 -1.01 13.42
DAILY AVG. 0.13 0.15
DAYS >= .01 36 40
DAYS >= .10 20 24
DAYS >= .50 9 10
DAYS >= 1.00 4 4
GREATEST
24 HR. TOTAL 1.71
DEGREE DAYS
HEATING TOTAL 115 169 -54 120
SINCE 7/1 30 68 -38 35
COOLING TOTAL 494 274 220 345
SINCE 1/1 534 288 246 351
................................................................
WIND (MPH)
AVERAGE WIND SPEED 3.7
HIGHEST WIND SPEED/DIRECTION 32/170 DATE 08/04
HIGHEST GUST SPEED/DIRECTION 47/180 DATE 08/04
WEATHER CONDITIONS. NUMBER OF DAYS WITH
THUNDERSTORM 12 MIXED PRECIP 0
HEAVY RAIN 14 RAIN 13
LIGHT RAIN 39 FREEZING RAIN 0
LT FREEZING RAIN 0 HAIL 0
HEAVY SNOW 0 SNOW 0
LIGHT SNOW 0 SLEET 0
FOG 60 FOG W/VIS <= 1/4 MILE 19
HAZE 9
- INDICATES NEGATIVE NUMBERS.
R INDICATES RECORD WAS SET OR TIED.
MM INDICATES DATA IS MISSING.
T INDICATES TRACE AMOUNT.
$$