000
CXUS55 KGJT 010910
CF6DRO
PRELIMINARY LOCAL CLIMATOLOGICAL DATA (WS FORM: F-6)
STATION: DURANGO AIRPORT CO
MONTH: APRIL
YEAR: 2023
LATITUDE: 37 9 N
LONGITUDE: 107 45 W
TEMPERATURE IN F: :PCPN: SNOW: WIND :SUNSHINE: SKY :PK WND
================================================================================
1 2 3 4 5 6A 6B 7 8 9 10 11 12 13 14 15 16 17 18
12Z AVG MX 2MIN
DY MAX MIN AVG DEP HDD CDD WTR SNW DPTH SPD SPD DIR MIN PSBL S-S WX SPD DR
================================================================================
1 56 19 38 -4 27 0 0.00 M M 4.3 15 230 M M 0 20 290
2 60 22 41 -1 24 0 0.00 M M 8.9 28 280 M M 0 37 280
3 63 28 46 4 19 0 0.00 M M 15.2 38 220 M M 3 57 210
4 40 22 31 -11 34 0 0.02 M M 15.2 28 270 M M 8 128 38 230
5 38 13 26 -16 39 0 T M M 4.4 22 270 M M 3 27 320
6 52 12 32 -11 33 0 0.00 M M 3.0 13 20 M M 0 15 10
7 63 24 44 1 21 0 0.00 M M 4.8 18 200 M M 4 26 230
8 61 28 45 2 20 0 0.00 M M 5.8 22 250 M M 2 31 220
9 66 24 45 2 20 0 0.00 M M 4.0 14 350 M M 0 21 350
10 72 31 52 9 13 0 0.00 M M 4.6 13 350 M M 0 16 220
11 77 29 53 9 12 0 0.00 M M 3.8 16 270 M M 0 24 210
12 75 34 55 11 10 0 T M M 7.3 24 290 M M 4 38 220
13 63 44 54 10 11 0 T M M 10.2 26 250 M M 6 35 260
14 52 26 39 -5 26 0 0.01 M M 8.8 43 270 M M 5 3 60 280
15 58 25 42 -2 23 0 0.00 M M 8.5 28 350 M M 0 37 360
16 65 17 41 -4 24 0 0.00 M M 5.6 21 250 M M 0 30 250
17 69 24 47 2 18 0 0.00 M M 7.0 21 250 M M 0 30 260
18 68 26 47 2 18 0 0.00 M M 12.4 33 260 M M 2 47 270
19 59 26 43 -2 22 0 0.00 M M 14.5 37 270 M M 4 55 300
20 50 17 34 -12 31 0 0.00 M M 12.2 35 270 M M 1 50 280
21 57 18 38 -8 27 0 0.00 M M 10.0 30 260 M M 1 40 250
22 60 30 45 -1 20 0 0.00 M M 11.1 30 270 M M 0 42 280
23 61 23 42 -4 23 0 0.00 M M 6.6 20 190 M M 0 30 190
24 62 35 49 2 16 0 T M M 8.4 28 300 M M 6 40 300
25 62 33 48 1 17 0 T M M 12.0 40 310 M M 4 52 310
26 64 25 45 -2 20 0 T M M 5.5 18 270 M M 1 28 280
27 69 25 47 0 18 0 0.00 M M 10.3 30 270 M M 0 42 260
28 68 36 52 4 13 0 0.00 M M 7.8 21 350 M M 0 32 350
29 76 28 52 4 13 0 0.00 M M 7.4 24 290 M M 0 8 36 230
30 77 29 53 5 12 0 0.00 M M 6.5 28 270 M M 0 43 290
================================================================================
SM 1863 773 624 0 0.03 M 246.1 M 54
================================================================================
AV 62.1 25.8 8.2 FASTST M M 2 MAX(MPH)
MISC ----> 43 270 60 280
================================================================================
NOTES:
# LAST OF SEVERAL OCCURRENCES
COLUMN 17 PEAK WIND IN M.P.H.
PRELIMINARY LOCAL CLIMATOLOGICAL DATA (WS FORM: F-6) , PAGE 2
STATION: DURANGO AIRPORT CO
MONTH: APRIL
YEAR: 2023
LATITUDE: 37 9 N
LONGITUDE: 107 45 W
[TEMPERATURE DATA] [PRECIPITATION DATA] SYMBOLS USED IN COLUMN 16
AVERAGE MONTHLY: 43.9 TOTAL FOR MONTH: 0.03 1 = FOG OR MIST
DPTR FM NORMAL: -0.8 DPTR FM NORMAL: -1.03 2 = FOG REDUCING VISIBILITY
HIGHEST: 77 ON 30,11 GRTST 24HR 0.02 ON 4- 4 TO 1/4 MILE OR LESS
LOWEST: 12 ON 6 3 = THUNDER
SNOW, ICE PELLETS, HAIL 4 = ICE PELLETS
TOTAL MONTH: M 5 = HAIL
GRTST 24HR M ON M 6 = FREEZING RAIN OR DRIZZLE
GRTST DEPTH: M ON M 7 = DUSTSTORM OR SANDSTORM:
VSBY 1/2 MILE OR LESS
8 = SMOKE OR HAZE
[NO. OF DAYS WITH] [WEATHER - DAYS WITH] 9 = BLOWING SNOW
X = TORNADO
MAX 32 OR BELOW: 0 0.01 INCH OR MORE: 2
MAX 90 OR ABOVE: 0 0.10 INCH OR MORE: 0
MIN 32 OR BELOW: 25 0.50 INCH OR MORE: 0
MIN 0 OR BELOW: 0 1.00 INCH OR MORE: 0
[HDD (BASE 65) ]
TOTAL THIS MO. 624 CLEAR (SCALE 0-3) 20
DPTR FM NORMAL 15 PTCLDY (SCALE 4-7) 10
TOTAL FM JUL 1 6870 CLOUDY (SCALE 8-10) 0
DPTR FM NORMAL 324
[CDD (BASE 65) ]
TOTAL THIS MO. 0
DPTR FM NORMAL 0 [PRESSURE DATA]
TOTAL FM JAN 1 0 HIGHEST SLP M ON M
DPTR FM NORMAL 0 LOWEST SLP 29.34 ON 3
[REMARKS]
#FINAL-04-23#