000
CXUS54 KMAF 011210
CF6E38
PRELIMINARY LOCAL CLIMATOLOGICAL DATA (WS FORM: F-6)
STATION: ALPINE-CASPARIS MUNICIPAL
MONTH: FEBRUARY
YEAR: 2023
LATITUDE: 30 23 N
LONGITUDE: 103 41 W
TEMPERATURE IN F: :PCPN: SNOW: WIND :SUNSHINE: SKY :PK WND
================================================================================
1 2 3 4 5 6A 6B 7 8 9 10 11 12 13 14 15 16 17 18
12Z AVG MX 2MIN
DY MAX MIN AVG DEP HDD CDD WTR SNW DPTH SPD SPD DIR MIN PSBL S-S WX SPD DR
================================================================================
1 38 23 31 M 34 0 0.51 M M 2.1 8 90 M M 10 M M
2 53 31 42 M 23 0 0.16 M M 4.8 12 60 M M 5 16 40
3 58 25 42 M 23 0 M M M 4.9 12 160 M M 0 M M
4 68 30 49 M 16 0 M M M 9.5 22 240 M M 0 25 240
5 74 37 56 M 9 0 M M M 9.8 13 210 M M 0 21 230
6 77 50 64 M 1 0 M M M 9.2 17 240 M M 0 26 230
7 57 37 47 M 18 0 M M M 10.6 20 10 M M 2 23 10
8 56 25 41 M 24 0 M M M 8.4 24 250 M M 1 28 250
9 63 33 48 M 17 0 M M M 12.7 28 10 M M 1 37 10
10 44 22 33 M 32 0 M M M 9.4 22 10 M M 4 28 360
11 60 24 42 M 23 0 M M M 5.6 10 210 M M 0 M M
12 69 38 54 M 11 0 M M M 7.6 17 260 M M 0 18 220
13 70 44 57 M 8 0 M M M 8.3 20 170 M M 1 24 170
14 61 38 50 M 15 0 M M M 24.8 38 250 M M 0 51 240
15 73 35 54 M 11 0 M M M 22.9 38 220 M M 0 51 220
16 42 26 34 M 31 0 M M M 5.9 15 50 M M 0 18 70
17 50 15 33 M 32 0 M M M 4.3 10 120 M M 0 M M
18 61 35 48 M 17 0 M M M 8.5 17 240 M M 4 24 240
19 70 42 56 M 9 0 M M M 5.4 12 220 M M 1 M M
20 77 40 59 M 6 0 M M M 9.5 20 220 M M 1 26 240
21 77 49 63 M 2 0 M M M 14.9 32 210 M M 4 39 210
22 72 44 58 M 7 0 M M M 18.3 36 230 M M 1 41 230
23 75 44 60 M 5 0 M M M 10.1 22 240 M M 0 29 240
24 66 41 54 M 11 0 M M M 4.2 10 50 M M 0 M M
25 66 40 53 M 12 0 M M M 2.7 10 280 M M 1 M M
26 84 45 65 M 0 0 M M M 19.9 38 240 M M 0 47 240
27 72 40 56 M 9 0 M M M 11.1 21 260 M M 0 33 270
28 77 41 59 M 6 0 M M M 9.8 24 230 M M 0 30 230
================================================================================
SM 1810 994 412 0 0.67 M 275.4 M 36
================================================================================
AV 64.6 35.5 9.8 FASTST M M 1 MAX(MPH)
MISC ----> # 38 250 # 51 240
================================================================================
NOTES:
# LAST OF SEVERAL OCCURRENCES
COLUMN 17 PEAK WIND IN M.P.H.
PRELIMINARY LOCAL CLIMATOLOGICAL DATA (WS FORM: F-6) , PAGE 2
STATION: ALPINE-CASPARIS MUNICIPAL
MONTH: FEBRUARY
YEAR: 2023
LATITUDE: 30 23 N
LONGITUDE: 103 41 W
[TEMPERATURE DATA] [PRECIPITATION DATA] SYMBOLS USED IN COLUMN 16
AVERAGE MONTHLY: 50.1 TOTAL FOR MONTH: 0.67 1 = FOG OR MIST
DPTR FM NORMAL: 0.0 DPTR FM NORMAL: 0.67 2 = FOG REDUCING VISIBILITY
HIGHEST: 84 ON 26 GRTST 24HR 0.51 ON 1- 1 TO 1/4 MILE OR LESS
LOWEST: 15 ON 17 3 = THUNDER
SNOW, ICE PELLETS, HAIL 4 = ICE PELLETS
TOTAL MONTH: M 5 = HAIL
GRTST 24HR M ON M 6 = FREEZING RAIN OR DRIZZLE
GRTST DEPTH: M ON M 7 = DUSTSTORM OR SANDSTORM:
VSBY 1/2 MILE OR LESS
8 = SMOKE OR HAZE
[NO. OF DAYS WITH] [WEATHER - DAYS WITH] 9 = BLOWING SNOW
X = TORNADO
MAX 32 OR BELOW: 0 0.01 INCH OR MORE: 2
MAX 90 OR ABOVE: 0 0.10 INCH OR MORE: 2
MIN 32 OR BELOW: 9 0.50 INCH OR MORE: 1
MIN 0 OR BELOW: 0 1.00 INCH OR MORE: 0
[HDD (BASE 65) ]
TOTAL THIS MO. 412 CLEAR (SCALE 0-3) 23
DPTR FM NORMAL M PTCLDY (SCALE 4-7) 4
TOTAL FM JUL 1 2002 CLOUDY (SCALE 8-10) 1
DPTR FM NORMAL M
[CDD (BASE 65) ]
TOTAL THIS MO. 0
DPTR FM NORMAL M [PRESSURE DATA]
TOTAL FM JAN 1 0 HIGHEST SLP M ON M
DPTR FM NORMAL M LOWEST SLP M ON M
[REMARKS]
#FINAL-02-23#