000
CXUS54 KEWX 011110
CF6ECU
PRELIMINARY LOCAL CLIMATOLOGICAL DATA (WS FORM: F-6)
STATION: EDWARDS COUNTY AIRPORT
MONTH: NOVEMBER
YEAR: 2022
LATITUDE: 29 57 N
LONGITUDE: 100 10 W
TEMPERATURE IN F: :PCPN: SNOW: WIND :SUNSHINE: SKY :PK WND
================================================================================
1 2 3 4 5 6A 6B 7 8 9 10 11 12 13 14 15 16 17 18
12Z AVG MX 2MIN
DY MAX MIN AVG DEP HDD CDD WTR SNW DPTH SPD SPD DIR MIN PSBL S-S WX SPD DR
================================================================================
1 73 55 64 M 1 0 0.30 M M 6.6 16 150 M M 5 24 150
2 72 57 65 M 0 0 0.00 M M 10.4 16 150 M M 8 1 22 170
3 73 63 68 M 0 3 0.00 M M 16.7 24 160 M M 10 36 160
4 77 55 66 M 0 1 0.00 M M 15.9 23 150 M M 6 1 30 160
5 73 50 62 M 3 0 0.00 M M 9.3 15 170 M M 0 20 270
6 81 50 66 M 0 1 0.00 M M 8.6 14 160 M M 0 20 160
7 82 63 73 M 0 8 0.00 M M 9.6 16 170 M M 8 1 23 170
8 79 66 73 M 0 8 0.00 M M 11.6 17 140 M M 6 23 130
9 73 66 70 M 0 5 0.00 M M 14.6 21 150 M M 10 31 150
10 75 64 70 M 0 5 0.00 M M 11.6 18 170 M M 9 25 150
11 66 39 53 M 12 0 0.08 M M 13.5 20 10 M M 6 1 29 10
12 54 32 43 M 22 0 0.00 M M 8.5 15 10 M M 2 23 10
13 55 36 46 M 19 0 0.00 M M 9.3 14 130 M M 4 22 140
14 68 43 56 M 9 0 0.00 M M 14.0 22 300 M M 5 12 32 310
15 50 30 40 M 25 0 0.00 M M 8.8 14 30 M M 2 24 30
16 54 37 46 M 19 0 0.00 M M 7.8 13 70 M M 2 16 50
17 55 37 46 M 19 0 0.00 M M 6.0 12 140 M M 7 21 170
18 50 37 44 M 21 0 0.00 M M 7.9 15 140 M M 9 18 140
19 45 34 40 M 25 0 0.00 M M 8.8 12 360 M M 10 1 17 30
20 41 36 39 M 26 0 0.01 M M 3.9 9 30 M M 10 1 16 20
21 50 39 45 M 20 0 0.00 M M 1.5 6 260 M M 9 1 M M
22 52 41 47 M 18 0 0.00 M M 3.4 7 150 M M 10 12 M M
23 55 48 52 M 13 0 0.00 M M 7.7 10 160 M M 10 12 15 160
24 64 54 59 M 6 0 0.11 M M 8.2 15 30 M M 9 12 23 30
25 54 45 50 M 15 0 1.32 M M 11.1 16 360 M M 10 1 23 20
26 57 36 47 M 18 0 0.15 M M 13.3 26 290 M M 3 35 290
27 70 46 58 M 7 0 0.00 M M 9.7 21 290 M M 0 28 290
28 72 45 59 M 6 0 0.00 M M 10.8 17 170 M M 1 24 160
29 79 61 70 M 0 5 0.00 0.0 M 10.8 20 160 M M 4 27 160
30 63 34 49 M 16 0 0.00 0.0 M 12.0 21 30 M M 3 31 30
================================================================================
SM 1912 1399 320 36 1.97 0.0 291.9 M 178
================================================================================
AV 63.7 46.6 9.7 FASTST M M 6 MAX(MPH)
MISC ----> 26 290 36 160
================================================================================
NOTES:
# LAST OF SEVERAL OCCURRENCES
COLUMN 17 PEAK WIND IN M.P.H.
PRELIMINARY LOCAL CLIMATOLOGICAL DATA (WS FORM: F-6) , PAGE 2
STATION: EDWARDS COUNTY AIRPORT
MONTH: NOVEMBER
YEAR: 2022
LATITUDE: 29 57 N
LONGITUDE: 100 10 W
[TEMPERATURE DATA] [PRECIPITATION DATA] SYMBOLS USED IN COLUMN 16
AVERAGE MONTHLY: 55.2 TOTAL FOR MONTH: 1.97 1 = FOG OR MIST
DPTR FM NORMAL: 0.0 DPTR FM NORMAL: M 2 = FOG REDUCING VISIBILITY
HIGHEST: 82 ON 7 GRTST 24HR 1.32 ON 25-25 TO 1/4 MILE OR LESS
LOWEST: 30 ON 15 3 = THUNDER
SNOW, ICE PELLETS, HAIL 4 = ICE PELLETS
TOTAL MONTH: 0.0 INCH 5 = HAIL
GRTST 24HR 0.0 6 = FREEZING RAIN OR DRIZZLE
GRTST DEPTH: M ON M 7 = DUSTSTORM OR SANDSTORM:
VSBY 1/2 MILE OR LESS
8 = SMOKE OR HAZE
[NO. OF DAYS WITH] [WEATHER - DAYS WITH] 9 = BLOWING SNOW
X = TORNADO
MAX 32 OR BELOW: 0 0.01 INCH OR MORE: 6
MAX 90 OR ABOVE: 0 0.10 INCH OR MORE: 4
MIN 32 OR BELOW: 2 0.50 INCH OR MORE: 1
MIN 0 OR BELOW: 0 1.00 INCH OR MORE: 1
[HDD (BASE 65) ]
TOTAL THIS MO. 320 CLEAR (SCALE 0-3) 7
DPTR FM NORMAL M PTCLDY (SCALE 4-7) 12
TOTAL FM JUL 1 371 CLOUDY (SCALE 8-10) 11
DPTR FM NORMAL M
[CDD (BASE 65) ]
TOTAL THIS MO. 36
DPTR FM NORMAL M [PRESSURE DATA]
TOTAL FM JAN 1 2584 HIGHEST SLP M ON M
DPTR FM NORMAL M LOWEST SLP M ON M
[REMARKS]
#FINAL-11-22#