000
CXUS56 KSLC 010810
CF6EVW
PRELIMINARY LOCAL CLIMATOLOGICAL DATA (WS FORM: F-6)
STATION: EVANSTON WY
MONTH: JULY
YEAR: 2023
LATITUDE: 41 16 N
LONGITUDE: 111 2 W
TEMPERATURE IN F: :PCPN: SNOW: WIND :SUNSHINE: SKY :PK WND
================================================================================
1 2 3 4 5 6A 6B 7 8 9 10 11 12 13 14 15 16 17 18
12Z AVG MX 2MIN
DY MAX MIN AVG DEP HDD CDD WTR SNW DPTH SPD SPD DIR MIN PSBL S-S WX SPD DR
================================================================================
1 78 50 64 0 1 0 0.04 M M 8.3 18 280 M M 1 3 27 330
2 80 51 66 2 0 1 0.01 M M 10.5 21 280 M M 0 3 31 310
3 83 54 69 5 0 4 0.17 M M 9.0 49 250 M M 2 3 72 240
4 71 53 62 -3 3 0 0.03 M M 11.5 33 270 M M 6 3 47 270
5 75 47 61 -4 4 0 0.00 M M 9.9 22 260 M M 0 29 260
6 77 50 64 -2 1 0 0.00 M M 9.3 25 250 M M 4 33 280
7 76 53 65 -1 0 0 0.00 M M 10.8 26 360 M M 2 3 36 10
8 79 51 65 -1 0 0 0.00 M M 9.0 20 70 M M 0 27 70
9 84 53 69 3 0 4 0.00 M M 7.4 21 250 M M 0 30 220
10 81 61 71 4 0 6 0.00 M M 12.6 38 220 M M 0 54 230
11 84 54 69 2 0 4 0.00 M M 11.7 25 240 M M 0 33 250
12 84 52 68 1 0 3 0.00 M M 7.4 26 260 M M 0 34 270
13 83 55 69 1 0 4 0.00 M M 11.0 25 250 M M 0 32 230
14 79 52 66 -2 0 1 0.00 M M 11.1 24 250 M M 0 33 260
15 81 50 66 -2 0 1 0.00 M M 10.9 22 260 M M 1 36 240
16 89 55 72 4 0 7 0.00 M M 9.0 21 240 M M 0 34 270
17 91 61 76 8 0 11 0.00 M M 12.2 29 240 M M 0 43 230
18 86 61 74 6 0 9 0.00 M M 11.1 24 260 M M 2 32 240
19 85 56 71 2 0 6 0.14 M M 9.4 35 220 M M 3 13 47 230
20 81 54 68 -1 0 3 0.00 M M 5.7 17 260 M M 2 22 260
21 87 53 70 1 0 5 0.00 M M 8.0 20 360 M M 1 3 27 340
22 91 56 74 5 0 9 0.00 M M 8.0 21 270 M M 0 29 250
23 91 60 76 7 0 11 0.00 M M 10.3 36 210 M M 1 49 210
24 88 63 76 7 0 11 0.04 M M 9.2 26 210 M M 2 3 37 210
25 85 57 71 2 0 6 0.00 0.0 M 9.9 25 270 M M 0 33 250
26 87 62 75 6 0 10 0.00 M M 10.4 28 210 M M 0 3 37 220
27 88 62 75 6 0 10 T M M 11.8 31 230 M M 2 44 240
28 90 55 73 4 0 8 0.00 M M 9.3 26 250 M M 0 34 250
29 91 59 75 6 0 10 0.00 M M 6.5 21 260 M M 0 30 200
30 90 59 75 6 0 10 T M M 9.7 26 250 M M 1 3 37 240
31 80 61 71 2 0 6 0.06 M M 6.5 18 130 M M 7 3 30 160
================================================================================
SM 2595 1720 9 160 0.49 0.0 297.4 M 37
================================================================================
AV 83.7 55.5 9.6 FASTST M M 1 MAX(MPH)
MISC ----> 49 250 72 240
================================================================================
NOTES:
# LAST OF SEVERAL OCCURRENCES
COLUMN 17 PEAK WIND IN M.P.H.
PRELIMINARY LOCAL CLIMATOLOGICAL DATA (WS FORM: F-6) , PAGE 2
STATION: EVANSTON WY
MONTH: JULY
YEAR: 2023
LATITUDE: 41 16 N
LONGITUDE: 111 2 W
[TEMPERATURE DATA] [PRECIPITATION DATA] SYMBOLS USED IN COLUMN 16
AVERAGE MONTHLY: 69.6 TOTAL FOR MONTH: 0.49 1 = FOG OR MIST
DPTR FM NORMAL: 2.1 DPTR FM NORMAL: -0.06 2 = FOG REDUCING VISIBILITY
HIGHEST: 91 ON 29,23 GRTST 24HR 0.20 ON 3- 4 TO 1/4 MILE OR LESS
LOWEST: 47 ON 5 3 = THUNDER
SNOW, ICE PELLETS, HAIL 4 = ICE PELLETS
TOTAL MONTH: 0.0 INCH 5 = HAIL
GRTST 24HR 0.0 6 = FREEZING RAIN OR DRIZZLE
GRTST DEPTH: M ON M 7 = DUSTSTORM OR SANDSTORM:
VSBY 1/2 MILE OR LESS
8 = SMOKE OR HAZE
[NO. OF DAYS WITH] [WEATHER - DAYS WITH] 9 = BLOWING SNOW
X = TORNADO
MAX 32 OR BELOW: 0 0.01 INCH OR MORE: 7
MAX 90 OR ABOVE: 6 0.10 INCH OR MORE: 2
MIN 32 OR BELOW: 0 0.50 INCH OR MORE: 0
MIN 0 OR BELOW: 0 1.00 INCH OR MORE: 0
[HDD (BASE 65) ]
TOTAL THIS MO. 9 CLEAR (SCALE 0-3) 28
DPTR FM NORMAL -21 PTCLDY (SCALE 4-7) 3
TOTAL FM JUL 1 9 CLOUDY (SCALE 8-10) 0
DPTR FM NORMAL -16
[CDD (BASE 65) ]
TOTAL THIS MO. 160
DPTR FM NORMAL 54 [PRESSURE DATA]
TOTAL FM JAN 1 160 HIGHEST SLP M ON M
DPTR FM NORMAL 36 LOWEST SLP 29.80 ON 3
[REMARKS]
#FINAL-07-23#