000
CXUS54 KFWD 010730
CF6GKY
PRELIMINARY LOCAL CLIMATOLOGICAL DATA (WS FORM: F-6)
STATION: ARLINGTON
MONTH: AUGUST
YEAR: 2023
LATITUDE: 32 39 N
LONGITUDE: 97 6 W
TEMPERATURE IN F: :PCPN: SNOW: WIND :SUNSHINE: SKY :PK WND
================================================================================
1 2 3 4 5 6A 6B 7 8 9 10 11 12 13 14 15 16 17 18
12Z AVG MX 2MIN
DY MAX MIN AVG DEP HDD CDD WTR SNW DPTH SPD SPD DIR MIN PSBL S-S WX SPD DR
================================================================================
1 107 78 93 6 0 28 0.00 M M 5.5 16 110 M M 0 20 110
2 107 81 94 7 0 29 0.00 M M 7.8 21 150 M M 0 31 140
3 105 83 94 7 0 29 T M M 9.9 17 140 M M 0 25 160
4 105 83 94 7 0 29 0.00 M M 8.9 17 130 M M 0 25 130
5 106 84 95 8 0 30 0.00 M M 9.0 16 120 M M 0 23 160
6 105 83 94 7 0 29 0.00 M M 7.8 17 130 M M 0 25 140
7 105 84 95 8 0 30 M M M 7.9 16 140 M M 0 30 170
8 104 85 95 9 0 30 0.00 M M 11.9 20 150 M M 0 34 180
9 108 83 96 10 0 31 0.00 M M 13.3 23 350 M M 0 34 170
10 107 84 96 10 0 31 0.00 M M 10.3 17 180 M M 0 31 180
11 107 84 96 10 0 31 0.00 0.0 M 11.6 18 140 M M 0 29 120
12 107 82 95 9 0 30 0.00 M M 11.4 20 150 M M 0 29 160
13 106 82 94 8 0 29 0.00 M M 10.9 20 120 M M 0 27 130
14 101 82 92 6 0 27 0.00 M M 11.3 22 10 M M 0 27 10
15 96 74 85 -1 0 20 0.00 M M 8.6 18 320 M M 1 26 330
16 97 66 82 -4 0 17 0.00 M M 4.1 12 40 M M 0 17 50
17 109 70 90 4 0 25 0.00 M M 6.5 16 120 M M 0 20 110
18 110 81 96 10 0 31 0.00 M M 6.7 15 160 M M 0 21 150
19 107 80 94 9 0 29 0.00 M M 5.7 15 130 M M 0 23 170
20 109 78 94 9 0 29 0.00 M M 6.0 20 40 M M 0 28 40
21 106 85 96 11 0 31 0.00 M M 8.1 17 30 M M 0 23 40
22 103 80 92 7 0 27 0.00 M M 6.9 18 110 M M 0 23 90
23 103 77 90 5 0 25 0.00 M M 5.1 15 120 M M 0 22 110
24 107 80 94 10 0 29 0.00 M M 3.9 14 60 M M 1 21 10
25 109 81 95 11 0 30 0.00 M M 4.7 13 60 M M 1 17 70
26 109 83 96 12 0 31 0.00 M M 4.2 12 90 M M 1 22 90
27 101 76 89 5 0 24 0.19 M M 8.2 40 310 M M 1 38 55 310
28 95 76 86 2 0 21 0.00 M M 9.7 20 330 M M 1 30 340
29 98 71 85 2 0 20 0.00 M M 5.3 16 10 M M 1 22 20
30 98 73 86 3 0 21 0.00 M M 6.4 18 340 M M 0 32 30
31 99 69 84 1 0 19 0.00 M M 4.1 13 30 M M 0 22 130
================================================================================
SM 3236 2458 0 842 0.19 0.0 241.7 M 7
================================================================================
AV104.4 79.3 7.8 FASTST M M 0 MAX(MPH)
MISC ----> 40 310 55 310
================================================================================
NOTES:
# LAST OF SEVERAL OCCURRENCES
COLUMN 17 PEAK WIND IN M.P.H.
PRELIMINARY LOCAL CLIMATOLOGICAL DATA (WS FORM: F-6) , PAGE 2
STATION: ARLINGTON
MONTH: AUGUST
YEAR: 2023
LATITUDE: 32 39 N
LONGITUDE: 97 6 W
[TEMPERATURE DATA] [PRECIPITATION DATA] SYMBOLS USED IN COLUMN 16
AVERAGE MONTHLY: 91.8 TOTAL FOR MONTH: 0.19 1 = FOG OR MIST
DPTR FM NORMAL: 6.3 DPTR FM NORMAL: -1.49 2 = FOG REDUCING VISIBILITY
HIGHEST: 110 ON 18 GRTST 24HR 0.19 ON 27-27 TO 1/4 MILE OR LESS
LOWEST: 66 ON 16 3 = THUNDER
SNOW, ICE PELLETS, HAIL 4 = ICE PELLETS
TOTAL MONTH: 0.0 INCH 5 = HAIL
GRTST 24HR 0.0 6 = FREEZING RAIN OR DRIZZLE
GRTST DEPTH: M ON M 7 = DUSTSTORM OR SANDSTORM:
VSBY 1/2 MILE OR LESS
8 = SMOKE OR HAZE
[NO. OF DAYS WITH] [WEATHER - DAYS WITH] 9 = BLOWING SNOW
X = TORNADO
MAX 32 OR BELOW: 0 0.01 INCH OR MORE: 1
MAX 90 OR ABOVE: 31 0.10 INCH OR MORE: 1
MIN 32 OR BELOW: 0 0.50 INCH OR MORE: 0
MIN 0 OR BELOW: 0 1.00 INCH OR MORE: 0
[HDD (BASE 65) ]
TOTAL THIS MO. 0 CLEAR (SCALE 0-3) 31
DPTR FM NORMAL 0 PTCLDY (SCALE 4-7) 0
TOTAL FM JUL 1 0 CLOUDY (SCALE 8-10) 0
DPTR FM NORMAL 0
[CDD (BASE 65) ]
TOTAL THIS MO. 842
DPTR FM NORMAL 208 [PRESSURE DATA]
TOTAL FM JAN 1 2615 HIGHEST SLP M ON M
DPTR FM NORMAL 390 LOWEST SLP 29.61 ON 9
[REMARKS]
#FINAL-08-23#