000
CXUS54 KEWX 051854
CF6GYB
PRELIMINARY LOCAL CLIMATOLOGICAL DATA (WS FORM: F-6)
STATION: GIDDINGS-LEE COUNTY AIRPORT
MONTH: JUNE
YEAR: 2022
LATITUDE: 30 10 N
LONGITUDE: 96 59 W
TEMPERATURE IN F: :PCPN: SNOW: WIND :SUNSHINE: SKY :PK WND
================================================================================
1 2 3 4 5 6A 6B 7 8 9 10 11 12 13 14 15 16 17 18
12Z AVG MX 2MIN
DY MAX MIN AVG DEP HDD CDD WTR SNW DPTH SPD SPD DIR MIN PSBL S-S WX SPD DR
================================================================================
1 89 76 83 M 0 18 0.27 M M 5.5 13 190 M M 4 21 190
2 88 71 80 M 0 15 0.23 M M 3.6 9 40 M M 2 18 300
3 88 69 79 M 0 14 0.00 M M 4.1 10 10 M M 2 16 10
4 92 70 81 M 0 16 0.02 M M 2.5 9 130 M M 3 17 130
5 92 69 81 M 0 16 0.00 M M 6.2 13 170 M M 2 18 170
6 95 74 85 M 0 20 0.00 M M 9.7 16 200 M M 2 24 200
7 95 75 85 M 0 20 0.00 M M 8.0 13 200 M M 3 20 200
8 96 74 85 M 0 20 0.00 M M 6.2 15 200 M M 2 1 23 200
9 96 73 85 M 0 20 0.00 M M 3.9 8 190 M M 2 1 M M
10 99 76 88 M 0 23 0.00 M M 6.3 14 210 M M 2 18 210
11 99 76 88 M 0 23 0.00 M M 7.0 13 230 M M 0 18 180
12 101 77 89 M 0 24 0.00 M M 8.7 13 150 M M 3 8 21 210
13 98 77 88 M 0 23 0.00 M M 10.1 16 200 M M 3 18 23 190
14 96 78 87 M 0 22 0.00 M M 10.2 16 180 M M 3 18 25 190
15 96 77 87 M 0 22 0.00 M M 8.2 14 170 M M 3 22 170
16 98 74 86 M 0 21 0.00 M M 4.8 8 190 M M 2 18 M M
17 98 72 85 M 0 20 0.00 M M 4.0 9 170 M M 1 18 16 170
18 97 73 85 M 0 20 0.00 M M 3.1 7 120 M M 2 M M
19 99 73 86 M 0 21 0.00 M M 3.6 8 180 M M 1 17 200
20 100 70 85 M 0 20 0.00 M M 3.8 9 100 M M 1 16 180
21 99 74 87 M 0 22 0.03 M M 5.0 15 80 M M 3 23 80
22 98 71 85 M 0 20 0.00 M M 2.7 8 170 M M 2 M M
23 100 73 87 M 0 22 0.00 M M 3.7 9 160 M M 0 M M
24 100 74 87 M 0 22 0.00 M M 5.1 9 210 M M 0 M M
25 100 73 87 M 0 22 0.00 M M 5.6 13 230 M M 1 16 220
26 100 73 87 M 0 22 0.00 M M 3.7 9 110 M M 1 M M
27 98 73 86 M 0 21 0.41 M M 6.1 10 70 M M 2 31 360
28 92 72 82 M 0 17 0.29 M M 4.7 10 40 M M 1 20 60
29 97 70 84 M 0 19 0.00 M M 2.7 8 180 M M 1 17 180
30 95 73 84 M 0 19 0.00 M M 4.1 13 100 M M 2 1 17 110
================================================================================
SM 2891 2200 0 604 1.25 M 163.0 M 56
================================================================================
AV 96.4 73.3 5.4 FASTST M M 2 MAX(MPH)
MISC ----> # 16 200 31 360
================================================================================
NOTES:
# LAST OF SEVERAL OCCURRENCES
COLUMN 17 PEAK WIND IN M.P.H.
PRELIMINARY LOCAL CLIMATOLOGICAL DATA (WS FORM: F-6) , PAGE 2
STATION: GIDDINGS-LEE COUNTY AIRPORT
MONTH: JUNE
YEAR: 2022
LATITUDE: 30 10 N
LONGITUDE: 96 59 W
[TEMPERATURE DATA] [PRECIPITATION DATA] SYMBOLS USED IN COLUMN 16
AVERAGE MONTHLY: 84.9 TOTAL FOR MONTH: 1.25 1 = FOG OR MIST
DPTR FM NORMAL: 0.0 DPTR FM NORMAL: M 2 = FOG REDUCING VISIBILITY
HIGHEST: 101 ON 12 GRTST 24HR 0.41 ON 27-27 TO 1/4 MILE OR LESS
LOWEST: 69 ON 5, 3 3 = THUNDER
SNOW, ICE PELLETS, HAIL 4 = ICE PELLETS
TOTAL MONTH: M 5 = HAIL
GRTST 24HR M ON M 6 = FREEZING RAIN OR DRIZZLE
GRTST DEPTH: M ON M 7 = DUSTSTORM OR SANDSTORM:
VSBY 1/2 MILE OR LESS
8 = SMOKE OR HAZE
[NO. OF DAYS WITH] [WEATHER - DAYS WITH] 9 = BLOWING SNOW
X = TORNADO
MAX 32 OR BELOW: 0 0.01 INCH OR MORE: 6
MAX 90 OR ABOVE: 27 0.10 INCH OR MORE: 4
MIN 32 OR BELOW: 0 0.50 INCH OR MORE: 0
MIN 0 OR BELOW: 0 1.00 INCH OR MORE: 0
[HDD (BASE 65) ]
TOTAL THIS MO. 0 CLEAR (SCALE 0-3) 28
DPTR FM NORMAL M PTCLDY (SCALE 4-7) 2
TOTAL FM JUL 1 1547 CLOUDY (SCALE 8-10) 0
DPTR FM NORMAL M
[CDD (BASE 65) ]
TOTAL THIS MO. 604
DPTR FM NORMAL M [PRESSURE DATA]
TOTAL FM JAN 1 1331 HIGHEST SLP M ON M
DPTR FM NORMAL M LOWEST SLP M ON M
[REMARKS]
#FINAL-06-22#