000
CXUS53 KDLH 010820
CF6HIB
PRELIMINARY LOCAL CLIMATOLOGICAL DATA (WS FORM: F-6)
STATION: HIBBING
MONTH: JULY
YEAR: 2022
LATITUDE: 47 22 N
LONGITUDE: 92 50 W
TEMPERATURE IN F: :PCPN: SNOW: WIND :SUNSHINE: SKY :PK WND
================================================================================
1 2 3 4 5 6A 6B 7 8 9 10 11 12 13 14 15 16 17 18
12Z AVG MX 2MIN
DY MAX MIN AVG DEP HDD CDD WTR SNW DPTH SPD SPD DIR MIN PSBL S-S WX SPD DR
================================================================================
1 72 40 56 -6 9 0 0.00 M M 7.1 20 300 M M 3 35 300
2 71 42 57 -5 8 0 0.00 M M 5.8 15 320 M M 0 21 320
3 77 44 61 -2 4 0 T M M 5.3 14 150 M M 5 21 140
4 66 56 61 -2 4 0 0.30 M M 6.1 14 140 M M 10 1 22 170
5 74 57 66 3 0 1 T M M 5.7 16 10 M M 9 12 24 360
6 74 49 62 -1 3 0 0.00 M M 6.1 15 130 M M 3 12 20 140
7 82 47 65 2 0 0 0.00 M M 4.9 14 360 M M 2 19 300
8 77 49 63 0 2 0 0.00 M M 5.6 14 100 M M 4 19 80
9 80 43 62 -1 3 0 0.00 M M 4.1 13 140 M M 1 1 17 130
10 77 57 67 4 0 2 0.28 M M 5.1 21 50 M M 5 1 31 40
11 70 58 64 0 1 0 1.17 M M 6.0 22 310 M M 4 12 34 240
12 79 51 65 1 0 0 0.01 M M 6.2 17 330 M M 3 1 24 270
13 74 46 60 -4 5 0 0.00 M M 2.8 14 130 M M 7 12 20 140
14 74 41 58 -6 7 0 0.00 M M 4.5 15 150 M M 1 1 22 160
15 84 53 69 5 0 4 T M M 2.3 10 310 M M 2 14 30
16 85 56 71 7 0 6 0.01 M M 1.3 12 340 M M 2 1 14 350
17 85 56 71 7 0 6 0.00 M M 2.4 12 290 M M 1 1 17 210
18 88 61 75 11 0 10 0.27 M M 4.5 29 10 M M 1 1 45 360
19 83 61 72 8 0 7 0.03 M M 6.4 16 270 M M 6 1 29 270
20 80 56 68 4 0 3 0.01 M M 12.6 26 320 M M 5 1 36 320
21 78 54 66 2 0 1 0.00 M M 8.4 20 310 M M 1 29 320
22 83 52 68 4 0 3 0.00 M M 6.3 18 280 M M 1 32 270
23 76 52 64 0 1 0 0.19 M M 5.5 24 300 M M 3 1 41 300
24 68 44 56 -8 9 0 0.23 M M 10.7 25 310 M M 3 1 36 310
25 72 44 58 -6 7 0 0.00 M M 5.2 12 280 M M 1 20 240
26 72 46 59 -5 6 0 2.31 M M 3.3 24 320 M M 7 12 33 320
27 73 50 62 -2 3 0 0.09 M M 6.5 28 310 M M 5 12 38 320
28 68 53 61 -3 4 0 0.04 M M 10.1 20 310 M M 6 1 30 260
29 74 49 62 -2 3 0 0.00 M M 4.6 14 320 M M 3 1 19 350
30 82 45 64 0 1 0 0.00 M M 4.1 13 240 M M 1 1 20 210
31 75 62 69 5 0 4 0.61 M M 5.3 32 330 M M 6 1 44 330
================================================================================
SM 2373 1574 80 47 5.55 M 174.8 M 111
================================================================================
AV 76.5 50.8 5.6 FASTST M M 4 MAX(MPH)
MISC ----> 32 330 45 360
================================================================================
NOTES:
# LAST OF SEVERAL OCCURRENCES
COLUMN 17 PEAK WIND IN M.P.H.
PRELIMINARY LOCAL CLIMATOLOGICAL DATA (WS FORM: F-6) , PAGE 2
STATION: HIBBING
MONTH: JULY
YEAR: 2022
LATITUDE: 47 22 N
LONGITUDE: 92 50 W
[TEMPERATURE DATA] [PRECIPITATION DATA] SYMBOLS USED IN COLUMN 16
AVERAGE MONTHLY: 63.7 TOTAL FOR MONTH: 5.55 1 = FOG OR MIST
DPTR FM NORMAL: 0.2 DPTR FM NORMAL: 1.70 2 = FOG REDUCING VISIBILITY
HIGHEST: 88 ON 18 GRTST 24HR 2.31 ON 26-26 TO 1/4 MILE OR LESS
LOWEST: 40 ON 1 3 = THUNDER
SNOW, ICE PELLETS, HAIL 4 = ICE PELLETS
TOTAL MONTH: M 5 = HAIL
GRTST 24HR M ON M 6 = FREEZING RAIN OR DRIZZLE
GRTST DEPTH: M ON M 7 = DUSTSTORM OR SANDSTORM:
VSBY 1/2 MILE OR LESS
8 = SMOKE OR HAZE
[NO. OF DAYS WITH] [WEATHER - DAYS WITH] 9 = BLOWING SNOW
X = TORNADO
MAX 32 OR BELOW: 0 0.01 INCH OR MORE: 14
MAX 90 OR ABOVE: 0 0.10 INCH OR MORE: 8
MIN 32 OR BELOW: 0 0.50 INCH OR MORE: 3
MIN 0 OR BELOW: 0 1.00 INCH OR MORE: 2
[HDD (BASE 65) ]
TOTAL THIS MO. 80 CLEAR (SCALE 0-3) 18
DPTR FM NORMAL -18 PTCLDY (SCALE 4-7) 11
TOTAL FM JUL 1 80 CLOUDY (SCALE 8-10) 2
DPTR FM NORMAL -20
[CDD (BASE 65) ]
TOTAL THIS MO. 47
DPTR FM NORMAL -4 [PRESSURE DATA]
TOTAL FM JAN 1 87 HIGHEST SLP 30.27 ON 9
DPTR FM NORMAL 12 LOWEST SLP 29.40 ON 19
[REMARKS]
#FINAL-07-22#