000
CXUS52 KMFL 051511
CF6HWO
PRELIMINARY LOCAL CLIMATOLOGICAL DATA (WS FORM: F-6)
STATION: NORTH PERRY ARPT
MONTH: NOVEMBER
YEAR: 2022
LATITUDE: 26 0 N
LONGITUDE: 80 14 W
TEMPERATURE IN F: :PCPN: SNOW: WIND :SUNSHINE: SKY :PK WND
================================================================================
1 2 3 4 5 6A 6B 7 8 9 10 11 12 13 14 15 16 17 18
12Z AVG MX 2MIN
DY MAX MIN AVG DEP HDD CDD WTR SNW DPTH SPD SPD DIR MIN PSBL S-S WX SPD DR
================================================================================
1 88 75 82 5 0 17 0.01 0.0 0 6.1 15 100 M M 2 19 100
2 88 75 82 5 0 17 0.00 0.0 M 8.0 16 90 M M 2 21 90
3 87 74 81 4 0 16 0.00 0.0 0 6.2 15 50 M M 3 20 60
4 86 70 78 1 0 13 T 0.0 0 10.0 22 60 M M 2 30 50
5 85 72 79 3 0 14 0.11 0.0 0 7.3 23 90 M M 2 27 90
6 86 73 80 4 0 15 0.32 0.0 0 9.2 29 80 M M 5 33 90
7 85 71 78 2 0 13 0.77 0.0 0 12.5 26 80 M M 5 18 35 60
8 85 69 77 1 0 12 1.12 0.0 0 11.1 25 360 M M 8 18 35 40
9 77 71 74 -2 0 9 1.39 0.0 0 16.1 28 280 M M 10 18 35 260
10 86 71 79 4 0 14 0.00 0.0 0 14.0 25 220 M M 5 32 230
11 87 71 79 4 0 14 0.01 0.0 0 5.7 17 150 M M 3 20 150
12 87 70 79 4 0 14 0.06 0.0 0 3.4 15 160 M M 3 13 20 160
13 86 70 78 3 0 13 0.00 0.0 0 3.1 12 80 M M 1 1 13 80
14 84 71 78 3 0 13 0.00 0.0 0 6.0 14 80 M M 3 19 80
15 85 69 77 2 0 12 0.00 0.0 0 4.3 14 120 M M 1 17 130
16 86 69 78 4 0 13 0.00 0.0 0 2.5 12 90 M M 4 1 13 90
17 80 68 74 0 0 9 0.00 0.0 0 10.5 17 330 M M 8 20 330
18 80 63 72 -2 0 7 0.00 0.0 0 10.1 17 40 M M 8 21 40
19 81 66 74 0 0 9 0.00 0.0 0 9.8 18 40 M M 6 24 60
20 77 69 73 -1 0 8 5.90 0.0 0 11.4 21 50 M M 10 1 27 30
21 78 72 75 1 0 10 0.58 0.0 0 13.7 23 80 M M 9 1 30 60
22 85 73 79 5 0 14 0.17 0.0 0 4.3 12 90 M M 5 13 15 100
23 85 72 79 6 0 14 0.00 M M 3.9 12 360 M M 4 12 13 360
24 85 70 78 5 0 13 0.00 M M 6.4 14 90 M M 2 19 90
25 88 74 81 8 0 16 0.00 0.0 0 4.9 10 260 M M 3 14 270
26 86 72 79 6 0 14 0.00 0.0 0 5.4 14 120 M M 1 17 100
27 88 72 80 7 0 15 0.00 0.0 0 5.1 14 260 M M 2 17 270
28 87 69 78 5 0 13 T 0.0 0 4.3 16 40 M M 2 1 20 30
29 83 68 76 3 0 11 0.00 0.0 0 9.1 18 60 M M 1 23 80
30 85 73 79 6 0 14 0.03 0.0 0 6.1 17 50 M M 3 38 21 50
================================================================================
SM 2536 2122 0 386 10.47 0.0 230.5 M 123
================================================================================
AV 84.5 70.7 7.7 FASTST M M 4 MAX(MPH)
MISC ----> 29 80 # 35 60
================================================================================
NOTES:
# LAST OF SEVERAL OCCURRENCES
COLUMN 17 PEAK WIND IN M.P.H.
PRELIMINARY LOCAL CLIMATOLOGICAL DATA (WS FORM: F-6) , PAGE 2
STATION: NORTH PERRY ARPT
MONTH: NOVEMBER
YEAR: 2022
LATITUDE: 26 0 N
LONGITUDE: 80 14 W
[TEMPERATURE DATA] [PRECIPITATION DATA] SYMBOLS USED IN COLUMN 16
AVERAGE MONTHLY: 77.6 TOTAL FOR MONTH: 10.47 1 = FOG OR MIST
DPTR FM NORMAL: 2.9 DPTR FM NORMAL: 6.91 2 = FOG REDUCING VISIBILITY
HIGHEST: 88 ON 27,25 GRTST 24HR 5.90 ON 20-20 TO 1/4 MILE OR LESS
LOWEST: 63 ON 18 3 = THUNDER
SNOW, ICE PELLETS, HAIL 4 = ICE PELLETS
TOTAL MONTH: 0.0 INCH 5 = HAIL
GRTST 24HR 0.0 6 = FREEZING RAIN OR DRIZZLE
GRTST DEPTH: 0 7 = DUSTSTORM OR SANDSTORM:
VSBY 1/2 MILE OR LESS
8 = SMOKE OR HAZE
[NO. OF DAYS WITH] [WEATHER - DAYS WITH] 9 = BLOWING SNOW
X = TORNADO
MAX 32 OR BELOW: 0 0.01 INCH OR MORE: 12
MAX 90 OR ABOVE: 0 0.10 INCH OR MORE: 8
MIN 32 OR BELOW: 0 0.50 INCH OR MORE: 5
MIN 0 OR BELOW: 0 1.00 INCH OR MORE: 3
[HDD (BASE 65) ]
TOTAL THIS MO. 0 CLEAR (SCALE 0-3) 13
DPTR FM NORMAL -4 PTCLDY (SCALE 4-7) 14
TOTAL FM JUL 1 0 CLOUDY (SCALE 8-10) 3
DPTR FM NORMAL 0
[CDD (BASE 65) ]
TOTAL THIS MO. 386
DPTR FM NORMAL 92 [PRESSURE DATA]
TOTAL FM JAN 1 4584 HIGHEST SLP 30.19 ON 19
DPTR FM NORMAL 155 LOWEST SLP 29.54 ON 10
[REMARKS]
#FINAL-11-22#